{"id":30,"date":"2021-01-21T10:31:08","date_gmt":"2021-01-21T10:31:08","guid":{"rendered":"https:\/\/institucional.us.es\/aaaetsi\/?page_id=30"},"modified":"2026-03-02T10:08:13","modified_gmt":"2026-03-02T09:08:13","slug":"acuerdos-con-empresas","status":"publish","type":"page","link":"https:\/\/institucional.us.es\/aaaetsi\/acuerdos-con-empresas\/","title":{"rendered":"Acuerdos con empresas"},"content":{"rendered":"\n<hr class=\"wp-block-separator has-text-color has-black-color has-css-opacity has-black-background-color has-background is-style-default\"\/>\n\n\n\n<p>Actualmente la Asociaci\u00f3n tiene firmados los siguientes acuerdos:<\/p>\n\n\n\n<div class=\"wp-block-columns is-layout-flex wp-container-core-columns-is-layout-9d6595d7 wp-block-columns-is-layout-flex\">\n<div class=\"wp-block-column is-layout-flow wp-block-column-is-layout-flow\"><div class=\"wp-block-image\">\n<figure class=\"aligncenter size-full\"><a href=\"\/aaaetsi\/wp-content\/uploads\/2025\/04\/ETSI-Cartel-dto.-ACUARIOSEVILLA2025.pdf\" target=\"_blank\" rel=\"noopener\"><img loading=\"lazy\" decoding=\"async\" width=\"350\" height=\"350\" src=\"https:\/\/institucional.us.es\/aaaetsi\/wp-content\/uploads\/2021\/01\/img_asevilla.jpg\" alt=\"acuario de sevilla\" class=\"wp-image-72\" title=\"Acuario de Sevilla\" srcset=\"https:\/\/institucional.us.es\/aaaetsi\/wp-content\/uploads\/2021\/01\/img_asevilla.jpg 350w, https:\/\/institucional.us.es\/aaaetsi\/wp-content\/uploads\/2021\/01\/img_asevilla-300x300.jpg 300w, https:\/\/institucional.us.es\/aaaetsi\/wp-content\/uploads\/2021\/01\/img_asevilla-150x150.jpg 150w\" sizes=\"auto, (max-width: 350px) 100vw, 350px\" \/><\/a><\/figure>\n<\/div><\/div>\n\n\n\n<div class=\"wp-block-column is-layout-flow wp-block-column-is-layout-flow\"><div class=\"wp-block-image\">\n<figure class=\"aligncenter size-full\"><a href=\"\/aaaetsi\/wp-content\/uploads\/2026\/03\/hato_verde.pdf\" target=\"_blank\" rel=\"noopener\"><img loading=\"lazy\" decoding=\"async\" width=\"350\" height=\"350\" src=\"https:\/\/institucional.us.es\/aaaetsi\/wp-content\/uploads\/2021\/01\/img_hverde.jpg\" alt=\"Hato verde\" class=\"wp-image-75\" title=\"Hato verde Club de Golf\" srcset=\"https:\/\/institucional.us.es\/aaaetsi\/wp-content\/uploads\/2021\/01\/img_hverde.jpg 350w, https:\/\/institucional.us.es\/aaaetsi\/wp-content\/uploads\/2021\/01\/img_hverde-300x300.jpg 300w, https:\/\/institucional.us.es\/aaaetsi\/wp-content\/uploads\/2021\/01\/img_hverde-150x150.jpg 150w\" sizes=\"auto, (max-width: 350px) 100vw, 350px\" \/><\/a><\/figure>\n<\/div><\/div>\n\n\n\n<div class=\"wp-block-column is-layout-flow wp-block-column-is-layout-flow\"><div class=\"wp-block-image\">\n<figure class=\"aligncenter size-full\"><a href=\"https:\/\/institucional.us.es\/aaaetsi\/wp-content\/uploads\/2025\/11\/pdf_motilla.pdf\" target=\"_blank\" rel=\"noopener\"><img loading=\"lazy\" decoding=\"async\" width=\"350\" height=\"350\" src=\"https:\/\/institucional.us.es\/aaaetsi\/wp-content\/uploads\/2021\/01\/img_motilla.jpg\" alt=\"La motilla\" class=\"wp-image-77\" title=\"Club de Campo La Motilla\" srcset=\"https:\/\/institucional.us.es\/aaaetsi\/wp-content\/uploads\/2021\/01\/img_motilla.jpg 350w, https:\/\/institucional.us.es\/aaaetsi\/wp-content\/uploads\/2021\/01\/img_motilla-300x300.jpg 300w, https:\/\/institucional.us.es\/aaaetsi\/wp-content\/uploads\/2021\/01\/img_motilla-150x150.jpg 150w\" sizes=\"auto, (max-width: 350px) 100vw, 350px\" \/><\/a><\/figure>\n<\/div><\/div>\n<\/div>\n\n\n\n<div class=\"wp-block-columns is-layout-flex wp-container-core-columns-is-layout-9d6595d7 wp-block-columns-is-layout-flex\">\n<div class=\"wp-block-column is-layout-flow wp-block-column-is-layout-flow\"><div class=\"wp-block-image\">\n<figure class=\"aligncenter size-full\"><a href=\"\/aaaetsi\/wp-content\/uploads\/2022\/03\/pdf_viding.pdf\" target=\"_blank\" rel=\"noopener\"><img loading=\"lazy\" decoding=\"async\" width=\"350\" height=\"350\" src=\"https:\/\/institucional.us.es\/aaaetsi\/wp-content\/uploads\/2022\/03\/viding.png\" alt=\"viding\" class=\"wp-image-1751\" title=\"Viding Fitness Center\" srcset=\"https:\/\/institucional.us.es\/aaaetsi\/wp-content\/uploads\/2022\/03\/viding.png 350w, https:\/\/institucional.us.es\/aaaetsi\/wp-content\/uploads\/2022\/03\/viding-200x200.png 200w, https:\/\/institucional.us.es\/aaaetsi\/wp-content\/uploads\/2022\/03\/viding-150x150.png 150w\" sizes=\"auto, (max-width: 350px) 100vw, 350px\" \/><\/a><\/figure>\n<\/div><\/div>\n\n\n\n<div class=\"wp-block-column is-layout-flow wp-block-column-is-layout-flow\"><div class=\"wp-block-image\">\n<figure class=\"aligncenter size-full\"><a href=\"\/aaaetsi\/wp-content\/uploads\/2021\/01\/pdf_sverde.pdf\" target=\"_blank\" rel=\"noopener\"><img loading=\"lazy\" decoding=\"async\" width=\"350\" height=\"350\" src=\"https:\/\/institucional.us.es\/aaaetsi\/wp-content\/uploads\/2021\/01\/img_sverde.jpg\" alt=\"simon verde\" class=\"wp-image-82\" title=\"Sim\u00f3n Verde Sport\" srcset=\"https:\/\/institucional.us.es\/aaaetsi\/wp-content\/uploads\/2021\/01\/img_sverde.jpg 350w, https:\/\/institucional.us.es\/aaaetsi\/wp-content\/uploads\/2021\/01\/img_sverde-300x300.jpg 300w, https:\/\/institucional.us.es\/aaaetsi\/wp-content\/uploads\/2021\/01\/img_sverde-150x150.jpg 150w\" sizes=\"auto, (max-width: 350px) 100vw, 350px\" \/><\/a><\/figure>\n<\/div><\/div>\n<\/div>\n\n\n\n<div class=\"wp-block-columns is-layout-flex wp-container-core-columns-is-layout-9d6595d7 wp-block-columns-is-layout-flex\">\n<div class=\"wp-block-column is-layout-flow wp-block-column-is-layout-flow\"><div class=\"wp-block-image\">\n<figure class=\"aligncenter size-full\"><a href=\"\/aaaetsi\/wp-content\/uploads\/2021\/01\/pdf_sanitas.pdf\" target=\"_blank\" rel=\"noopener\"><img loading=\"lazy\" decoding=\"async\" width=\"350\" height=\"350\" src=\"https:\/\/institucional.us.es\/aaaetsi\/wp-content\/uploads\/2021\/01\/img_sanitas.jpg\" alt=\"sanitas\" class=\"wp-image-81\" title=\"Sanitas\" srcset=\"https:\/\/institucional.us.es\/aaaetsi\/wp-content\/uploads\/2021\/01\/img_sanitas.jpg 350w, https:\/\/institucional.us.es\/aaaetsi\/wp-content\/uploads\/2021\/01\/img_sanitas-300x300.jpg 300w, https:\/\/institucional.us.es\/aaaetsi\/wp-content\/uploads\/2021\/01\/img_sanitas-150x150.jpg 150w\" sizes=\"auto, (max-width: 350px) 100vw, 350px\" \/><\/a><\/figure>\n<\/div><\/div>\n\n\n\n<div class=\"wp-block-column is-layout-flow wp-block-column-is-layout-flow\"><div class=\"wp-block-image\">\n<figure class=\"aligncenter size-full\"><a href=\"\/aaaetsi\/wp-content\/uploads\/2024\/12\/pdf_plasticosur.pdf\" target=\"_blank\" rel=\"noopener\"><img loading=\"lazy\" decoding=\"async\" width=\"350\" height=\"350\" src=\"https:\/\/institucional.us.es\/aaaetsi\/wp-content\/uploads\/2021\/01\/img_psur.jpg\" alt=\"plasticosur\" class=\"wp-image-80\" title=\"Plasticosur\" srcset=\"https:\/\/institucional.us.es\/aaaetsi\/wp-content\/uploads\/2021\/01\/img_psur.jpg 350w, https:\/\/institucional.us.es\/aaaetsi\/wp-content\/uploads\/2021\/01\/img_psur-300x300.jpg 300w, https:\/\/institucional.us.es\/aaaetsi\/wp-content\/uploads\/2021\/01\/img_psur-150x150.jpg 150w\" sizes=\"auto, (max-width: 350px) 100vw, 350px\" \/><\/a><\/figure>\n<\/div><\/div>\n\n\n\n<div class=\"wp-block-column is-layout-flow wp-block-column-is-layout-flow\"><div class=\"wp-block-image\">\n<figure class=\"aligncenter size-full\"><a href=\"\/aaaetsi\/wp-content\/uploads\/2021\/01\/pdf_hislac.pdf\" target=\"_blank\" rel=\"noopener\"><img loading=\"lazy\" decoding=\"async\" width=\"350\" height=\"350\" src=\"https:\/\/institucional.us.es\/aaaetsi\/wp-content\/uploads\/2021\/01\/img_hislac.jpg\" alt=\"hotel isla canela\" class=\"wp-image-74\" title=\"Hotel y Golf Isla Canela\" srcset=\"https:\/\/institucional.us.es\/aaaetsi\/wp-content\/uploads\/2021\/01\/img_hislac.jpg 350w, https:\/\/institucional.us.es\/aaaetsi\/wp-content\/uploads\/2021\/01\/img_hislac-300x300.jpg 300w, https:\/\/institucional.us.es\/aaaetsi\/wp-content\/uploads\/2021\/01\/img_hislac-150x150.jpg 150w\" sizes=\"auto, (max-width: 350px) 100vw, 350px\" \/><\/a><\/figure>\n<\/div><\/div>\n<\/div>\n\n\n\n<div class=\"wp-block-columns is-layout-flex wp-container-core-columns-is-layout-9d6595d7 wp-block-columns-is-layout-flex\">\n<div class=\"wp-block-column is-layout-flow wp-block-column-is-layout-flow\">\n<figure class=\"wp-block-image size-full\"><a href=\"\/aaaetsi\/wp-content\/uploads\/2023\/05\/pdf_dehesa_don_pedro.pdf\"><img loading=\"lazy\" decoding=\"async\" width=\"350\" height=\"350\" src=\"https:\/\/institucional.us.es\/aaaetsi\/wp-content\/uploads\/2023\/05\/img_dehesa_don_pedro.jpg\" alt=\"\" class=\"wp-image-3002\"\/><\/a><\/figure>\n<\/div>\n\n\n\n<div class=\"wp-block-column is-layout-flow wp-block-column-is-layout-flow\"><div class=\"wp-block-image\">\n<figure class=\"aligncenter size-full\"><a href=\"\/aaaetsi\/wp-content\/uploads\/2021\/01\/pdf_nhhoteles.pdf\" target=\"_blank\" rel=\"noopener\"><img loading=\"lazy\" decoding=\"async\" width=\"350\" height=\"350\" src=\"https:\/\/institucional.us.es\/aaaetsi\/wp-content\/uploads\/2021\/01\/img_nhhotel.jpg\" alt=\"nhoteles\" class=\"wp-image-78\" title=\"NH Hoteles\" srcset=\"https:\/\/institucional.us.es\/aaaetsi\/wp-content\/uploads\/2021\/01\/img_nhhotel.jpg 350w, https:\/\/institucional.us.es\/aaaetsi\/wp-content\/uploads\/2021\/01\/img_nhhotel-300x300.jpg 300w, https:\/\/institucional.us.es\/aaaetsi\/wp-content\/uploads\/2021\/01\/img_nhhotel-150x150.jpg 150w\" sizes=\"auto, (max-width: 350px) 100vw, 350px\" \/><\/a><\/figure>\n<\/div><\/div>\n\n\n\n<div class=\"wp-block-column is-layout-flow wp-block-column-is-layout-flow\"><div class=\"wp-block-image\">\n<figure class=\"aligncenter size-full\"><a href=\"https:\/\/www.caixaenginyers.com\/es\/oferta-servicios-sevilla-castro\" target=\"_blank\" rel=\"noopener\"><img loading=\"lazy\" decoding=\"async\" width=\"350\" height=\"350\" src=\"https:\/\/institucional.us.es\/aaaetsi\/wp-content\/uploads\/2022\/03\/caja_ingenieros.png\" alt=\"caja ingenieros\" class=\"wp-image-1720\" title=\"Caja de Ingenieros\" srcset=\"https:\/\/institucional.us.es\/aaaetsi\/wp-content\/uploads\/2022\/03\/caja_ingenieros.png 350w, https:\/\/institucional.us.es\/aaaetsi\/wp-content\/uploads\/2022\/03\/caja_ingenieros-200x200.png 200w, https:\/\/institucional.us.es\/aaaetsi\/wp-content\/uploads\/2022\/03\/caja_ingenieros-150x150.png 150w\" sizes=\"auto, (max-width: 350px) 100vw, 350px\" \/><\/a><\/figure>\n<\/div><\/div>\n<\/div>\n\n\n\n<p>A partir de este momento ya puedes beneficiarte de estos acuerdos, haciendo uso de ellos mediante la presentaci\u00f3n de la tarjeta de asociado, posteriormente iremos a\u00f1adido nuevos acuerdos que se vayan firmando.<\/p>\n\n\n\n<p>Si est\u00e1s interesado en conocer m\u00e1s en detalles y aspectos del acuerdo firmado te rogamos que contactes con nosotros mediante correo electr\u00f3nico.<\/p>\n","protected":false},"excerpt":{"rendered":"<p>Actualmente la Asociaci\u00f3n tiene firmados los siguientes acuerdos: A partir de este momento ya puedes beneficiarte de estos acuerdos, haciendo uso de ellos mediante la presentaci\u00f3n de la tarjeta de asociado, posteriormente iremos a\u00f1adido nuevos acuerdos que se vayan firmando. Si est\u00e1s interesado en conocer m\u00e1s en detalles y aspectos del acuerdo firmado te rogamos [&hellip;]<\/p>\n","protected":false},"author":1,"featured_media":0,"parent":0,"menu_order":0,"comment_status":"closed","ping_status":"closed","template":"","meta":{"_acf_changed":false,"footnotes":""},"class_list":["post-30","page","type-page","status-publish","hentry"],"acf":[],"post_mailing_queue_ids":[],"_links":{"self":[{"href":"https:\/\/institucional.us.es\/aaaetsi\/wp-json\/wp\/v2\/pages\/30","targetHints":{"allow":["GET"]}}],"collection":[{"href":"https:\/\/institucional.us.es\/aaaetsi\/wp-json\/wp\/v2\/pages"}],"about":[{"href":"https:\/\/institucional.us.es\/aaaetsi\/wp-json\/wp\/v2\/types\/page"}],"author":[{"embeddable":true,"href":"https:\/\/institucional.us.es\/aaaetsi\/wp-json\/wp\/v2\/users\/1"}],"replies":[{"embeddable":true,"href":"https:\/\/institucional.us.es\/aaaetsi\/wp-json\/wp\/v2\/comments?post=30"}],"version-history":[{"count":53,"href":"https:\/\/institucional.us.es\/aaaetsi\/wp-json\/wp\/v2\/pages\/30\/revisions"}],"predecessor-version":[{"id":4399,"href":"https:\/\/institucional.us.es\/aaaetsi\/wp-json\/wp\/v2\/pages\/30\/revisions\/4399"}],"wp:attachment":[{"href":"https:\/\/institucional.us.es\/aaaetsi\/wp-json\/wp\/v2\/media?parent=30"}],"curies":[{"name":"wp","href":"https:\/\/api.w.org\/{rel}","templated":true}]}}