{"id":24,"date":"2016-03-13T16:45:39","date_gmt":"2016-03-13T16:45:39","guid":{"rendered":"https:\/\/cientificaspasadopresenteyfuturo.wordpress.com\/cientificas-del-futuro\/"},"modified":"2025-10-26T18:40:46","modified_gmt":"2025-10-26T17:40:46","slug":"material-para-centros-educativos","status":"publish","type":"page","link":"https:\/\/institucional.us.es\/cientificas\/material-para-centros-educativos\/","title":{"rendered":"Cient\u00edfic@s del futuro: Material para centros educativos"},"content":{"rendered":"<p style=\"text-align: justify;\">Si vas a venir con tu clase a ver la obra, hemos preparado los siguientes materiales para que pod\u00e1is aprovechar mejor la experiencia y sacarle todo el partido. Si no puedes venir, algunos de ellos (v\u00eddeo y \u00abpasapalabra\u00bb) pueden servirte para dar a conocer en clase a\u00a0 algunas mujeres cient\u00edficas.<\/p>\n<ul style=\"text-align: justify;\">\n<li><strong>Gu\u00eda did\u00e1ctica <\/strong>(en qu\u00e9 consiste la obra, qui\u00e9nes aparecen, objetivos que perseguimos, actividades complementarias&#8230;). <a href=\"https:\/\/uses0-my.sharepoint.com\/:b:\/g\/personal\/isafer_us_es\/Ef9aG7A7EktJrTpbO1TSyOIBeGWpeeQXoMt0OKt3hsBEng?e=pXa4Xf\">Pincha aqu\u00ed para descargarla.<\/a> Tambi\u00e9n disponible en ingl\u00e9s <a href=\"https:\/\/uses0-my.sharepoint.com\/:b:\/g\/personal\/isafer_us_es\/Ed_UQyWF5s5FmDF4qJAyNJoB8nEei2CNbcnuqx8igLaCrQ?e=pzEgxm\">aqu\u00ed<\/a>.<\/li>\n<\/ul>\n<ul style=\"text-align: justify;\">\n<li><strong>Propuesta de actividades para trabajar previamente en el aula<\/strong>.\u00a0Tenemos comprobado que los estudiantes aprovechan mucho mejor su asistencia a la representaci\u00f3n y la disfrutan m\u00e1s si previamente conocen un poco de las cient\u00edficas que aparecen en ella. <a href=\"https:\/\/uses0-my.sharepoint.com\/:b:\/g\/personal\/isafer_us_es\/EQFxmHwGkJZCiJqYFV4bFGMB5plfNwN9KsmcZFBcLmdO1g?e=Ho9Xqw\">Pincha aqu\u00ed para descargar nuestra propuesta de actividades previas.<\/a><\/li>\n<\/ul>\n<ul style=\"text-align: justify;\">\n<li><strong>D\u00edptico de la obra<\/strong> (con informaci\u00f3n sobre las cient\u00edficas que aparecen en la obra). <a href=\"https:\/\/uses0-my.sharepoint.com\/:b:\/g\/personal\/isafer_us_es\/EbfZLMG-6slPuxjbWPxKYm0B20Bzia3mE1WTjUkyNgvVZg?e=1pvT1w\">Pincha aqu\u00ed para descargar el fichero.\u00a0<\/a><\/li>\n<\/ul>\n<ul style=\"text-align: justify;\">\n<li><strong>Juego tipo \u00abpasalabra\u00bb<\/strong> con preguntas sobre logros de mujeres cient\u00edficas (<a href=\"https:\/\/uses0-my.sharepoint.com\/:b:\/g\/personal\/isafer_us_es\/EYOMzjbRo5RHhYVJ3FAZfkwBKO4eOG84G_ccMv991nA_hw?e=l5J8Nj\">pincha aqu\u00ed para descargar el archivo completo<\/a>).<\/li>\n<\/ul>\n<ul style=\"text-align: justify;\">\n<li><strong>V\u00eddeo<\/strong> <a href=\"https:\/\/www.youtube.com\/watch?v=kA-Hrdxbheg\">\u00ab5 cient\u00edficas tienen 5 preguntas\u00bb<\/a> (duraci\u00f3n: 7 minutos).<\/li>\n<\/ul>\n<p style=\"text-align: justify;\">\n","protected":false},"excerpt":{"rendered":"<p>Si vas a venir con tu clase a ver la obra, hemos preparado los siguientes materiales para que pod\u00e1is aprovechar mejor la experiencia y sacarle todo el partido. Si no puedes venir, algunos de ellos (v\u00eddeo y \u00abpasapalabra\u00bb) pueden servirte para dar a conocer en clase a\u00a0 algunas mujeres cient\u00edficas. Gu\u00eda did\u00e1ctica (en qu\u00e9 consiste [&hellip;]<\/p>\n","protected":false},"author":2,"featured_media":0,"parent":0,"menu_order":3,"comment_status":"closed","ping_status":"closed","template":"","meta":{"footnotes":""},"class_list":["post-24","page","type-page","status-publish","hentry"],"_links":{"self":[{"href":"https:\/\/institucional.us.es\/cientificas\/wp-json\/wp\/v2\/pages\/24","targetHints":{"allow":["GET"]}}],"collection":[{"href":"https:\/\/institucional.us.es\/cientificas\/wp-json\/wp\/v2\/pages"}],"about":[{"href":"https:\/\/institucional.us.es\/cientificas\/wp-json\/wp\/v2\/types\/page"}],"author":[{"embeddable":true,"href":"https:\/\/institucional.us.es\/cientificas\/wp-json\/wp\/v2\/users\/2"}],"replies":[{"embeddable":true,"href":"https:\/\/institucional.us.es\/cientificas\/wp-json\/wp\/v2\/comments?post=24"}],"version-history":[{"count":5,"href":"https:\/\/institucional.us.es\/cientificas\/wp-json\/wp\/v2\/pages\/24\/revisions"}],"predecessor-version":[{"id":179,"href":"https:\/\/institucional.us.es\/cientificas\/wp-json\/wp\/v2\/pages\/24\/revisions\/179"}],"wp:attachment":[{"href":"https:\/\/institucional.us.es\/cientificas\/wp-json\/wp\/v2\/media?parent=24"}],"curies":[{"name":"wp","href":"https:\/\/api.w.org\/{rel}","templated":true}]}}