{"id":46,"date":"2018-07-31T14:29:57","date_gmt":"2018-07-31T14:29:57","guid":{"rendered":"https:\/\/cientificaspasadopresenteyfuturo.wordpress.com\/?page_id=46"},"modified":"2025-12-04T16:24:14","modified_gmt":"2025-12-04T15:24:14","slug":"home","status":"publish","type":"page","link":"https:\/\/institucional.us.es\/cientificas\/","title":{"rendered":"Inicio"},"content":{"rendered":"\n<figure class=\"wp-block-image aligncenter size-large is-resized\" style=\"margin-right:0;margin-left:0\"><img loading=\"lazy\" decoding=\"async\" width=\"953\" height=\"1024\" src=\"https:\/\/institucional.us.es\/cientificas\/wp-content\/uploads\/2025\/12\/cartel-cropped-953x1024.png\" alt=\"\" class=\"wp-image-303\" style=\"aspect-ratio:0.930687168484415;width:543px;height:auto\" srcset=\"https:\/\/institucional.us.es\/cientificas\/wp-content\/uploads\/2025\/12\/cartel-cropped-953x1024.png 953w, https:\/\/institucional.us.es\/cientificas\/wp-content\/uploads\/2025\/12\/cartel-cropped-279x300.png 279w, https:\/\/institucional.us.es\/cientificas\/wp-content\/uploads\/2025\/12\/cartel-cropped-768x825.png 768w, https:\/\/institucional.us.es\/cientificas\/wp-content\/uploads\/2025\/12\/cartel-cropped-1429x1536.png 1429w, https:\/\/institucional.us.es\/cientificas\/wp-content\/uploads\/2025\/12\/cartel-cropped.png 1852w\" sizes=\"auto, (max-width: 953px) 100vw, 953px\" \/><\/figure>\n\n\n\n<p>\u201cCient\u00edficas: pasado, presente y futuro\u201d es una actividad de teatro cient\u00edfico dirigida a ni\u00f1os y ni\u00f1as de entre 8 y 14 a\u00f1os que lleva represent\u00e1ndose desde 2016, principalmente en Sevilla, pero tambi\u00e9n en otros puntos de Espa\u00f1a.<\/p>\n\n\n\n<p>La obra, galardonada con varios&nbsp;<strong><a href=\"https:\/\/institucional.us.es\/cientificas\/premios\/\">premios<\/a><\/strong>, es una idea original de Francisco Vega, en la que&nbsp;<a href=\"https:\/\/cientificas833635718.wordpress.com\/las-cientificas-del-presente\/\">cinco investigadoras de la Universidad de Sevilla<\/a>&nbsp;dan vida a&nbsp;<a href=\"https:\/\/cientificas833635718.wordpress.com\/las-cientificas-del-pasado\/\">cinco investigadoras del pasado<\/a>, para despu\u00e9s hablarles de su vida como cient\u00edficas e invitarles a formar parte del apasionante mundo de la ciencia.<\/p>\n\n\n\n<p>Con esta obra pretendemos resaltar la importancia de la ciencia, incentivar vocaciones cient\u00edficas y visualizar el papel de la mujer en la ciencia. En especial, queremos acercar a las ni\u00f1as a este mundo, ofreci\u00e9ndoles referentes en los que puedan sentirse reflejadas. Creemos que una de las mejores formas de reducir la poca presencia femenina en las profesiones relacionadas con las STEM es dar visibilidad a la labor que han realizado y realizan muchas mujeres en estos campos:&nbsp;<strong>\u00absi ellas pudieron, si ellas pueden, yo puedo\u00bb.<\/strong> <\/p>\n\n\n\n<p><a href=\"https:\/\/tv.us.es\/ucci-cientificas-pasado-presente-y-futuro\/\">Aqu\u00ed<\/a>&nbsp;puedes ver un v\u00eddeo de la&nbsp;Unidad de Cultura Cient\u00edfica de la Universidad de Sevilla con un resumen y entrevistas de nuestra primera representaci\u00f3n, en marzo de 2016&nbsp; (y&nbsp;<a href=\"https:\/\/www.youtube.com\/watch?v=NAG4ao_-rWY&amp;t=7s\">aqu\u00ed<\/a>&nbsp;el v\u00eddeo en YouTube).&nbsp;<\/p>\n\n\n\n<div class=\"wp-block-columns is-layout-flex wp-container-core-columns-is-layout-28f84493 wp-block-columns-is-layout-flex\">\n<div class=\"wp-block-column is-layout-flow wp-block-column-is-layout-flow\" style=\"flex-basis:50%\">\n<figure class=\"wp-block-image size-large\"><img loading=\"lazy\" decoding=\"async\" width=\"1024\" height=\"774\" src=\"https:\/\/institucional.us.es\/cientificas\/wp-content\/uploads\/2025\/11\/Foto-RafaSith-1024x774.jpg\" alt=\"\" class=\"wp-image-237\" srcset=\"https:\/\/institucional.us.es\/cientificas\/wp-content\/uploads\/2025\/11\/Foto-RafaSith-1024x774.jpg 1024w, https:\/\/institucional.us.es\/cientificas\/wp-content\/uploads\/2025\/11\/Foto-RafaSith-300x227.jpg 300w, https:\/\/institucional.us.es\/cientificas\/wp-content\/uploads\/2025\/11\/Foto-RafaSith-768x580.jpg 768w, https:\/\/institucional.us.es\/cientificas\/wp-content\/uploads\/2025\/11\/Foto-RafaSith.jpg 1056w\" sizes=\"auto, (max-width: 1024px) 100vw, 1024px\" \/><\/figure>\n<\/div>\n\n\n\n<div class=\"wp-block-column is-vertically-aligned-center is-layout-flow wp-block-column-is-layout-flow\" style=\"flex-basis:50%\">\n<figure class=\"wp-block-image aligncenter size-full\"><img loading=\"lazy\" decoding=\"async\" width=\"714\" height=\"478\" src=\"https:\/\/institucional.us.es\/cientificas\/wp-content\/uploads\/2025\/10\/paco.png\" alt=\"\" class=\"wp-image-128\" srcset=\"https:\/\/institucional.us.es\/cientificas\/wp-content\/uploads\/2025\/10\/paco.png 714w, https:\/\/institucional.us.es\/cientificas\/wp-content\/uploads\/2025\/10\/paco-300x201.png 300w\" sizes=\"auto, (max-width: 714px) 100vw, 714px\" \/><\/figure>\n<\/div>\n<\/div>\n\n\n\n<hr class=\"wp-block-separator has-alpha-channel-opacity\"\/>\n\n\n\n<p>El cartel de la obra est\u00e1 realizado por&nbsp;<a href=\"https:\/\/g.co\/kgs\/LMDqgd\">Ra\u00fal Romera Morilla<\/a>. Puedes verlo <a href=\"https:\/\/institucional.us.es\/cientificas\/wp-content\/uploads\/2025\/12\/cartel.jpg\" data-type=\"attachment\" data-id=\"304\">aqu\u00ed<\/a><\/p>\n","protected":false},"excerpt":{"rendered":"<p>\u201cCient\u00edficas: pasado, presente y futuro\u201d es una actividad de teatro cient\u00edfico dirigida a ni\u00f1os y ni\u00f1as de entre 8 y 14 a\u00f1os que lleva represent\u00e1ndose desde 2016, principalmente en Sevilla, pero tambi\u00e9n en otros puntos de Espa\u00f1a. La obra, galardonada con varios&nbsp;premios, es una idea original de Francisco Vega, en la que&nbsp;cinco investigadoras de la [&hellip;]<\/p>\n","protected":false},"author":2,"featured_media":303,"parent":0,"menu_order":0,"comment_status":"closed","ping_status":"closed","template":"","meta":{"footnotes":""},"class_list":["post-46","page","type-page","status-publish","has-post-thumbnail","hentry"],"_links":{"self":[{"href":"https:\/\/institucional.us.es\/cientificas\/wp-json\/wp\/v2\/pages\/46","targetHints":{"allow":["GET"]}}],"collection":[{"href":"https:\/\/institucional.us.es\/cientificas\/wp-json\/wp\/v2\/pages"}],"about":[{"href":"https:\/\/institucional.us.es\/cientificas\/wp-json\/wp\/v2\/types\/page"}],"author":[{"embeddable":true,"href":"https:\/\/institucional.us.es\/cientificas\/wp-json\/wp\/v2\/users\/2"}],"replies":[{"embeddable":true,"href":"https:\/\/institucional.us.es\/cientificas\/wp-json\/wp\/v2\/comments?post=46"}],"version-history":[{"count":26,"href":"https:\/\/institucional.us.es\/cientificas\/wp-json\/wp\/v2\/pages\/46\/revisions"}],"predecessor-version":[{"id":324,"href":"https:\/\/institucional.us.es\/cientificas\/wp-json\/wp\/v2\/pages\/46\/revisions\/324"}],"wp:featuredmedia":[{"embeddable":true,"href":"https:\/\/institucional.us.es\/cientificas\/wp-json\/wp\/v2\/media\/303"}],"wp:attachment":[{"href":"https:\/\/institucional.us.es\/cientificas\/wp-json\/wp\/v2\/media?parent=46"}],"curies":[{"name":"wp","href":"https:\/\/api.w.org\/{rel}","templated":true}]}}