{"id":100,"date":"2023-02-16T13:33:38","date_gmt":"2023-02-16T13:33:38","guid":{"rendered":"http:\/\/institucional.us.es\/civico\/?page_id=100"},"modified":"2023-02-16T13:34:07","modified_gmt":"2023-02-16T13:34:07","slug":"el-derecho-universal","status":"publish","type":"page","link":"https:\/\/institucional.us.es\/civico\/el-derecho-universal\/","title":{"rendered":"El Derecho Universal"},"content":{"rendered":"\n<div class=\"wp-block-media-text alignwide is-stacked-on-mobile is-vertically-aligned-top\" style=\"grid-template-columns:20% auto\"><figure class=\"wp-block-media-text__media\"><img loading=\"lazy\" decoding=\"async\" width=\"308\" height=\"500\" src=\"http:\/\/institucional.us.es\/civico\/wp-content\/uploads\/2023\/02\/derecho.jpg\" alt=\"\" class=\"wp-image-102 size-full\" srcset=\"https:\/\/institucional.us.es\/civico\/wp-content\/uploads\/2023\/02\/derecho.jpg 308w, https:\/\/institucional.us.es\/civico\/wp-content\/uploads\/2023\/02\/derecho-185x300.jpg 185w\" sizes=\"auto, (max-width: 308px) 100vw, 308px\" \/><\/figure><div class=\"wp-block-media-text__content\">\n<p><a href=\"http:\/\/www.anthropos-editorial.com\/\" target=\"_blank\" rel=\"noreferrer noopener\">Giambattista Vico, <em>Obras III. El Derecho Universal<\/em>. Ed., introd., trad. del lat\u00edn y notas de Francisco J. Navarro G\u00f3mez. Presentaci\u00f3n de E. Hidalgo-Serna y Jos\u00e9 M. Sevilla. Editorial Anthropos (serie Humanismo, 12). Barcelona, 2009. P\u00e1gs. 876. ISBN 978-84-7658-923-6.<\/a><\/p>\n\n\n\n<p>El pensamiento y las obras de Giambattista Vico (1668-1744), que alcanzan a iluminar la formaci\u00f3n de un saber humano integral y a constituir una \u2018nueva ciencia\u2019 del mundo civil o mundo hist\u00f3rico (abriendo otra l\u00ednea de la modernidad divergente a la racionalista abstracta), hacen de \u00e9l un autor que emerge acorde con la sensibilidad de nuestro tiempo y con las preocupaciones de b\u00fasqueda de una nueva racionalidad de la individualidad humana y de sus manifestaciones concretas.<br>Su humanismo historicista, generador de uno de los m\u00e1s atractivos y sugerentes \u00f3rdenes de ideas que puedan hallarse en la historia de la filosof\u00eda y de la cultura occidental, tiene sus precedentes teor\u00e9ticos y ensay\u00edsticos en toda una vida intelectual dedicada a abordar y tratar los nuevos problemas \u2018humanol\u00f3gicos\u2019 dentro de un proceso de desarrollo vital y de pensamiento en cuyo n\u00facleo problem\u00e1tico radica el interrogante por el hombre y por c\u00f3mo \u00e9ste puede conocer y expresar la verdad conforme a las limitaciones de su mente y al car\u00e1cter cambiante de su naturaleza.<br><em>El Derecho Universal<\/em> constituye, en este orden, un important\u00edsimo eslab\u00f3n hacia la <em>Ciencia Nueva<\/em> y un necesario complemento espec\u00edfico a los textos de Vico precedentes en esta edici\u00f3n de sus <em>Obras<\/em>. Su obra filos\u00f3fico-jur\u00eddica no s\u00f3lo posee un lugar definitivo y primordial en el contexto iusfilos\u00f3fico de la Modernidad, sino que constituye tambi\u00e9n el gran laboratorio conceptual, hist\u00f3rico y problematista de su <em>opera magna<\/em>.<\/p>\n\n\n\n<p>Francisco J. Navarro G\u00f3mez ha preparado para esta misma serie \u201cHumanismo\u201d los dos anteriores vol\u00famenes de las Obras de Vico (<em>Oraciones inaugurales &amp; La antiqu\u00edsima sabidur\u00eda de los italianos<\/em>, 2002; <em>Ret\u00f3rica<\/em> [<em>Instituciones de oratoria<\/em>], 2004), con traducci\u00f3n directa del lat\u00edn.<\/p>\n<\/div><\/div>\n","protected":false},"excerpt":{"rendered":"<p>Giambattista Vico, Obras III. El Derecho Universal. Ed., introd., trad. del lat\u00edn y notas de Francisco J. Navarro G\u00f3mez. Presentaci\u00f3n de E. Hidalgo-Serna y Jos\u00e9 M. Sevilla. Editorial Anthropos (serie Humanismo, 12). Barcelona, 2009. P\u00e1gs. 876. ISBN 978-84-7658-923-6. El pensamiento y las obras de Giambattista Vico (1668-1744), que alcanzan a iluminar la formaci\u00f3n de un [&hellip;]<\/p>\n","protected":false},"author":1,"featured_media":0,"parent":0,"menu_order":0,"comment_status":"closed","ping_status":"closed","template":"","meta":{"footnotes":""},"class_list":["post-100","page","type-page","status-publish","hentry"],"_links":{"self":[{"href":"https:\/\/institucional.us.es\/civico\/wp-json\/wp\/v2\/pages\/100","targetHints":{"allow":["GET"]}}],"collection":[{"href":"https:\/\/institucional.us.es\/civico\/wp-json\/wp\/v2\/pages"}],"about":[{"href":"https:\/\/institucional.us.es\/civico\/wp-json\/wp\/v2\/types\/page"}],"author":[{"embeddable":true,"href":"https:\/\/institucional.us.es\/civico\/wp-json\/wp\/v2\/users\/1"}],"replies":[{"embeddable":true,"href":"https:\/\/institucional.us.es\/civico\/wp-json\/wp\/v2\/comments?post=100"}],"version-history":[{"count":2,"href":"https:\/\/institucional.us.es\/civico\/wp-json\/wp\/v2\/pages\/100\/revisions"}],"predecessor-version":[{"id":104,"href":"https:\/\/institucional.us.es\/civico\/wp-json\/wp\/v2\/pages\/100\/revisions\/104"}],"wp:attachment":[{"href":"https:\/\/institucional.us.es\/civico\/wp-json\/wp\/v2\/media?parent=100"}],"curies":[{"name":"wp","href":"https:\/\/api.w.org\/{rel}","templated":true}]}}