{"id":48,"date":"2023-02-16T09:07:11","date_gmt":"2023-02-16T09:07:11","guid":{"rendered":"http:\/\/institucional.us.es\/civico\/?page_id=48"},"modified":"2023-02-16T09:07:11","modified_gmt":"2023-02-16T09:07:11","slug":"bibliografia-viquiana-en-espanol","status":"publish","type":"page","link":"https:\/\/institucional.us.es\/civico\/bibliografia-viquiana-en-espanol\/","title":{"rendered":"Bibliograf\u00eda Viquiana en Espa\u00f1ol"},"content":{"rendered":"\n<p>Una extensa Bibliograf\u00eda se encuentra en el volumen de Jos\u00e9 M. Sevilla, <em>El espejo de la \u00e9poca. Cap\u00edtulo sobre G. Vico en la cultura hisp\u00e1nica (1737-2005)<\/em>, La Citt\u00e0 del Sole, N\u00e1poles, 2007 (ISBN 978-88-8292-372-3), en el ap\u00e9ndice \u201cBibliograf\u00eda viquiana en espa\u00f1ol (1735-2005)\u201d, pp. 561-650, estructurada en las siguientes secciones: I. Ediciones de Obras de Vico; II. Libros y monograf\u00edas; III. Ensayos en colectivo, art\u00edculos de revistas, cap\u00edtulos de libros, introducciones; IV. Recensiones, rese\u00f1as, citaciones y varios; V. P\u00e1ginas Web sobre Vico.<\/p>\n\n\n\n<p>Se ofrece a continuaci\u00f3n una bibliograf\u00eda sumaria de \u00abEdiciones en espa\u00f1ol de obras de Vico\u00bb.<\/p>\n\n\n\n<p><strong>BIBLIOGRAF\u00cdA sobre Vico en espa\u00f1ol<\/strong>: v\u00e9ase de Jos\u00e9 M. Sevilla, \u00abBibliograf\u00eda viquiana (I)\u00bb, <em>Th\u00e9mata. Revista de Filosof\u00eda<\/em> (Sevilla), 5 (1988), 233-264; \u00abBibliograf\u00eda viquiana (II)\u00bb, <em>Th\u00e9mata. Revista de Filosof\u00eda <\/em>(Sevilla), 6 (1989), 217-328; \u00abContributo alla bibliografia vichiana in lingua spagnola\u00bb, <em>Bollettino del Centro di Studi Vichiani<\/em> (N\u00e1poles), XIX, 1989, 159-168; \u00abBibliograf\u00eda viquiana en espa\u00f1ol\u00bb, <em>Cuadernos sobre Vico<\/em> (Sevilla), 1 (1991), 179-196; \u00abA\u00f1adido a la &#8216;Bibliograf\u00eda Viquiana en espa\u00f1ol'\u00bb, <em>ibid<\/em>. 3 (1993), 199-205; \u00abNuevo a\u00f1adido a la Bibliograf\u00eda Viquiana en espa\u00f1ol\u00bb, <em>ibid<\/em>. 5-6 (1995-96), 419-422; \u00abTercer a\u00f1adido a la Bibliograf\u00eda Viquiana en espa\u00f1ol\u00bb, <em>ibid<\/em>. 7-8 (1997), 451-455; \u00abCuarto a\u00f1adido a la Biliograf\u00eda viquiana en espa\u00f1ol, <em>ibid<\/em>. 15-16 (2003), 345-358.<\/p>\n\n\n\n<p><strong>I. EDICIONES EN ESPA\u00d1OL DE OBRAS DE VICO<\/strong><\/p>\n\n\n\n<ol class=\"wp-block-list\" type=\"1\" start=\"1\">\n<li>G. VICO, <em>Sabidur\u00eda primitiva de los italianos<\/em>, trad., introd. y notas de Jacinto C\u00faccaro, Eds. del Instituto de Filosof\u00eda de la Facultad de Filosof\u00eda y Letras de Buenos Aires, Buenos Aires, 1939. (Contiene tambi\u00e9n la \u00abPol\u00e9mica entre Juan Bautista Vico. y el &#8216;Giornale de &#8216;Letterati'\u00bb).<\/li>\n\n\n\n<li>G. VICO, <em>Principios de una CIENCIA NUEVA en torno a la naturaleza com\u00fan de las naciones<\/em> (ed. 1725), trad. y pr\u00f3logo de Jos\u00e9 Camer, El Colegio de M\u00e9xico, M\u00e9xico, 1941, 2 vols.; segunda ed. en un vol.: Fondo de Cultura Econ\u00f3mica, M\u00e9xico, 1978).<\/li>\n\n\n\n<li>\u00abTEXTOS: VICO 1668-1744 (Selecci\u00f3n)\u00bb. Nota, selecc. y trad. de Manuel Cardenal Iracheta, <em>Revista de Ideas Est\u00e9ticas<\/em>, 7, 1944, pp. 99-115. (Selecci\u00f3n de textos de la \u00abScienza Nuova\u00bb sobre est\u00e9tica).<\/li>\n\n\n\n<li>G. VICO, <em>Critica del ideal de la formaci\u00f3n humana en nuestro tiempo<\/em> (Selecci\u00f3n), trad. de Roberto Krebs, Eds. del Instituto de Investigaciones Hist\u00f3rico-culturales, Santiago de Chile, 1945 (reed. 1957). (Textos del \u00abDe nostri temporis studiorum ratione\u00bb).<\/li>\n\n\n\n<li>G. VICO, <em>Principios de una ciencia nueva en torno a la naturaleza com\u00fan de las naciones<\/em> (Selecci\u00f3n), trad. de Roberto Krebs, Universidad, Santiago de Chile, s.d.<\/li>\n\n\n\n<li>G. VICO, <em>Autobiograf\u00eda<\/em>, versi\u00f3n del italiano por Felipe Gonz\u00e1lez Vic\u00e9n, Espasa Calpe (C. Austral n. 836), Buenos Aires, 1948. (Contiene: I. \u00abVida de G. Vico escrita por s\u00ed mismo\u00bb (1725); II. \u00abAdici\u00f3n de Vico a su Autobiograf\u00eda\u00bb (1733); III. \u00abAdici\u00f3n del Marqu\u00e9s de Villarosa\u00bb; IV. \u00abDos ap\u00e9ndices\u00bb -Cat\u00e1logos-).<\/li>\n\n\n\n<li>G. VICO, <em>CIENCIA NUEVA<\/em>, pr\u00f3logo y notas de Manuel Fuentes Benot, Ed. Aguilar, Buenos Aires, 1956 (4 vols., B.I.F. ns. 47-50); 1960 (2\u00aa ed.); 1973-1975 (3\u00aa ed.); 1981 (5\u00aa vols. I y 111). Trad. de \u00abPrincipios de una ciencia nueva sobre la naturaleza com\u00fan de las naciones\u00bb (ed. 1744).<\/li>\n\n\n\n<li>G. VICO, <em>Autobiograf\u00eda<\/em>, trad. de Ana Mar\u00eda Miniaty, Ed. Aguilar, Madrid, 1970.<\/li>\n\n\n\n<li>G. VICO, \u00abSabidur\u00eda po\u00e9tica\u00bb. Selecc. del Libro II de la \u00abScienza Nuova\u00bb de Vico, traducido por G. Godoy, publicada junto con el trabajo de J. Guzm\u00e1n \u00abEl concepto de letra en la &#8216;Ciencia Nueva'\u00bb, Ed. del D.E.H., Univ. de Chile, Santiago de Chile, 1978.<\/li>\n\n\n\n<li>G. VICO, <em>Sobre la mente heroica<\/em>, Historias &#8211; Bolet\u00edn del I.I.H., U.N.A.M., n\u00ba 15 (1984), 21-32.<\/li>\n\n\n\n<li>G. VICO, <em>CIENCIA NUEVA<\/em>, ed. a cargo de Jos\u00e9 M. Bermudo, trad. de J. M. Bermudo y Asumpta Camps, introd. y notas de J.M. Bermudo, Ediciones Orbis S.A., Barcelona, 1985, 2 vols. (Historia del Pensamiento vols. ns. 97 y 98). Trad. de \u00abPrincipios de una ciencia nueva sobre la naturaleza com\u00fan de las naciones\u00bb (ed. 1744). Reedici\u00f3n en Ediciones Folio, 2002.<\/li>\n\n\n\n<li>G. VICO, \u00abSobre la mente heroica\u00bb. Traducci\u00f3n publicada en AA.VV., <em>Vico y el pensamiento contempor\u00e1neo<\/em> (G. Tagliacozzo, M. Mooney y D. Ph. Verene, compiladores), F.C.E., M\u00e9xico, 1987. Trad. de Aurora D\u00edez-Canedo y Stella Mastrangelo, pp. 451-464. (Sc trata de la traducci\u00f3n de la disertaci\u00f3n viquiana del 20 de octubre de 1732).<\/li>\n\n\n\n<li>G. VICO, <em>Antolog\u00eda<\/em>, Edici\u00f3n de Rais Busom. Selecci\u00f3n de textos, introd., notas y trad. a cargo de R. Busom, Ed. Peninsula, Barcelona, 1987. (Contiene textos seleccionados ordenados en tres bloques: \u00abDe los primeros escritos (1699-1711)\u00bb; \u00abDe los escritos jur\u00eddicos y del epistolario (1720-1729)\u00bb; y \u00abDe los &#8216;Principi&#8217; y escritos complementarios (1725-1744)\u00bb).<\/li>\n\n\n\n<li>G. VICO, \u00abOraci\u00f3n pronunciada el 18 de octubre de 1669\u00bb, trad. del lat\u00edn por Marcelino Rodr\u00edguez Don\u00eds, <em>Cuadernos sobre Vico<\/em> (Sevilla), 2, 1992, pp. 253-259.<\/li>\n\n\n\n<li>G. VICO, \u00abOraci\u00f3n II pronunciada el 18 de octubre de 1700. Que nadie es un enemigo m\u00e1s h\u00f3stil y devastador para con su enemigo que el necio para consigo mismo\u00bb, trad. del lat\u00edn por Francisco Navarro G\u00f3mez, <em>Cuadernos sobre Vico<\/em> (Sevilla), 3, 1993, pp. 209-218.<\/li>\n\n\n\n<li>G. VICO, \u00abOraci\u00f3n III pronunciada el 18 de octubre de 1701. Que toda perfidia debe mantenerse al margen de la comunidad de las letras, si deseamos estar adornados de una erudici\u00f3n verdadera y no simulada, s\u00f3lida y no vana\u00bb, trad. del lat\u00edn por Francisco Navarro G\u00f3mez, <em>Cuadernos sobre Vico<\/em> (Sevilla), 4, 1994, pp. 189-198.<\/li>\n\n\n\n<li>G. VICO, \u00abOraci\u00f3n IV pronunciada el 18 de octubre de 1704. Si alguno quiere percibir el mayor provecho de los estudios de las letras, y \u00e9ste siempre a la par de la dignidad, que se instruya para el estado o el bien com\u00fan de los ciudadanos\u00bb, trad. del lat\u00edn por Francisco Navarro G\u00f3mez, <em>Cuadernos sobre Vico<\/em> (Sevilla), 4, 1994, pp. 199-208.<\/li>\n\n\n\n<li>G. VICO, \u00abSentimientos de un desesperado (1692)\u00bb, trad. del italiano por Dolores Oca\u00f1a y Attilio Manzi, <em>Cuadernos sobre Vico<\/em> (Sevilla), 4, 1994, pp. 209-213.<\/li>\n\n\n\n<li>G. VICO, <em>Ciencia Nueva<\/em>, introd., trad. y notas de Roc\u00edo de la Villa, Tecnos [Colecc. Metr\u00f3polis], Madrid, 1995. [Trad. de la SN 1744].<\/li>\n\n\n\n<li>G. VICO, \u00abReprensi\u00f3n de la metaf\u00edsica de Renato Descartes, de Benito Espinosa y de Juan Locke\u00bb, trad. del ital. por Jos\u00e9 A. Mar\u00edn, <em>Cuadernos sobre Vico<\/em> (Sevilla), 5\/6, 1995-96, pp. 449-450.<\/li>\n\n\n\n<li>G. VICO, \u00abPr\u00e1ctica de la Ciencia Nueva\u00bb, trad. del ital. y notas por Jos\u00e9 M. Sevilla, <em>Cuadernos sobre Vico<\/em> (Sevilla), 5\/6, 1995-96, pp. 451-455.<\/li>\n\n\n\n<li>G. VICO, \u00abOraci\u00f3n quinta pronunciada el 18 de octubre de 1705. Que los Estados cuanto m\u00e1s florecieron en las letras, tanto m\u00e1s \u00ednclitos han sido por su gloria b\u00e9lica y m\u00e1s potentes por el poder\u00edo de sus dominios\u00bb, trad. del lat\u00edn por Francisco Navarro, <em>Cuadernos sobre Vico<\/em> (Sevilla), 5\/6, 1995-96, pp. 427-435.<\/li>\n\n\n\n<li>G. VICO, \u00abOraci\u00f3n sexta pronunciada el 18 de octubre de 1707. El conocimiento de la naturaleza de los hombres invita a completar el orbe entero de las artes liberales y de las ciencias, y expone el recto, hacedero y perpetuo orden para su aprendizaje\u00bb, trad. del lat\u00edn por Francisco Navarro, <em>Cuadernos sobre Vico<\/em> (Sevilla), 5\/6, 1995-96, pp. 437-446.<\/li>\n\n\n\n<li>G. VICO, <em>Sobre la mente heroica<\/em> (1732), trad. del lat\u00edn por Francisco J. Navarro G\u00f3mez, <em>Cuadernos sobre Vico<\/em>, 7-8, 1997, pp. 461-470.<\/li>\n\n\n\n<li>G. VICO, \u00abLas Academias y las relaciones entre Filosof\u00eda y Elocuencia\u00bb (1737), trad. del italiano y notas por J.M. Sevilla, <em>Cuadernos sobre Vico<\/em>, 7-8, 1997, pp. 473-477.<\/li>\n\n\n\n<li>G. VICO, <em>Del m\u00e9todo de estudios de nuestro tiempo<\/em> (1708). Traducci\u00f3n del lat\u00edn por Francisco J. Navarro G\u00f3mez, <em>Cuadernos sobre Vico<\/em>, 9-10, 1998, pp. 401-436.<\/li>\n\n\n\n<li>G. VICO, \u00abSinopsis del Derecho Universal\u00bb (1720). Traducci\u00f3n del italiano y notas por Jose M. Sevilla, <em>Cuadernos sobre Vico<\/em>, 9-10, 1998, pp. 439-459.<\/li>\n\n\n\n<li>G. VICO, <em>Autobiograf\u00eda de Giambattista Vico<\/em>, M. Gonz\u00e1lez y J. Mart\u00ednez Bisbal (eds.), Siglo XXI de Espa\u00f1a eds., Madrid, 1998.<\/li>\n\n\n\n<li>G. VICO, <em>La antiqu\u00edsima sabidur\u00eda de los italianos <\/em>(1710). Traducci\u00f3n del lat\u00edn por Francisco J. Navarro G\u00f3mez, <em>Cuadernos sobre Vico<\/em>, 11-12, 1999-2000, pp. 443-483.<\/li>\n\n\n\n<li>G. VICO, <em>Reivindicaciones de Vico<\/em> (1729), trad. del lat\u00edn y notas por Francisco J. Navarro G\u00f3mez, <em>Cuadernos sobre Vico<\/em>, 13-14, 2001-2002, pp. 437-459.<\/li>\n\n\n\n<li>G. VICO, <em>Obras. Oraciones Inaugurales &amp; La antiqu\u00edsima sabidur\u00eda de los italianos<\/em>, trad. del lat\u00edn y notas de Francisco J. Navarro G\u00f3mez, Presentaci\u00f3n de E. Hidalgo-Serna, Introducci\u00f3n de J.M. Sevilla, Anthropos, Barcelona, 2002. Contiene: \u00abOraciones Inaugurales (1699-1707)\u00bb, pp. 1-72; \u00abDel m\u00e9todo de estudios de nuestro tiempo (1708), pp. 73-126; \u00abSobre la revelaci\u00f3n de la antiqu\u00edsima sabidur\u00eda de los italianos (1710)\u00bb, pp. 127-192; \u00abSobre la mente heroica\u00bb, pp. 195-212.<\/li>\n\n\n\n<li>G. VICO, <em>Obras. Ret\u00f3rica. (Instituciones de Oratoria),<\/em> trad. del lat\u00edn y notas de Francisco J. Navarro G\u00f3mez, Presentaci\u00f3n de E. Hidalgo-Serna y J.M. Sevilla, Anthropos, Barcelona, 2004.<\/li>\n<\/ol>\n\n\n\n<p>Jos\u00e9 M. Sevilla<\/p>\n\n\n\n<p>\u00a9 Jos\u00e9 M. Sevilla, 2004<\/p>\n\n\n\n<p>\u00a9 Centro de Investigaciones sobre Vico, 2004. Todos los derechos reservados.<\/p>\n","protected":false},"excerpt":{"rendered":"<p>Una extensa Bibliograf\u00eda se encuentra en el volumen de Jos\u00e9 M. Sevilla, El espejo de la \u00e9poca. Cap\u00edtulo sobre G. Vico en la cultura hisp\u00e1nica (1737-2005), La Citt\u00e0 del Sole, N\u00e1poles, 2007 (ISBN 978-88-8292-372-3), en el ap\u00e9ndice \u201cBibliograf\u00eda viquiana en espa\u00f1ol (1735-2005)\u201d, pp. 561-650, estructurada en las siguientes secciones: I. Ediciones de Obras de Vico; [&hellip;]<\/p>\n","protected":false},"author":1,"featured_media":0,"parent":0,"menu_order":0,"comment_status":"closed","ping_status":"closed","template":"","meta":{"footnotes":""},"class_list":["post-48","page","type-page","status-publish","hentry"],"_links":{"self":[{"href":"https:\/\/institucional.us.es\/civico\/wp-json\/wp\/v2\/pages\/48","targetHints":{"allow":["GET"]}}],"collection":[{"href":"https:\/\/institucional.us.es\/civico\/wp-json\/wp\/v2\/pages"}],"about":[{"href":"https:\/\/institucional.us.es\/civico\/wp-json\/wp\/v2\/types\/page"}],"author":[{"embeddable":true,"href":"https:\/\/institucional.us.es\/civico\/wp-json\/wp\/v2\/users\/1"}],"replies":[{"embeddable":true,"href":"https:\/\/institucional.us.es\/civico\/wp-json\/wp\/v2\/comments?post=48"}],"version-history":[{"count":1,"href":"https:\/\/institucional.us.es\/civico\/wp-json\/wp\/v2\/pages\/48\/revisions"}],"predecessor-version":[{"id":49,"href":"https:\/\/institucional.us.es\/civico\/wp-json\/wp\/v2\/pages\/48\/revisions\/49"}],"wp:attachment":[{"href":"https:\/\/institucional.us.es\/civico\/wp-json\/wp\/v2\/media?parent=48"}],"curies":[{"name":"wp","href":"https:\/\/api.w.org\/{rel}","templated":true}]}}