{"id":50,"date":"2023-02-16T09:08:56","date_gmt":"2023-02-16T09:08:56","guid":{"rendered":"http:\/\/institucional.us.es\/civico\/?page_id=50"},"modified":"2023-02-16T09:08:56","modified_gmt":"2023-02-16T09:08:56","slug":"informacion","status":"publish","type":"page","link":"https:\/\/institucional.us.es\/civico\/informacion\/","title":{"rendered":"Informaci\u00f3n"},"content":{"rendered":"\n<p><strong><em><a href=\"https:\/\/revistascientificas.us.es\/index.php\/Vico\/index\" target=\"_blank\" rel=\"noreferrer noopener\">Cuadernos sobre Vico<\/a><\/em><\/strong> est\u00e1 incluida en las bases de datos y repertorios:<\/p>\n\n\n\n<ul class=\"wp-block-list\">\n<li>Carhus Plus+2014<\/li>\n\n\n\n<li>ERIHPLUS<\/li>\n\n\n\n<li>Cat\u00e1logo CISNE<\/li>\n\n\n\n<li>CIRC<\/li>\n\n\n\n<li>Dialnet<\/li>\n\n\n\n<li>DICE (cchs, 2010)<\/li>\n\n\n\n<li>Dulcinea<\/li>\n\n\n\n<li>Elenco delle Riviste Scientifiche (Aggiornato al\u2019 08\/02\/2016) &#8211; Area 11, ANVUR<\/li>\n\n\n\n<li>Google Acad\u00e9mico<\/li>\n\n\n\n<li>idUS<\/li>\n\n\n\n<li>ISOC (Revistas de CC. Sociales y Humanidades, CSIC)<\/li>\n\n\n\n<li>Italinemo<\/li>\n\n\n\n<li>JSTOR<\/li>\n\n\n\n<li>Periodicals Index Online<\/li>\n\n\n\n<li>PIC Philindex<\/li>\n\n\n\n<li>Philosophers\u2019s Index<\/li>\n\n\n\n<li>PhilPapers (philosophical research online)<\/li>\n\n\n\n<li>Latindex<\/li>\n\n\n\n<li>Lechuza (documentaci\u00f3n filos\u00f3fica en espa\u00f1ol)<\/li>\n\n\n\n<li>MIAR (Matriz de Informaci\u00f3n para el An\u00e1lisis de Revistas)<\/li>\n\n\n\n<li>REBIUN<\/li>\n\n\n\n<li>Recolecta<\/li>\n\n\n\n<li>R\u00e9pertoire Bibliographique de la Philosophie \u2013 International Philosophical Bibliography (Louvain)<\/li>\n\n\n\n<li>Revistas Editorial US<\/li>\n\n\n\n<li>Resh (Revistas Espa\u00f1olas de Ciencias Sociales y Humanidades, 2011)<\/li>\n\n\n\n<li>Ulrich\u2019s International Periodicals Directory \/ Ulrich\u2019sWeb Global Serials Directory<\/li>\n<\/ul>\n","protected":false},"excerpt":{"rendered":"<p>Cuadernos sobre Vico est\u00e1 incluida en las bases de datos y repertorios:<\/p>\n","protected":false},"author":1,"featured_media":0,"parent":0,"menu_order":0,"comment_status":"closed","ping_status":"closed","template":"","meta":{"footnotes":""},"class_list":["post-50","page","type-page","status-publish","hentry"],"_links":{"self":[{"href":"https:\/\/institucional.us.es\/civico\/wp-json\/wp\/v2\/pages\/50","targetHints":{"allow":["GET"]}}],"collection":[{"href":"https:\/\/institucional.us.es\/civico\/wp-json\/wp\/v2\/pages"}],"about":[{"href":"https:\/\/institucional.us.es\/civico\/wp-json\/wp\/v2\/types\/page"}],"author":[{"embeddable":true,"href":"https:\/\/institucional.us.es\/civico\/wp-json\/wp\/v2\/users\/1"}],"replies":[{"embeddable":true,"href":"https:\/\/institucional.us.es\/civico\/wp-json\/wp\/v2\/comments?post=50"}],"version-history":[{"count":1,"href":"https:\/\/institucional.us.es\/civico\/wp-json\/wp\/v2\/pages\/50\/revisions"}],"predecessor-version":[{"id":51,"href":"https:\/\/institucional.us.es\/civico\/wp-json\/wp\/v2\/pages\/50\/revisions\/51"}],"wp:attachment":[{"href":"https:\/\/institucional.us.es\/civico\/wp-json\/wp\/v2\/media?parent=50"}],"curies":[{"name":"wp","href":"https:\/\/api.w.org\/{rel}","templated":true}]}}