{"id":63,"date":"2023-02-16T13:02:03","date_gmt":"2023-02-16T13:02:03","guid":{"rendered":"http:\/\/institucional.us.es\/civico\/?page_id=63"},"modified":"2023-02-16T13:06:14","modified_gmt":"2023-02-16T13:06:14","slug":"congresos-internacional-y-otros-eventos-acaecidos","status":"publish","type":"page","link":"https:\/\/institucional.us.es\/civico\/congresos-internacional-y-otros-eventos-acaecidos\/","title":{"rendered":"Congresos internacionales y otros eventos acaecidos"},"content":{"rendered":"\n<ol class=\"wp-block-list\" type=\"1\" start=\"1\">\n<li>Institute for Vico Studies (Emory University, Atlanta GE): <strong><em><strong><em>Giambattista Vico and Humanistic Knowledge<\/em><\/strong><\/em>. <\/strong><strong>(Atlanta, 14 Junio &#8211; 23 Julio, 1993).<\/strong><\/li>\n\n\n\n<li><strong><em><strong><em>L&#8217;edizione critica di Vico: bilanci e prospettive<\/em><\/strong><\/em><\/strong><strong>, vol. 26 de la serie \u00abStudi Vichiani\u00bb, Guida, N\u00e1poles, 1997. <\/strong>(Actas del Congreso organizado por el Centro di Studi Vichiani, N\u00e1poles 13-14 octubre, 1994).<\/li>\n\n\n\n<li><strong><em><strong><em>Studi Italo-Tedeschi &#8211; XVII Giambattista Vico<\/em><\/strong><\/em><\/strong><strong>, a cura di Roberto Cotteri, Merano, 1996, pp. 181.<\/strong><\/li>\n\n\n\n<li>Centro di Studi Vichiani (Napoli), Institut f\u00fcr der Technischen Universit\u00e4t Berlin, Arbeitsstelle Italienzentrum der Freien Universit\u00e4t Berlin: <strong>La filosofia pratica tra metafisica e antropologia nell&#8217;et\u00e0 di Wolff e Vico \/ Praktische philosophie im Spannungsfeld von Metaphysik und Antropologie bei Wolff und Vico. (N\u00e1poles, 2-5 abril 1997)<\/strong>.<\/li>\n\n\n\n<li>Assesorato Cultura e Turismo per il Mediterraneo &#8211; Citt\u00e0 di Bari: <strong>Convegno Internazionale di Cultura su \u00abL&#8217;idea di lavoro in Vico\u00bb. (Bari, 7-9 noviembre 1997)<\/strong><\/li>\n\n\n\n<li><strong>Giambattista Vico et la pens\u00e9e classique (Par\u00eds, 11-13 febrero, 1999)<\/strong>. Universit\u00e9 Paris-I Sorbonne, Ecole Normale Sup\u00e9rieure de Fontenay\/St-Cloud, Institut culturel italien de Paris. Congreso franco-italiano organizado por Pierre-Fran\u00e7ois Moreau (ENS Fontenay St-Cloud-CERPHI) y Andr\u00e9 Tosel (Universit\u00e9 de Paris I-CHSPM), con la colaboraci\u00f3n del Centro di Studi Vichiani di Napoli (Giuseppe Cacciatore-Manuela Sanna \/ CNR), de la Scuola normale superiore di Pisa (Paolo Cristofolini) y del Istituto Italiano di Cultura di Parigi (Pietro Corsi).<\/li>\n\n\n\n<li>Seminario, Centro di Studi Vichiani: <strong>La cultura contemporanea a Vico nella sua corrispondenza. (N\u00e1poles, 25-26 noviembre, 1999)<\/strong>.<\/li>\n\n\n\n<li>Universit\u00e0 degli Studi di Salerno: <strong>Convegno Internazionale di Studi \u00abEroi ed Et\u00e0 Eroiche attorno a Vico\u00bb. (Fisciano-Vatolla-Raito, 24\/27 mayo 1999).<\/strong><\/li>\n\n\n\n<li><strong><em><strong><em>Giambattista Vico nel suo tempo e nel nostro<\/em><\/strong><\/em><\/strong><strong>, a.c. di Mario Agrimi, Istituto Suor Orsola Benincasa, CUEN, Napoli, 1999, pp. 709. <\/strong>(Actas del Congreso Inter. celebrado en N\u00e1poles, 1-3 diciembre, 1994).<\/li>\n\n\n\n<li>Dipartimento di Studi Filosofici ed Epistemologici (Universit\u00e0 di Roma \u00abLa Sapienza\u00bb), Comune di Sansepolcro: <strong>Giornate Internazionali di Studi \u00abIl mondo di Vico \/ Vico nel mondo\u00bb. In ricordo de Giorgio Tagliacozzo. Roma 15\/ Sansepolcro 16-18 aprile, 1999. <\/strong>Organizador: Franco Ratto.<\/li>\n\n\n\n<li><strong><em><strong><em>Il mondo di Vico \/ Vico nel mondo. In ricordo di Giorgio Tagliacozzo<\/em><\/strong><\/em><\/strong><strong>, a c. di Franco Ratto, Edizioni Guerra, Perugia, 2000, pp. 540. <\/strong>(Actas del Congreso Inter.).<\/li>\n\n\n\n<li>Institute for Vico Studies (Emory University, Atlanta GE): <strong><em><strong><em>Vico at the Millennium: Corso e Ricorso <\/em><\/strong><\/em>(Atlanta, 15-16 abril, 2000)<\/strong>.<\/li>\n\n\n\n<li>Seminario: <strong>Pietro Piovani a vent&#8217;anni dalla morte. (N\u00e1poles, 29-30 junio &#8211; 1 julio, 2000)<\/strong>. Organizado por la Universidad de N\u00e1poles \u00abFederico II\u00bb, el Dipartimento di Filosofia \u00abA. Aliotta\u00bb y la \u00abFondazione Pietro Piovani per gli studi vichiani\u00bb.<\/li>\n\n\n\n<li>Fondazione Filiberto Menna (Salerno), Dipartimento di Filosofia (Universit\u00e0 di Salerno) &#8211; Corso di laurea in Filosofia, Centro di Studi Vichiani (CNR, N\u00e1poles): <strong>I segni della Storia (Salerno, 30-31 marzo, 2001). <\/strong>Organizador: Vincenzo Vitiello.<\/li>\n\n\n\n<li><strong><em><strong><em>G. Vico: i segni della storia<\/em><\/strong><\/em><\/strong><strong>. <em>Il Pensiero, rivista di filosofia<\/em>, n.s. &#8211; XLI &#8211; 2002\/1. Edizioni Scientifiche Italiane, N\u00e1poles. <\/strong>(Actas del Congreso Inter.).<\/li>\n\n\n\n<li>Dipartimento di Filosofia \u00abA. Aliotta\u00bb (Univ. degli Studi di Napoli, Dip. di Studi Letterari e Linguistici dell&#8217;Occidente, Istituto Universitario Orientale, Istituto \u00abCervantes\u00bb (Napoli), Istituto di Studi Latino-americani (i.s.la., Pagani), Centro di Studi Vichiani (Napoli): Convegno Internazionale di Studi <strong>Vico nelle culture ispaniche e lusitane <\/strong>(<strong>N\u00e1poles &#8211; Pagani, 24-25 enero, 2002).<\/strong><\/li>\n\n\n\n<li>Centro di Studi Vichiani del CNR, Dipartimento di Filosofia \u00abA. Aliotta\u00bb dell&#8217;Universit\u00e0 di Napoli \u00abFederico II\u00bb, Dipartimento di Filosofia e Teoria delle Scienze Umane dell&#8217;Universit\u00e0 di Cagliari, Dipartimento di Filosofia dell&#8217;Universit\u00e0 di Salerno, C.E.R.P.H.I. \u00c9cole Normale Sup\u00e9rieure de Lyon: Convegno Internazionale <strong>Il sapere poetico e gli universali fantastici. La presenza di Vico nella riflessione filosofica contemporanea (N\u00e1poles, 23-25 mayo, 2002).<\/strong><\/li>\n\n\n\n<li>Universidad Aut\u00f3noma Metropolitana de la Ciudad de M\u00e9xico: <strong>II Seminario Internacional de Filosof\u00eda Pol\u00edtica: <em>Giambattista Vico y el Mundo Moderno <\/em>(M\u00e9xico, 22-25 septiembre, 2003)<\/strong>.<\/li>\n\n\n\n<li>Istituto per la Storia del Pensiero Filosofico e Scientifico Moderno (C.N.R.): Seminario internazionale <strong>Vico nella storia della filologia (N\u00e1poles, 21 noviembre, 2003)<\/strong>.<\/li>\n<\/ol>\n\n\n\n<p>\u00a9 Centro de Investigaciones sobre Vico &#8211; Cuadernos sobre Vico. 2004. &lt;cuadernosvico@us.es&gt;<\/p>\n","protected":false},"excerpt":{"rendered":"<p>\u00a9 Centro de Investigaciones sobre Vico &#8211; Cuadernos sobre Vico. 2004. &lt;cuadernosvico@us.es&gt;<\/p>\n","protected":false},"author":1,"featured_media":0,"parent":0,"menu_order":0,"comment_status":"closed","ping_status":"closed","template":"","meta":{"footnotes":""},"class_list":["post-63","page","type-page","status-publish","hentry"],"_links":{"self":[{"href":"https:\/\/institucional.us.es\/civico\/wp-json\/wp\/v2\/pages\/63","targetHints":{"allow":["GET"]}}],"collection":[{"href":"https:\/\/institucional.us.es\/civico\/wp-json\/wp\/v2\/pages"}],"about":[{"href":"https:\/\/institucional.us.es\/civico\/wp-json\/wp\/v2\/types\/page"}],"author":[{"embeddable":true,"href":"https:\/\/institucional.us.es\/civico\/wp-json\/wp\/v2\/users\/1"}],"replies":[{"embeddable":true,"href":"https:\/\/institucional.us.es\/civico\/wp-json\/wp\/v2\/comments?post=63"}],"version-history":[{"count":2,"href":"https:\/\/institucional.us.es\/civico\/wp-json\/wp\/v2\/pages\/63\/revisions"}],"predecessor-version":[{"id":71,"href":"https:\/\/institucional.us.es\/civico\/wp-json\/wp\/v2\/pages\/63\/revisions\/71"}],"wp:attachment":[{"href":"https:\/\/institucional.us.es\/civico\/wp-json\/wp\/v2\/media?parent=63"}],"curies":[{"name":"wp","href":"https:\/\/api.w.org\/{rel}","templated":true}]}}

<ol class="wp-block-list" type="1" start="1">
<li>Institute for Vico Studies (Emory University, Atlanta GE): <strong><em><strong><em>Giambattista Vico and Humanistic Knowledge</em></strong></em>. </strong><strong>(Atlanta, 14 Junio &#8211; 23 Julio, 1993).</strong></li>



<li><strong><em><strong><em>L&#8217;edizione critica di Vico: bilanci e prospettive</em></strong></em></strong><strong>, vol. 26 de la serie «Studi Vichiani», Guida, Nápoles, 1997. </strong>(Actas del Congreso organizado por el Centro di Studi Vichiani, Nápoles 13-14 octubre, 1994).</li>



<li><strong><em><strong><em>Studi Italo-Tedeschi &#8211; XVII Giambattista Vico</em></strong></em></strong><strong>, a cura di Roberto Cotteri, Merano, 1996, pp. 181.</strong></li>



<li>Centro di Studi Vichiani (Napoli), Institut für der Technischen Universität Berlin, Arbeitsstelle Italienzentrum der Freien Universität Berlin: <strong>La filosofia pratica tra metafisica e antropologia nell&#8217;età di Wolff e Vico / Praktische philosophie im Spannungsfeld von Metaphysik und Antropologie bei Wolff und Vico. (Nápoles, 2-5 abril 1997)</strong>.</li>



<li>Assesorato Cultura e Turismo per il Mediterraneo &#8211; Città di Bari: <strong>Convegno Internazionale di Cultura su «L&#8217;idea di lavoro in Vico». (Bari, 7-9 noviembre 1997)</strong></li>



<li><strong>Giambattista Vico et la pensée classique (París, 11-13 febrero, 1999)</strong>. Université Paris-I Sorbonne, Ecole Normale Supérieure de Fontenay/St-Cloud, Institut culturel italien de Paris. Congreso franco-italiano organizado por Pierre-François Moreau (ENS Fontenay St-Cloud-CERPHI) y André Tosel (Université de Paris I-CHSPM), con la colaboración del Centro di Studi Vichiani di Napoli (Giuseppe Cacciatore-Manuela Sanna / CNR), de la Scuola normale superiore di Pisa (Paolo Cristofolini) y del Istituto Italiano di Cultura di Parigi (Pietro Corsi).</li>



<li>Seminario, Centro di Studi Vichiani: <strong>La cultura contemporanea a Vico nella sua corrispondenza. (Nápoles, 25-26 noviembre, 1999)</strong>.</li>



<li>Università degli Studi di Salerno: <strong>Convegno Internazionale di Studi «Eroi ed Età Eroiche attorno a Vico». (Fisciano-Vatolla-Raito, 24/27 mayo 1999).</strong></li>



<li><strong><em><strong><em>Giambattista Vico nel suo tempo e nel nostro</em></strong></em></strong><strong>, a.c. di Mario Agrimi, Istituto Suor Orsola Benincasa, CUEN, Napoli, 1999, pp. 709. </strong>(Actas del Congreso Inter. celebrado en Nápoles, 1-3 diciembre, 1994).</li>



<li>Dipartimento di Studi Filosofici ed Epistemologici (Università di Roma «La Sapienza»), Comune di Sansepolcro: <strong>Giornate Internazionali di Studi «Il mondo di Vico / Vico nel mondo». In ricordo de Giorgio Tagliacozzo. Roma 15/ Sansepolcro 16-18 aprile, 1999. </strong>Organizador: Franco Ratto.</li>



<li><strong><em><strong><em>Il mondo di Vico / Vico nel mondo. In ricordo di Giorgio Tagliacozzo</em></strong></em></strong><strong>, a c. di Franco Ratto, Edizioni Guerra, Perugia, 2000, pp. 540. </strong>(Actas del Congreso Inter.).</li>



<li>Institute for Vico Studies (Emory University, Atlanta GE): <strong><em><strong><em>Vico at the Millennium: Corso e Ricorso </em></strong></em>(Atlanta, 15-16 abril, 2000)</strong>.</li>



<li>Seminario: <strong>Pietro Piovani a vent&#8217;anni dalla morte. (Nápoles, 29-30 junio &#8211; 1 julio, 2000)</strong>. Organizado por la Universidad de Nápoles «Federico II», el Dipartimento di Filosofia «A. Aliotta» y la «Fondazione Pietro Piovani per gli studi vichiani».</li>



<li>Fondazione Filiberto Menna (Salerno), Dipartimento di Filosofia (Università di Salerno) &#8211; Corso di laurea in Filosofia, Centro di Studi Vichiani (CNR, Nápoles): <strong>I segni della Storia (Salerno, 30-31 marzo, 2001). </strong>Organizador: Vincenzo Vitiello.</li>



<li><strong><em><strong><em>G. Vico: i segni della storia</em></strong></em></strong><strong>. <em>Il Pensiero, rivista di filosofia</em>, n.s. &#8211; XLI &#8211; 2002/1. Edizioni Scientifiche Italiane, Nápoles. </strong>(Actas del Congreso Inter.).</li>



<li>Dipartimento di Filosofia «A. Aliotta» (Univ. degli Studi di Napoli, Dip. di Studi Letterari e Linguistici dell&#8217;Occidente, Istituto Universitario Orientale, Istituto «Cervantes» (Napoli), Istituto di Studi Latino-americani (i.s.la., Pagani), Centro di Studi Vichiani (Napoli): Convegno Internazionale di Studi <strong>Vico nelle culture ispaniche e lusitane </strong>(<strong>Nápoles &#8211; Pagani, 24-25 enero, 2002).</strong></li>



<li>Centro di Studi Vichiani del CNR, Dipartimento di Filosofia «A. Aliotta» dell&#8217;Università di Napoli «Federico II», Dipartimento di Filosofia e Teoria delle Scienze Umane dell&#8217;Università di Cagliari, Dipartimento di Filosofia dell&#8217;Università di Salerno, C.E.R.P.H.I. École Normale Supérieure de Lyon: Convegno Internazionale <strong>Il sapere poetico e gli universali fantastici. La presenza di Vico nella riflessione filosofica contemporanea (Nápoles, 23-25 mayo, 2002).</strong></li>



<li>Universidad Autónoma Metropolitana de la Ciudad de México: <strong>II Seminario Internacional de Filosofía Política: <em>Giambattista Vico y el Mundo Moderno </em>(México, 22-25 septiembre, 2003)</strong>.</li>



<li>Istituto per la Storia del Pensiero Filosofico e Scientifico Moderno (C.N.R.): Seminario internazionale <strong>Vico nella storia della filologia (Nápoles, 21 noviembre, 2003)</strong>.</li>
</ol>



<p>© Centro de Investigaciones sobre Vico &#8211; Cuadernos sobre Vico. 2004. &lt;cuadernosvico@us.es&gt;</p>
