{"id":537,"date":"2025-08-06T00:29:25","date_gmt":"2025-08-05T22:29:25","guid":{"rendered":"https:\/\/institucional.us.es\/diccafd\/?page_id=537"},"modified":"2026-03-24T13:30:14","modified_gmt":"2026-03-24T12:30:14","slug":"coordinacion-academica","status":"publish","type":"page","link":"https:\/\/institucional.us.es\/diccafd\/coordinacion-academica\/","title":{"rendered":"Coordinaci\u00f3n Acad\u00e9mica"},"content":{"rendered":"<p>[et_pb_section fb_built=\u00bb1&#8243; _builder_version=\u00bb4.27.4&#8243; _module_preset=\u00bbdefault\u00bb background_color=\u00bbrgba(254,21,108,0.85)\u00bb background_image=\u00bbhttps:\/\/institucional.us.es\/diccafd\/wp-content\/uploads\/2025\/09\/Pista-de-Atletismo.jpg\u00bb background_size=\u00bbcustom\u00bb background_image_width=\u00bb50%\u00bb background_position=\u00bbcenter_right\u00bb background_horizontal_offset=\u00bb0%\u00bb background_blend=\u00bbmultiply\u00bb background_enable_mask_style=\u00bbon\u00bb background_mask_style=\u00bbdiagonal-bars\u00bb background_mask_color=\u00bb#0C2C43&#8243; background_mask_size=\u00bbcover\u00bb background_last_edited=\u00bbon|phone\u00bb background_enable_image_tablet=\u00bboff\u00bb background_enable_image_phone=\u00bboff\u00bb background_enable_mask_style_tablet=\u00bbon\u00bb background_mask_style_tablet=\u00bbdiagonal-bars\u00bb box_shadow_style=\u00bbpreset3&#8243; locked=\u00bboff\u00bb global_colors_info=\u00bb{}\u00bb][et_pb_row use_custom_gutter=\u00bbon\u00bb gutter_width=\u00bb1&#8243; _builder_version=\u00bb4.16&#8243; _module_preset=\u00bbdefault\u00bb width_tablet=\u00bb\u00bb width_phone=\u00bb90%\u00bb width_last_edited=\u00bbon|phone\u00bb max_width_tablet=\u00bb\u00bb max_width_phone=\u00bb90%\u00bb max_width_last_edited=\u00bbon|phone\u00bb global_colors_info=\u00bb{}\u00bb][et_pb_column type=\u00bb4_4&#8243; _builder_version=\u00bb4.16&#8243; _module_preset=\u00bbdefault\u00bb global_colors_info=\u00bb{}\u00bb][et_pb_text _builder_version=\u00bb4.27.4&#8243; _module_preset=\u00bbdefault\u00bb text_font=\u00bb&#8211;et_global_heading_font|700||on|||||\u00bb text_text_color=\u00bb#FE156C\u00bb text_font_size=\u00bb40px\u00bb text_line_height=\u00bb1.2em\u00bb custom_padding=\u00bb||20px||false|false\u00bb text_text_color_tablet=\u00bb#FFFFFF\u00bb text_text_color_phone=\u00bb#FFFFFF\u00bb text_text_color_last_edited=\u00bbon|phone\u00bb locked=\u00bboff\u00bb global_colors_info=\u00bb{}\u00bb]<\/p>\n<p>Coordinaci\u00f3n Acad\u00e9mica<\/p>\n<p>[\/et_pb_text][et_pb_text disabled_on=\u00bbon|off|off\u00bb _builder_version=\u00bb4.27.4&#8243; _module_preset=\u00bbdefault\u00bb text_font=\u00bb|600|||||||\u00bb text_text_color=\u00bb#FFFFFF\u00bb text_font_size=\u00bb13px\u00bb link_text_color=\u00bb#FFFFFF\u00bb locked=\u00bboff\u00bb global_colors_info=\u00bb{}\u00bb]<\/p>\n<p><a href=\"https:\/\/institucional.us.es\/diccafd\/\">Inicio<\/a>\u00a0<svg xmlns=\"http:\/\/www.w3.org\/2000\/svg\" viewbox=\"-11 -2 30 17\" width=\"15\" fill=\"currentColor\"><path d=\"M5.314 7.071l-4.95-4.95A1 1 0 0 1 1.778.707l5.657 5.657a1 1 0 0 1 0 1.414l-5.657 5.657a1 1 0 0 1-1.414-1.414l4.95-4.95z\"><\/path><\/svg> Coordinaci\u00f3n Acad\u00e9mica<\/p>\n<p>[\/et_pb_text][\/et_pb_column][\/et_pb_row][\/et_pb_section][et_pb_section fb_built=\u00bb1&#8243; custom_padding_last_edited=\u00bboff|desktop\u00bb admin_label=\u00bbInformation Section\u00bb _builder_version=\u00bb4.27.4&#8243; max_width=\u00bb100%\u00bb custom_padding_tablet=\u00bb||120px|\u00bb locked=\u00bboff\u00bb global_colors_info=\u00bb{}\u00bb][et_pb_row column_structure=\u00bb3_4,1_4&#8243; _builder_version=\u00bb4.27.4&#8243; animation_style=\u00bbslide\u00bb animation_direction=\u00bbright\u00bb animation_intensity_slide=\u00bb1%\u00bb hover_enabled=\u00bb0&#8243; locked=\u00bboff\u00bb global_colors_info=\u00bb{}\u00bb sticky_enabled=\u00bb0&#8243;][et_pb_column type=\u00bb3_4&#8243; _builder_version=\u00bb4.16&#8243; custom_padding=\u00bb|||\u00bb global_colors_info=\u00bb{}\u00bb custom_padding__hover=\u00bb|||\u00bb][et_pb_text _builder_version=\u00bb4.27.4&#8243; text_font=\u00bb&#8211;et_global_heading_font|800|||||||\u00bb text_text_color=\u00bb#FE156C\u00bb text_font_size=\u00bb45px\u00bb text_line_height=\u00bb1.5em\u00bb header_font=\u00bb||||||||\u00bb header_2_font=\u00bbRaleway|700|||||||\u00bb header_2_font_size=\u00bb56px\u00bb header_2_line_height=\u00bb1.2em\u00bb custom_margin=\u00bb||20px|\u00bb text_font_size_tablet=\u00bb40px\u00bb text_font_size_phone=\u00bb35px\u00bb text_font_size_last_edited=\u00bbon|phone\u00bb header_2_font_size_tablet=\u00bb36px\u00bb header_2_font_size_phone=\u00bb\u00bb header_2_font_size_last_edited=\u00bbon|phone\u00bb global_colors_info=\u00bb{}\u00bb]<\/p>\n<p>Coordinaci\u00f3n Acad\u00e9mica<\/p>\n<p>[\/et_pb_text][et_pb_divider color=\u00bb#0C2C43&#8243; divider_weight=\u00bb5px\u00bb _builder_version=\u00bb4.27.4&#8243; max_width=\u00bb20%\u00bb global_colors_info=\u00bb{}\u00bb][\/et_pb_divider][et_pb_text _builder_version=\u00bb4.27.4&#8243; text_font=\u00bb&#8211;et_global_body_font||||||||\u00bb text_text_color=\u00bb#0C2C43&#8243; text_font_size=\u00bb17px\u00bb text_line_height=\u00bb2em\u00bb max_width=\u00bb750px\u00bb global_colors_info=\u00bb{}\u00bb]<\/p>\n<p>Cada universidad cuenta con representantes acad\u00e9micos que forman la comisi\u00f3n acad\u00e9mica del programa. Esta comisi\u00f3n, entre otras muchas <a href=\"https:\/\/doctorado.us.es\/escuela\/normativa\/normativa-estudios-doctorado#TITULOI-C3-S2\" target=\"_blank\" rel=\"noopener\">funciones<\/a>, supervisa la admisi\u00f3n, seguimiento y evaluaci\u00f3n de los doctorandos, as\u00ed como la coordinaci\u00f3n de las actividades formativas.<\/p>\n<p>[\/et_pb_text][et_pb_text _builder_version=\u00bb4.27.4&#8243; text_font=\u00bb&#8211;et_global_body_font||||||||\u00bb text_text_color=\u00bb#0C2C43&#8243; text_font_size=\u00bb17px\u00bb text_line_height=\u00bb2em\u00bb max_width=\u00bb750px\u00bb hover_enabled=\u00bb0&#8243; global_colors_info=\u00bb{}\u00bb sticky_enabled=\u00bb0&#8243;]<\/p>\n<p><b>Coordinadora:<\/b><span>\u00a0<\/span><a rel=\"nofollow\" target=\"blank\" href=\"https:\/\/www.us.es\/trabaja-en-la-us\/directorio\/maria-del-carmen-campos-mesa\">Campos Mesa, Mar\u00eda Del Carmen (Universidad de Sevilla)<\/a><\/p>\n<p><b>Secretario:<\/b><span>\u00a0<\/span><a rel=\"nofollow\" target=\"blank\" href=\"https:\/\/www.us.es\/trabaja-en-la-us\/directorio\/jeronimo-garcia-fernandez\">Garc\u00eda Fern\u00e1ndez, Jer\u00f3nimo <\/a><a rel=\"nofollow\" target=\"blank\" href=\"https:\/\/www.us.es\/trabaja-en-la-us\/directorio\/maria-del-carmen-campos-mesa\">(Universidad de Sevilla)<\/a><a rel=\"nofollow\" target=\"blank\" href=\"https:\/\/www.us.es\/trabaja-en-la-us\/directorio\/jeronimo-garcia-fernandez\"><\/a><\/p>\n<p><b>Vocal:<\/b><span>\u00a0<\/span><a rel=\"nofollow\" target=\"blank\" href=\"https:\/\/www.us.es\/trabaja-en-la-us\/directorio\/beatriz-isabel-bachero-mena\">Bachero Mena, Beatriz Isabel <\/a><a rel=\"nofollow\" target=\"blank\" href=\"https:\/\/www.us.es\/trabaja-en-la-us\/directorio\/maria-del-carmen-campos-mesa\">(Universidad de Sevilla)<\/a><a rel=\"nofollow\" target=\"blank\" href=\"https:\/\/www.us.es\/trabaja-en-la-us\/directorio\/beatriz-isabel-bachero-mena\"><\/a><\/p>\n<p><b>Vocal:<\/b><span>\u00a0<\/span><a rel=\"nofollow\" target=\"blank\" href=\"https:\/\/www.us.es\/trabaja-en-la-us\/directorio\/francisco-de-borja-sanudo-corrales\">Sa\u00f1udo Corrales, Borja <\/a><a rel=\"nofollow\" target=\"blank\" href=\"https:\/\/www.us.es\/trabaja-en-la-us\/directorio\/maria-del-carmen-campos-mesa\">(Universidad de Sevilla)<\/a><a rel=\"nofollow\" target=\"blank\" href=\"https:\/\/www.us.es\/trabaja-en-la-us\/directorio\/francisco-de-borja-sanudo-corrales\"><\/a><\/p>\n<p><b>Vocal:<\/b><span>\u00a0<\/span><a rel=\"nofollow\" target=\"blank\" href=\"https:\/\/www.uah.es\/es\/estudios\/profesor\/Juan-Carlos-Zapardiel-Cortes\/\">Fern\u00e1ndez Garc\u00eda, Jos\u00e9 Carlos <\/a><a rel=\"nofollow\" target=\"blank\" href=\"https:\/\/www.us.es\/trabaja-en-la-us\/directorio\/maria-del-carmen-campos-mesa\">(Universidad de M\u00e1laga)<\/a><a rel=\"nofollow\" target=\"blank\" href=\"https:\/\/www.uah.es\/es\/estudios\/profesor\/Juan-Carlos-Zapardiel-Cortes\/\"><\/a><\/p>\n<p><b>Vocal y coordinador adjunto de la Universidad de M\u00e1laga:<\/b><span>\u00a0<\/span><a rel=\"nofollow\" target=\"blank\" href=\"https:\/\/www.uma.es\/departments\/teachers\/S25Md29LRE5QNTA4MFBtYWFVUnNTZz09\">Castillo Rodr\u00edguez, Alfonso <\/a><a rel=\"nofollow\" target=\"blank\" href=\"https:\/\/www.us.es\/trabaja-en-la-us\/directorio\/maria-del-carmen-campos-mesa\">(Universidad de M\u00e1laga)<\/a><a rel=\"nofollow\" target=\"blank\" href=\"https:\/\/www.uma.es\/departments\/teachers\/S25Md29LRE5QNTA4MFBtYWFVUnNTZz09\"><\/a><\/p>\n<p><b>Vocal:<\/b><span>\u00a0<\/span><a rel=\"nofollow\" target=\"blank\" href=\"https:\/\/www.uah.es\/es\/estudios\/profesor\/Angel-Luis-Clemente-Remon\/\">Clemente Rem\u00f3n, Angel Lu\u00eds <\/a><a rel=\"nofollow\" target=\"blank\" href=\"https:\/\/www.us.es\/trabaja-en-la-us\/directorio\/maria-del-carmen-campos-mesa\">(Universidad de Alcal\u00e1)<\/a><a rel=\"nofollow\" target=\"blank\" href=\"https:\/\/www.uah.es\/es\/estudios\/profesor\/Angel-Luis-Clemente-Remon\/\"><\/a><\/p>\n<p><b>Vocal y coordinador adjunto de la Universida de Alcal\u00e1:<\/b><span>\u00a0<\/span><a rel=\"nofollow\" target=\"blank\" href=\"https:\/\/www.uah.es\/es\/estudios\/profesor\/Alberto-Perez-Lopez\/\">P\u00e9rez L\u00f3pez, Alberto <\/a><a rel=\"nofollow\" target=\"blank\" href=\"https:\/\/www.us.es\/trabaja-en-la-us\/directorio\/maria-del-carmen-campos-mesa\">(Universidad de Alcal\u00e1)<\/a><a rel=\"nofollow\" target=\"blank\" href=\"https:\/\/www.uah.es\/es\/estudios\/profesor\/Alberto-Perez-Lopez\/\"><\/a><\/p>\n<p><b>Actas comisi\u00f3n acad\u00e9mica:<\/b> <a href=\"https:\/\/drive.google.com\/drive\/folders\/1wkw53JCBZXQs-5twNQX9WH0DfudK0aYd?usp=sharing\">Enlace<\/a><\/p>\n<p>[\/et_pb_text][et_pb_text _builder_version=\u00bb4.27.4&#8243; text_font=\u00bb&#8211;et_global_body_font||||||||\u00bb text_text_color=\u00bb#0C2C43&#8243; text_font_size=\u00bb17px\u00bb text_line_height=\u00bb2em\u00bb max_width=\u00bb750px\u00bb custom_margin=\u00bb50px||||false|false\u00bb hover_enabled=\u00bb0&#8243; global_colors_info=\u00bb{}\u00bb sticky_enabled=\u00bb0&#8243;]<\/p>\n<h3>Identificaci\u00f3n<\/h3>\n<p><b>Nivel<\/b><span>: Doctorado<\/span><br \/><b>C\u00f3digo ISCED1:<\/b><span>\u00a0DEPORTES<\/span><br \/><b>C\u00f3digo ISCED2:<\/b><span>\u00a0CIENCIAS DE LA VIDA<\/span><br \/><b>Rama:<\/b><span>\u00a0Ciencias Sociales y Jur\u00eddicas<\/span><br \/><b>C\u00f3digo UXXI<\/b><span>: 3034<\/span><br \/><b>Web del programa:<\/b><span><\/span><a target=\"_blank\" rel=\"nofollo noopener\" href=\"https:\/\/doctorado.us.es\/estudios\/programas-de-doctorado\/ciencias-de-la-actividad-fisica-y-del-deporte\" title=\"\"><\/a><br \/><b>Email:<\/b><span>\u00a0<\/span><joomla-hidden-mail is-link=\"1\" is-email=\"1\" first=\"cGRmaXNpY2F5ZGVwb3J0ZQ==\" last=\"dXMuZXM=\" text=\"cGRmaXNpY2F5ZGVwb3J0ZUB1cy5lcw==\" base=\"\"><a href=\"mailto:pdfisicaydeporte@us.es\" base=\"\">pdfisicaydeporte@us.es<\/a><\/joomla-hidden-mail><br \/><b>Dedicaci\u00f3n:<span>\u00a0<\/span><\/b><span>Tiempo completo y tiempo parcial\u00a0<\/span><i>(M\u00e1s informaci\u00f3n:<span>\u00a0<\/span><a href=\"https:\/\/doctorado.us.es\/estudios\/permanencia\">Permanencia<span>\u00a0<\/span><\/a>)<\/i><br \/><b>Idiomas:<\/b> Castellano e ingl\u00e9s<\/p>\n<p>&nbsp;<\/p>\n<p>&nbsp;<\/p>\n<p>[\/et_pb_text][et_pb_text _builder_version=\u00bb4.27.4&#8243; text_font=\u00bb&#8211;et_global_body_font||||||||\u00bb text_text_color=\u00bb#0C2C43&#8243; text_font_size=\u00bb17px\u00bb text_line_height=\u00bb2em\u00bb max_width=\u00bb750px\u00bb custom_margin=\u00bb50px||||false|false\u00bb global_colors_info=\u00bb{}\u00bb]<\/p>\n<h3>\u00d3rganos participantes<\/h3>\n<ul>\n<li><a href=\"https:\/\/doctorado.us.es\/\" target=\"_blank\" rel=\"noopener noreferrer\">Escuela Internacional de doctorado de la Universidad de Sevilla<\/a><\/li>\n<li><a href=\"https:\/\/www.uma.es\/ed-uma\/\" target=\"_blank\" rel=\"noopener noreferrer\">Escuela de doctorado de la Universidad de M\u00e1laga<\/a><\/li>\n<li><a href=\"https:\/\/escuela-doctorado.uah.es\/es\/\" target=\"_blank\" rel=\"noopener noreferrer\">Escuela de doctorado de la Universidad de Alcal\u00e1<\/a><\/li>\n<\/ul>\n<p>[\/et_pb_text][\/et_pb_column][et_pb_column type=\u00bb1_4&#8243; _builder_version=\u00bb4.16&#8243; custom_padding=\u00bb|||\u00bb global_colors_info=\u00bb{}\u00bb custom_padding__hover=\u00bb|||\u00bb][et_pb_image src=\u00bbhttps:\/\/institucional.us.es\/diccafd\/wp-content\/uploads\/2025\/08\/Circles_.png\u00bb title_text=\u00bbCircles_\u00bb align_tablet=\u00bbcenter\u00bb align_phone=\u00bbcenter\u00bb align_last_edited=\u00bbon|desktop\u00bb _builder_version=\u00bb4.27.4&#8243; max_width_tablet=\u00bb300px\u00bb max_width_phone=\u00bb\u00bb max_width_last_edited=\u00bbon|tablet\u00bb custom_margin=\u00bb|-40%||\u00bb custom_margin_tablet=\u00bb|0%||\u00bb custom_margin_phone=\u00bb\u00bb custom_margin_last_edited=\u00bbon|phone\u00bb animation_style=\u00bbroll\u00bb animation_delay=\u00bb50ms\u00bb animation_intensity_roll=\u00bb15%\u00bb locked=\u00bboff\u00bb global_colors_info=\u00bb{}\u00bb][\/et_pb_image][\/et_pb_column][\/et_pb_row][\/et_pb_section][et_pb_section fb_built=\u00bb1&#8243; next_background_color=\u00bb#0C2C43&#8243; _builder_version=\u00bb4.27.4&#8243; _module_preset=\u00bbdefault\u00bb custom_padding=\u00bb0px||||false|false\u00bb bottom_divider_style=\u00bbasymmetric2&#8243; locked=\u00bboff\u00bb global_colors_info=\u00bb{}\u00bb][\/et_pb_section]<\/p>\n","protected":false},"excerpt":{"rendered":"<p>Coordinaci\u00f3n Acad\u00e9micaInicio\u00a0 Coordinaci\u00f3n Acad\u00e9micaCoordinaci\u00f3n Acad\u00e9micaCada universidad cuenta con representantes acad\u00e9micos que forman la comisi\u00f3n acad\u00e9mica del programa. Esta comisi\u00f3n, entre otras muchas funciones, supervisa la admisi\u00f3n, seguimiento y evaluaci\u00f3n de los doctorandos, as\u00ed como la coordinaci\u00f3n de las actividades formativas.Coordinadora:\u00a0Campos Mesa, Mar\u00eda Del Carmen (Universidad de Sevilla) Secretario:\u00a0Garc\u00eda Fern\u00e1ndez, Jer\u00f3nimo (Universidad de Sevilla) Vocal:\u00a0Bachero Mena, [&hellip;]<\/p>\n","protected":false},"author":2,"featured_media":0,"parent":0,"menu_order":0,"comment_status":"closed","ping_status":"closed","template":"","meta":{"_et_pb_use_builder":"on","_et_pb_old_content":"","_et_gb_content_width":"","footnotes":""},"class_list":["post-537","page","type-page","status-publish","hentry"],"_links":{"self":[{"href":"https:\/\/institucional.us.es\/diccafd\/wp-json\/wp\/v2\/pages\/537","targetHints":{"allow":["GET"]}}],"collection":[{"href":"https:\/\/institucional.us.es\/diccafd\/wp-json\/wp\/v2\/pages"}],"about":[{"href":"https:\/\/institucional.us.es\/diccafd\/wp-json\/wp\/v2\/types\/page"}],"author":[{"embeddable":true,"href":"https:\/\/institucional.us.es\/diccafd\/wp-json\/wp\/v2\/users\/2"}],"replies":[{"embeddable":true,"href":"https:\/\/institucional.us.es\/diccafd\/wp-json\/wp\/v2\/comments?post=537"}],"version-history":[{"count":13,"href":"https:\/\/institucional.us.es\/diccafd\/wp-json\/wp\/v2\/pages\/537\/revisions"}],"predecessor-version":[{"id":1018,"href":"https:\/\/institucional.us.es\/diccafd\/wp-json\/wp\/v2\/pages\/537\/revisions\/1018"}],"wp:attachment":[{"href":"https:\/\/institucional.us.es\/diccafd\/wp-json\/wp\/v2\/media?parent=537"}],"curies":[{"name":"wp","href":"https:\/\/api.w.org\/{rel}","templated":true}]}}