




{"id":1071,"date":"2022-11-18T17:58:37","date_gmt":"2022-11-18T17:58:37","guid":{"rendered":"https:\/\/institucional.us.es\/docenciaeco\/?page_id=1071"},"modified":"2025-07-19T00:23:50","modified_gmt":"2025-07-19T00:23:50","slug":"cv-concha","status":"publish","type":"page","link":"https:\/\/institucional.us.es\/docenciaeco\/miembros\/cv-concha\/","title":{"rendered":"CV-Concha"},"content":{"rendered":"<div id=\"pl-1071\"  class=\"panel-layout\" ><div id=\"pg-1071-0\"  class=\"panel-grid panel-has-style\" ><div class=\"cv-titulo siteorigin-panels-stretch panel-row-style-full-width panel-row-style panel-row-style-for-1071-0\" style=\"background-color: #bfaedf; \" data-stretch-type=\"full\" ><div id=\"pgc-1071-0-0\"  class=\"panel-grid-cell\" ><div id=\"panel-1071-0-0-0\" class=\"so-panel widget widget_sow-image panel-first-child panel-last-child\" data-index=\"0\" ><div class=\"cv-foto panel-widget-style panel-widget-style-for-1071-0-0-0\" ><div\n\t\t\t\n\t\t\tclass=\"so-widget-sow-image so-widget-sow-image-default-13f2a8b12fcc-1071\"\n\t\t\t\n\t\t>\n<div class=\"sow-image-container\">\n\t\t<img \n\tsrc=\"https:\/\/institucional.us.es\/docenciaeco\/wp-content\/uploads\/2022\/12\/Imagen1.jpg\" width=\"181\" height=\"167\" srcset=\"https:\/\/institucional.us.es\/docenciaeco\/wp-content\/uploads\/2022\/12\/Imagen1.jpg 181w, https:\/\/institucional.us.es\/docenciaeco\/wp-content\/uploads\/2022\/12\/Imagen1-16x16.jpg 16w\" sizes=\"(max-width: 181px) 100vw, 181px\" alt=\"\" \t\tclass=\"so-widget-image\"\/>\n\t<\/div>\n\n<\/div><\/div><\/div><\/div><div id=\"pgc-1071-0-1\"  class=\"panel-grid-cell\" ><div id=\"panel-1071-0-1-0\" class=\"so-panel widget widget_sow-editor panel-first-child panel-last-child\" data-index=\"1\" ><div\n\t\t\t\n\t\t\tclass=\"so-widget-sow-editor so-widget-sow-editor-base\"\n\t\t\t\n\t\t>\n<div class=\"siteorigin-widget-tinymce textwidget\">\n\t<h1>CONCHA<br \/>\nB\u00c1EZ MORENO<\/h1>\n<p><em>\u201cGallega de Salamanca curiosa con las lenguas (orales y signadas), los lenguajes y la ling\u00fc\u00edstica\u201d<\/em><\/p>\n<\/div>\n<\/div><\/div><\/div><\/div><\/div><div id=\"pg-1071-1\"  class=\"panel-grid panel-no-style\" ><div id=\"pgc-1071-1-0\"  class=\"panel-grid-cell\" ><div id=\"panel-1071-1-0-0\" class=\"so-panel widget widget_sow-editor panel-first-child panel-last-child\" data-index=\"2\" ><div\n\t\t\t\n\t\t\tclass=\"so-widget-sow-editor so-widget-sow-editor-base\"\n\t\t\t\n\t\t>\n<div class=\"siteorigin-widget-tinymce textwidget\">\n\t<p style=\"text-align: center;\"><img loading=\"lazy\" decoding=\"async\" class=\"cv-icono wp-image-436\" src=\"https:\/\/institucional.us.es\/docenciaeco\/wp-content\/uploads\/2022\/11\/loc.svg\" alt=\"\" width=\"20\" height=\"20\"> Universidad de Vigo<\/p>\n<\/div>\n<\/div><\/div><\/div><div id=\"pgc-1071-1-1\"  class=\"panel-grid-cell\" ><div id=\"panel-1071-1-1-0\" class=\"so-panel widget widget_sow-editor panel-first-child panel-last-child\" data-index=\"3\" ><div\n\t\t\t\n\t\t\tclass=\"so-widget-sow-editor so-widget-sow-editor-base\"\n\t\t\t\n\t\t>\n<div class=\"siteorigin-widget-tinymce textwidget\">\n\t<p style=\"text-align: center;\"><img loading=\"lazy\" decoding=\"async\" class=\"cv-icono wp-image-437\" src=\"https:\/\/institucional.us.es\/docenciaeco\/wp-content\/uploads\/2022\/11\/mail.svg\" alt=\"\" width=\"20\" height=\"20\"> cbaez@uvigo.es<\/p>\n<\/div>\n<\/div><\/div><\/div><div id=\"pgc-1071-1-2\"  class=\"panel-grid-cell\" ><div id=\"panel-1071-1-2-0\" class=\"so-panel widget widget_sow-editor panel-first-child panel-last-child\" data-index=\"4\" ><div\n\t\t\t\n\t\t\tclass=\"so-widget-sow-editor so-widget-sow-editor-base\"\n\t\t\t\n\t\t>\n<div class=\"siteorigin-widget-tinymce textwidget\">\n\t<p style=\"text-align: center;\"><img loading=\"lazy\" decoding=\"async\" class=\"cv-icono wp-image-438\" src=\"https:\/\/institucional.us.es\/docenciaeco\/wp-content\/uploads\/2022\/11\/orcid.svg\" alt=\"\" width=\"20\" height=\"20\"> ORCID<\/p>\n<\/div>\n<\/div><\/div><\/div><\/div><div id=\"pg-1071-2\"  class=\"panel-grid panel-has-style\" ><div class=\"panel-row-style panel-row-style-for-1071-2\" ><div id=\"pgc-1071-2-0\"  class=\"panel-grid-cell\" ><div id=\"panel-1071-2-0-0\" class=\"so-panel widget widget_sow-editor panel-first-child panel-last-child\" data-index=\"5\" ><div\n\t\t\t\n\t\t\tclass=\"so-widget-sow-editor so-widget-sow-editor-base\"\n\t\t\t\n\t\t>\n<div class=\"siteorigin-widget-tinymce textwidget\">\n\t<p>Mi experiencia en ense\u00f1anza de lenguas la inici\u00e9 en la Universidad de Salamanca y desde entonces no he parado: &nbsp;Universidad do Minho (Portugal) Universidad de Santiago de Compostela y Cat\u00f3lica de Portugal (Braga) y Universdiad de Vigo. Actualmente soy profesora titular del departamento de lengua espa\u00f1ola en la Universidad de Vigo (en el 2022 me han reconocido el 12 trienios docentes). Me gusta innovar en la docencia y que los alumnus aprendan. He impulsado la creaci\u00f3n y organizaci\u00f3n de los cursos de espa\u00f1ol para extranjeros en el <em>Centro de linguas<\/em> de la Universidad de Vigo desde 1995 hasta el a\u00f1o 2000. Imparto docencia en grado, master y doctorado, he organizado y dirigido tres m\u00e1steres interuniversitarios Vigo Coru\u00f1a y de <em>Linguistica aplicada<\/em> con las tres universidades gallegas (Vigo A Coru\u00f1a Santiago). Tambi\u00e9n doy clases en el master de profesorado de lenguas oficiales. La docencia tambi\u00e9n me ha permitido desarrollar una importante formaci\u00f3n en la investigaci\u00f3n en la ense\u00f1anza de lenguas y en la investigaci\u00f3n en lengua de signos. Me gusta mucho que los alumnos aprendan.<\/p>\n<p>&nbsp;<\/p>\n<\/div>\n<\/div><\/div><\/div><\/div><\/div><div id=\"pg-1071-3\"  class=\"panel-grid panel-no-style\" ><div id=\"pgc-1071-3-0\"  class=\"panel-grid-cell\" ><div id=\"panel-1071-3-0-0\" class=\"so-panel widget widget_sow-button panel-first-child panel-last-child\" data-index=\"6\" ><div\n\t\t\t\n\t\t\tclass=\"so-widget-sow-button so-widget-sow-button-wire-80810b17e450-1071\"\n\t\t\t\n\t\t><div class=\"ow-button-base ow-button-align-right\"\n>\n\t\t\t<a\n\t\t\t\t\thref=\"https:\/\/institucional.us.es\/docenciaeco\/miembros\/\"\n\t\t\t\t\tclass=\"sowb-button ow-icon-placement-left ow-button-hover\" \t>\n\t\t<span>\n\t\t\t<span class=\"sow-icon-ionicons\" data-sow-icon=\"&#xf3cf;\"\n\t\tstyle=\"color: #000000\" \n\t\taria-hidden=\"true\"><\/span>\n\t\t\tVolver\t\t<\/span>\n\t\t\t<\/a>\n\t<\/div>\n<\/div><\/div><\/div><\/div><\/div>","protected":false},"excerpt":{"rendered":"<p>CONCHA B\u00c1EZ MORENO \u201cGallega de Salamanca curiosa con las lenguas (orales y signadas), los lenguajes y la ling\u00fc\u00edstica\u201d Universidad de Vigo cbaez@uvigo.es ORCID<\/p>\n","protected":false},"author":2,"featured_media":0,"parent":23,"menu_order":0,"comment_status":"closed","ping_status":"closed","template":"","meta":{"inline_featured_image":false,"footnotes":""},"class_list":["post-1071","page","type-page","status-publish","hentry","post"],"_links":{"self":[{"href":"https:\/\/institucional.us.es\/docenciaeco\/wp-json\/wp\/v2\/pages\/1071","targetHints":{"allow":["GET"]}}],"collection":[{"href":"https:\/\/institucional.us.es\/docenciaeco\/wp-json\/wp\/v2\/pages"}],"about":[{"href":"https:\/\/institucional.us.es\/docenciaeco\/wp-json\/wp\/v2\/types\/page"}],"author":[{"embeddable":true,"href":"https:\/\/institucional.us.es\/docenciaeco\/wp-json\/wp\/v2\/users\/2"}],"replies":[{"embeddable":true,"href":"https:\/\/institucional.us.es\/docenciaeco\/wp-json\/wp\/v2\/comments?post=1071"}],"version-history":[{"count":5,"href":"https:\/\/institucional.us.es\/docenciaeco\/wp-json\/wp\/v2\/pages\/1071\/revisions"}],"predecessor-version":[{"id":2581,"href":"https:\/\/institucional.us.es\/docenciaeco\/wp-json\/wp\/v2\/pages\/1071\/revisions\/2581"}],"up":[{"embeddable":true,"href":"https:\/\/institucional.us.es\/docenciaeco\/wp-json\/wp\/v2\/pages\/23"}],"wp:attachment":[{"href":"https:\/\/institucional.us.es\/docenciaeco\/wp-json\/wp\/v2\/media?parent=1071"}],"curies":[{"name":"wp","href":"https:\/\/api.w.org\/{rel}","templated":true}]}}