




{"id":280,"date":"2022-11-18T17:58:37","date_gmt":"2022-11-18T17:58:37","guid":{"rendered":"https:\/\/institucional.us.es\/docenciaeco\/?page_id=280"},"modified":"2025-07-18T23:59:12","modified_gmt":"2025-07-18T23:59:12","slug":"cv-eduardo-alejandro","status":"publish","type":"page","link":"https:\/\/institucional.us.es\/docenciaeco\/miembros\/cv-eduardo-alejandro\/","title":{"rendered":"CV-Eduardo-Alejandro"},"content":{"rendered":"<div id=\"pl-280\"  class=\"panel-layout\" ><div id=\"pg-280-0\"  class=\"panel-grid panel-has-style\" ><div class=\"cv-titulo siteorigin-panels-stretch panel-row-style-full-width panel-row-style panel-row-style-for-280-0\" style=\"background-color: #bfaedf; \" data-stretch-type=\"full\" ><div id=\"pgc-280-0-0\"  class=\"panel-grid-cell\" ><div id=\"panel-280-0-0-0\" class=\"so-panel widget widget_sow-image panel-first-child panel-last-child\" data-index=\"0\" ><div class=\"cv-foto panel-widget-style panel-widget-style-for-280-0-0-0\" ><div\n\t\t\t\n\t\t\tclass=\"so-widget-sow-image so-widget-sow-image-default-13f2a8b12fcc-280\"\n\t\t\t\n\t\t>\n<div class=\"sow-image-container\">\n\t\t<img \n\tsrc=\"https:\/\/institucional.us.es\/docenciaeco\/wp-content\/uploads\/2022\/11\/Haciendome-ECO.jpg\" width=\"667\" height=\"375\" srcset=\"https:\/\/institucional.us.es\/docenciaeco\/wp-content\/uploads\/2022\/11\/Haciendome-ECO.jpg 667w, https:\/\/institucional.us.es\/docenciaeco\/wp-content\/uploads\/2022\/11\/Haciendome-ECO-300x169.jpg 300w\" sizes=\"(max-width: 667px) 100vw, 667px\" title=\"Hacie\u0301ndome ECO\" alt=\"\" \t\tclass=\"so-widget-image\"\/>\n\t<\/div>\n\n<\/div><\/div><\/div><\/div><div id=\"pgc-280-0-1\"  class=\"panel-grid-cell\" ><div id=\"panel-280-0-1-0\" class=\"so-panel widget widget_sow-editor panel-first-child panel-last-child\" data-index=\"1\" ><div\n\t\t\t\n\t\t\tclass=\"so-widget-sow-editor so-widget-sow-editor-base\"\n\t\t\t\n\t\t>\n<div class=\"siteorigin-widget-tinymce textwidget\">\n\t<h1>EDUARDO ALEJANDRO<br \/>\nHERRERO V\u00c1ZQUEZ<\/h1>\n<p><em>\u201cArquitecto jug\u00f3n y pro(b)ocador de mi aprendizaje\u201d<\/em><\/p>\n<\/div>\n<\/div><\/div><\/div><\/div><\/div><div id=\"pg-280-1\"  class=\"panel-grid panel-no-style\" ><div id=\"pgc-280-1-0\"  class=\"panel-grid-cell\" ><div id=\"panel-280-1-0-0\" class=\"so-panel widget widget_sow-editor panel-first-child panel-last-child\" data-index=\"2\" ><div\n\t\t\t\n\t\t\tclass=\"so-widget-sow-editor so-widget-sow-editor-base\"\n\t\t\t\n\t\t>\n<div class=\"siteorigin-widget-tinymce textwidget\">\n\t<p style=\"text-align: center;\"><img loading=\"lazy\" decoding=\"async\" class=\"cv-icono wp-image-436\" src=\"https:\/\/institucional.us.es\/docenciaeco\/wp-content\/uploads\/2022\/11\/loc.svg\" alt=\"\" width=\"20\" height=\"20\"> Universidad de Sevilla<\/p>\n<\/div>\n<\/div><\/div><\/div><div id=\"pgc-280-1-1\"  class=\"panel-grid-cell\" ><div id=\"panel-280-1-1-0\" class=\"so-panel widget widget_sow-editor panel-first-child panel-last-child\" data-index=\"3\" ><div\n\t\t\t\n\t\t\tclass=\"so-widget-sow-editor so-widget-sow-editor-base\"\n\t\t\t\n\t\t>\n<div class=\"siteorigin-widget-tinymce textwidget\">\n\t<p style=\"text-align: center;\"><img loading=\"lazy\" decoding=\"async\" class=\"cv-icono alignnone wp-image-437\" src=\"https:\/\/institucional.us.es\/docenciaeco\/wp-content\/uploads\/2022\/11\/mail.svg\" alt=\"\" width=\"20\" height=\"20\"> eduardo@us.es<\/p>\n<\/div>\n<\/div><\/div><\/div><div id=\"pgc-280-1-2\"  class=\"panel-grid-cell\" ><div id=\"panel-280-1-2-0\" class=\"so-panel widget widget_sow-editor panel-first-child panel-last-child\" data-index=\"4\" ><div\n\t\t\t\n\t\t\tclass=\"so-widget-sow-editor so-widget-sow-editor-base\"\n\t\t\t\n\t\t>\n<div class=\"siteorigin-widget-tinymce textwidget\">\n\t<p style=\"text-align: center;\"><img loading=\"lazy\" decoding=\"async\" class=\"cv-icono alignnone wp-image-438\" src=\"https:\/\/institucional.us.es\/docenciaeco\/wp-content\/uploads\/2022\/11\/orcid.svg\" alt=\"\" width=\"20\" height=\"20\"> <a href=\"https:\/\/orcid.org\/0000-0002-6515-6845\">ORCID<\/a><\/p>\n<\/div>\n<\/div><\/div><\/div><\/div><div id=\"pg-280-2\"  class=\"panel-grid panel-has-style\" ><div class=\"panel-row-style panel-row-style-for-280-2\" ><div id=\"pgc-280-2-0\"  class=\"panel-grid-cell\" ><div id=\"panel-280-2-0-0\" class=\"so-panel widget widget_sow-editor panel-first-child panel-last-child\" data-index=\"5\" ><div\n\t\t\t\n\t\t\tclass=\"so-widget-sow-editor so-widget-sow-editor-base\"\n\t\t\t\n\t\t>\n<div class=\"siteorigin-widget-tinymce textwidget\">\n\t<p>Ocho cursos como profesor de Dibujo y asignaturas afines en la ense\u00f1anza secundaria, coordinando diversos proyectos de innovaci\u00f3n educativa.<\/p>\n<p>Desde 1995 como profesor en la Universidad de Sevilla, departamento de Ingenier\u00eda Gr\u00e1fica, impartiendo Geometr\u00eda Descriptiva y tutorizando TFG en el Grado en Edificaci\u00f3n; impartiendo y coordinando la especialidad de Ergonom\u00eda y Psicosociolog\u00eda, y tutorizando TFM en el M\u00e1ster en Seguridad Integral en Edificaci\u00f3n. Tutor tambi\u00e9n de TFM en el MAES.<\/p>\n<p>Comprometido con la innovaci\u00f3n docente desde mis inicios, he coordinado numerosos proyectos, participado en diferentes congresos educativos y publicaciones docentes sobre ECO como proceso dinamizador de un aprendizaje contextualizado e inspirado en el ser humano.<\/p>\n<\/div>\n<\/div><\/div><\/div><\/div><\/div><div id=\"pg-280-3\"  class=\"panel-grid panel-has-style\" ><div class=\"cont_publicaciones panel-row-style panel-row-style-for-280-3\" ><div id=\"pgc-280-3-0\"  class=\"panel-grid-cell\" ><div id=\"panel-280-3-0-0\" class=\"so-panel widget widget_siteorigin-panels-postloop panel-first-child\" data-index=\"6\" >\t<h2>Publicaciones<\/h2>\r\n\t\t\r\n    <div class=\"entry-content publicacion\">\r\n        <p>Herrero V\u00e1zquez, E. A. y Mora Gutierrez, J. P. (2018). Aprendizaje Basado en Retos con Design Thinking: ECO en el Grado en Filolog\u00eda Hisp\u00e1nica de la Universidad de Sevilla. En Asenjo P\u00e9rez, J. et al. (Coords.), Actas del Congreso Iberoamericano de Docentes (pp. 1-<br \/>\n9), Asociaci\u00f3n Formaci\u00f3n IB. https:\/\/formacionib.org\/congreso\/2038.pdf<\/p>\n\t<\/div>\r\n    \r\n    \r\n\r\n\t\r\n    <div class=\"entry-content publicacion\">\r\n        <p>Torres Gordillo, J. J. y Herrero V\u00e1zquez, E. A. (2020). Innovaci\u00f3n metodol\u00f3gica transdisciplinar en la universidad con el m\u00e9todo ECO. En M. Reyes-Tejedor, D. Cobos Sanchiz y E. L\u00f3pez Meneses (Coords.), Innovaci\u00f3n pedag\u00f3gica universitaria: reflexiones y estrategias, Octaedro, pp. 155-173.<\/p>\n\t<\/div>\r\n    \r\n    \r\n\r\n\t\r\n    <div class=\"entry-content publicacion\">\r\n        <p>Torres Gordillo, J. J., Garc\u00eda Jim\u00e9nez, J., Herrero V\u00e1zquez, E.-A. (2020). Contributions of technology to cooperative work for university innovation with Design Thinking. Pixel-Bit. Revista de Medios y Educaci\u00f3n, 59, pp. 27-64. doi:10.12795\/pixelbit.74554. <\/p>\n\t<\/div>\r\n    \r\n    \r\n\r\n\t\r\n    <div class=\"entry-content publicacion\">\r\n        <p>Blanco-Barrera, R., M\u00e9ndez Orense, M., Herrero-V\u00e1zquez, E.,<sup>. <\/sup>&amp; Mora Guti\u00e9rrez, J. P. (2024). Ecoshow: un evento universitario creativo pensado para el mundo real. En M. del C. Llorente Cejudo, R. Barrag\u00e1n S\u00e1nchez, N. P\u00e9rez Rodr\u00edguez &amp; L. Martin P\u00e1rraga (Coords.), <em>Ense\u00f1anza e innovaci\u00f3n educativa en el \u00e1mbito universitario<\/em> (pp.\u00a0226-237). Dykinson.<\/p>\n\t<\/div>\r\n    \r\n    \r\n\r\n\t\r\n    <div class=\"entry-content publicacion\">\r\n        <p>Repede, D., Torres-Gordillo, J-J Garc\u00eda-Jim\u00e9nez, J., &amp; Herrero-V\u00e1zquez, E.-A. (2025). El m\u00e9todo ECO como respuesta a los desaf\u00edos de la formaci\u00f3n en Educaci\u00f3n Superior. En R. Barrag\u00e1n-S\u00e1nchez<em> et al<\/em>. (Eds), <em>Acciones educativas innovadoras en el \u00e1mbito universitario<\/em>\u00a0(pp. 549-565). Dykinson, S.L.<\/p>\n\t<\/div>\r\n    \r\n    \r\n\r\n\t\r\n\t\r\n\r\n\r\n<\/div><div id=\"panel-280-3-0-1\" class=\"so-panel widget widget_siteorigin-panels-postloop panel-last-child\" data-index=\"7\" >\r\n\t<h2>Congresos<\/h2>\r\n\t\t\r\n    <div class=\"entry-content publicacion\">\r\n        <p>Repede, D., Torres-Gordillo, J.-J., Garc\u00eda-Jim\u00e9nez, J., &amp; Herrero-V\u00e1zquez, E.-A. (2024). Construyendo procesos de innovaci\u00f3n educativa con el m\u00e9todo ECO. Comunicaci\u00f3n en el\u00a0<em>III Congreso de Innovaci\u00f3n Educativa de la Universidad de Sevilla<\/em>\u00a0(INNOVARUS \u201924). Universidad de Sevilla, 22 de octubre de 2024.<\/p>\n\t<\/div>\r\n    \r\n    \r\n\r\n\t\r\n\t\r\n\r\n\r\n<\/div><\/div><\/div><\/div><div id=\"pg-280-4\"  class=\"panel-grid panel-no-style\" ><div id=\"pgc-280-4-0\"  class=\"panel-grid-cell\" ><div id=\"panel-280-4-0-0\" class=\"so-panel widget widget_sow-button panel-first-child panel-last-child\" data-index=\"8\" ><div\n\t\t\t\n\t\t\tclass=\"so-widget-sow-button so-widget-sow-button-wire-80810b17e450-2702\"\n\t\t\t\n\t\t><div class=\"ow-button-base ow-button-align-right\"\n>\n\t\t\t<a\n\t\t\t\t\thref=\"https:\/\/institucional.us.es\/docenciaeco\/miembros\/\"\n\t\t\t\t\tclass=\"sowb-button ow-icon-placement-left ow-button-hover\" \t>\n\t\t<span>\n\t\t\t<span class=\"sow-icon-ionicons\" data-sow-icon=\"&#xf3cf;\"\n\t\tstyle=\"color: #000000\" \n\t\taria-hidden=\"true\"><\/span>\n\t\t\tVolver\t\t<\/span>\n\t\t\t<\/a>\n\t<\/div>\n<\/div><\/div><\/div><\/div><\/div>","protected":false},"excerpt":{"rendered":"<p>EDUARDO ALEJANDRO HERRERO V\u00c1ZQUEZ \u201cArquitecto jug\u00f3n y pro(b)ocador de mi aprendizaje\u201d Universidad de Sevilla eduardo@us.es ORCID Ocho cursos como profesor de Dibujo y asignaturas afines en la ense\u00f1anza secundaria, coordinando diversos proyectos de innovaci\u00f3n educativa. Desde 1995 como profesor en la Universidad de Sevilla, departamento de Ingenier\u00eda Gr\u00e1fica, impartiendo Geometr\u00eda Descriptiva y tutorizando TFG en el Grado en Edificaci\u00f3n; impartiendo y coordinando la especialidad de Ergonom\u00eda y Psicosociolog\u00eda, y tutorizando TFM en el M\u00e1ster en Seguridad Integral en Edificaci\u00f3n. Tutor tambi\u00e9n de TFM en el MAES. Comprometido con la innovaci\u00f3n docente desde mis inicios, he coordinado numerosos proyectos, participado en diferentes congresos educativos y publicaciones docentes sobre ECO como proceso dinamizador de un aprendizaje contextualizado e inspirado en el ser humano.<\/p>\n","protected":false},"author":2,"featured_media":0,"parent":23,"menu_order":0,"comment_status":"closed","ping_status":"closed","template":"","meta":{"inline_featured_image":false,"footnotes":""},"class_list":["post-280","page","type-page","status-publish","hentry","post"],"_links":{"self":[{"href":"https:\/\/institucional.us.es\/docenciaeco\/wp-json\/wp\/v2\/pages\/280","targetHints":{"allow":["GET"]}}],"collection":[{"href":"https:\/\/institucional.us.es\/docenciaeco\/wp-json\/wp\/v2\/pages"}],"about":[{"href":"https:\/\/institucional.us.es\/docenciaeco\/wp-json\/wp\/v2\/types\/page"}],"author":[{"embeddable":true,"href":"https:\/\/institucional.us.es\/docenciaeco\/wp-json\/wp\/v2\/users\/2"}],"replies":[{"embeddable":true,"href":"https:\/\/institucional.us.es\/docenciaeco\/wp-json\/wp\/v2\/comments?post=280"}],"version-history":[{"count":16,"href":"https:\/\/institucional.us.es\/docenciaeco\/wp-json\/wp\/v2\/pages\/280\/revisions"}],"predecessor-version":[{"id":2567,"href":"https:\/\/institucional.us.es\/docenciaeco\/wp-json\/wp\/v2\/pages\/280\/revisions\/2567"}],"up":[{"embeddable":true,"href":"https:\/\/institucional.us.es\/docenciaeco\/wp-json\/wp\/v2\/pages\/23"}],"wp:attachment":[{"href":"https:\/\/institucional.us.es\/docenciaeco\/wp-json\/wp\/v2\/media?parent=280"}],"curies":[{"name":"wp","href":"https:\/\/api.w.org\/{rel}","templated":true}]}}