




{"id":295,"date":"2022-11-18T17:58:37","date_gmt":"2022-11-18T17:58:37","guid":{"rendered":"https:\/\/institucional.us.es\/docenciaeco\/?page_id=295"},"modified":"2025-07-18T23:57:00","modified_gmt":"2025-07-18T23:57:00","slug":"cv-doina","status":"publish","type":"page","link":"https:\/\/institucional.us.es\/docenciaeco\/miembros\/cv-doina\/","title":{"rendered":"CV-Doina"},"content":{"rendered":"<div id=\"pl-295\"  class=\"panel-layout\" ><div id=\"pg-295-0\"  class=\"panel-grid panel-has-style\" ><div class=\"cv-titulo siteorigin-panels-stretch panel-row-style-full-width panel-row-style panel-row-style-for-295-0\" style=\"background-color: #bfaedf; \" data-stretch-type=\"full\" ><div id=\"pgc-295-0-0\"  class=\"panel-grid-cell\" ><div id=\"panel-295-0-0-0\" class=\"so-panel widget widget_sow-image panel-first-child panel-last-child\" data-index=\"0\" ><div class=\"cv-foto panel-widget-style panel-widget-style-for-295-0-0-0\" ><div\n\t\t\t\n\t\t\tclass=\"so-widget-sow-image so-widget-sow-image-default-13f2a8b12fcc-295\"\n\t\t\t\n\t\t>\n<div class=\"sow-image-container\">\n\t\t<img \n\tsrc=\"https:\/\/institucional.us.es\/docenciaeco\/wp-content\/uploads\/2022\/11\/34-264x300.jpg\" width=\"264\" height=\"300\" srcset=\"https:\/\/institucional.us.es\/docenciaeco\/wp-content\/uploads\/2022\/11\/34-264x300.jpg 264w, https:\/\/institucional.us.es\/docenciaeco\/wp-content\/uploads\/2022\/11\/34-900x1024.jpg 900w, https:\/\/institucional.us.es\/docenciaeco\/wp-content\/uploads\/2022\/11\/34-768x874.jpg 768w, https:\/\/institucional.us.es\/docenciaeco\/wp-content\/uploads\/2022\/11\/34-1350x1536.jpg 1350w, https:\/\/institucional.us.es\/docenciaeco\/wp-content\/uploads\/2022\/11\/34-1800x2048.jpg 1800w, https:\/\/institucional.us.es\/docenciaeco\/wp-content\/uploads\/2022\/11\/34.jpg 1927w\" sizes=\"(max-width: 264px) 100vw, 264px\" alt=\"\" \t\tclass=\"so-widget-image\"\/>\n\t<\/div>\n\n<\/div><\/div><\/div><\/div><div id=\"pgc-295-0-1\"  class=\"panel-grid-cell\" ><div id=\"panel-295-0-1-0\" class=\"so-panel widget widget_sow-editor panel-first-child panel-last-child\" data-index=\"1\" ><div\n\t\t\t\n\t\t\tclass=\"so-widget-sow-editor so-widget-sow-editor-base\"\n\t\t\t\n\t\t>\n<div class=\"siteorigin-widget-tinymce textwidget\">\n\t<h1>DOINA<br \/>\nREPEDE<\/h1>\n<p><em>\u201cLa tarea del educador moderno no es talar selvas, sino regar desiertos\u201d <\/em>(C.S. Lewis)<\/p>\n<\/div>\n<\/div><\/div><\/div><\/div><\/div><div id=\"pg-295-1\"  class=\"panel-grid panel-no-style\" ><div id=\"pgc-295-1-0\"  class=\"panel-grid-cell\" ><div id=\"panel-295-1-0-0\" class=\"so-panel widget widget_sow-editor panel-first-child panel-last-child\" data-index=\"2\" ><div\n\t\t\t\n\t\t\tclass=\"so-widget-sow-editor so-widget-sow-editor-base\"\n\t\t\t\n\t\t>\n<div class=\"siteorigin-widget-tinymce textwidget\">\n\t<p style=\"text-align: center;\"><img loading=\"lazy\" decoding=\"async\" class=\"cv-icono wp-image-436\" src=\"https:\/\/institucional.us.es\/docenciaeco\/wp-content\/uploads\/2022\/11\/loc.svg\" alt=\"\" width=\"20\" height=\"20\"> Universidad de Granada<\/p>\n<\/div>\n<\/div><\/div><\/div><div id=\"pgc-295-1-1\"  class=\"panel-grid-cell\" ><div id=\"panel-295-1-1-0\" class=\"so-panel widget widget_sow-editor panel-first-child panel-last-child\" data-index=\"3\" ><div\n\t\t\t\n\t\t\tclass=\"so-widget-sow-editor so-widget-sow-editor-base\"\n\t\t\t\n\t\t>\n<div class=\"siteorigin-widget-tinymce textwidget\">\n\t<p style=\"text-align: center;\"><img loading=\"lazy\" decoding=\"async\" class=\"cv-icono alignnone wp-image-437\" src=\"https:\/\/institucional.us.es\/docenciaeco\/wp-content\/uploads\/2022\/11\/mail.svg\" alt=\"\" width=\"20\" height=\"20\"> drepede@ugr.es<\/p>\n<\/div>\n<\/div><\/div><\/div><div id=\"pgc-295-1-2\"  class=\"panel-grid-cell\" ><div id=\"panel-295-1-2-0\" class=\"so-panel widget widget_sow-editor panel-first-child panel-last-child\" data-index=\"4\" ><div\n\t\t\t\n\t\t\tclass=\"so-widget-sow-editor so-widget-sow-editor-base\"\n\t\t\t\n\t\t>\n<div class=\"siteorigin-widget-tinymce textwidget\">\n\t<p style=\"text-align: center;\"><img loading=\"lazy\" decoding=\"async\" class=\"cv-icono alignnone wp-image-438\" src=\"https:\/\/institucional.us.es\/docenciaeco\/wp-content\/uploads\/2022\/11\/orcid.svg\" alt=\"\" width=\"20\" height=\"20\"> <a href=\"https:\/\/orcid.org\/0000-0002-7026-308X\">ORCID<\/a><\/p>\n<\/div>\n<\/div><\/div><\/div><div id=\"pgc-295-1-3\"  class=\"panel-grid-cell\" ><div id=\"panel-295-1-3-0\" class=\"so-panel widget widget_sow-editor panel-first-child panel-last-child\" data-index=\"5\" ><div\n\t\t\t\n\t\t\tclass=\"so-widget-sow-editor so-widget-sow-editor-base\"\n\t\t\t\n\t\t>\n<div class=\"siteorigin-widget-tinymce textwidget\">\n\t<p style=\"text-align: center;\"><img loading=\"lazy\" decoding=\"async\" class=\"cv-icono alignnone wp-image-438\" src=\"https:\/\/institucional.us.es\/docenciaeco\/wp-content\/uploads\/2022\/12\/weblink.svg\" alt=\"\" width=\"20\" height=\"20\"> <a href=\"https:\/\/doinarepede.snlt.es\/\">Web personal<\/a><\/p>\n<\/div>\n<\/div><\/div><\/div><\/div><div id=\"pg-295-2\"  class=\"panel-grid panel-has-style\" ><div class=\"panel-row-style panel-row-style-for-295-2\" ><div id=\"pgc-295-2-0\"  class=\"panel-grid-cell\" ><div id=\"panel-295-2-0-0\" class=\"so-panel widget widget_sow-editor panel-first-child panel-last-child\" data-index=\"6\" ><div\n\t\t\t\n\t\t\tclass=\"so-widget-sow-editor so-widget-sow-editor-base\"\n\t\t\t\n\t\t>\n<div class=\"siteorigin-widget-tinymce textwidget\">\n\t<p>Doctora en Filolog\u00eda Hisp\u00e1nica por la Universidad de Sevilla y M\u00e1ster en Ense\u00f1anza del Espa\u00f1ol como Lengua Extranjera por la Universidad Pablo de Olavide. Actualmente es Profesora Ayudante Doctora en el Departamento de Lengua de la Universidad de Granada. Ha impartido asignaturas del \u00e1rea de Ling\u00fc\u00edstica en la Universidad de Sevilla en los Grados en Estudios ingleses y Filolog\u00eda Hisp\u00e1nica. Ha sido profesora de Lengua y Literatura Castellana en el <em>Lyc\u00e9e International<\/em> de Saint Germain-en-Laye (Par\u00eds) y el <em>Lyc\u00e9e Maurice Ravel<\/em> de San Jean de Luz (Francia). Tambi\u00e9n ha tutorizado TFM en el Master de Formaci\u00f3n del Profesorado de Educaci\u00f3n Secundaria de la Universidad Internacional de Valencia. El compromiso con la docencia le ha llevado a participar en numerosos cursos de formaci\u00f3n y congresos de innovaci\u00f3n docente.<\/p>\n<\/div>\n<\/div><\/div><\/div><\/div><\/div><div id=\"pg-295-3\"  class=\"panel-grid panel-has-style\" ><div class=\"cont_publicaciones panel-row-style panel-row-style-for-295-3\" ><div id=\"pgc-295-3-0\"  class=\"panel-grid-cell\" ><div id=\"panel-295-3-0-0\" class=\"so-panel widget widget_siteorigin-panels-postloop panel-first-child\" data-index=\"7\" >\t<h2>Publicaciones<\/h2>\r\n\t\t\r\n    <div class=\"entry-content publicacion\">\r\n        <p>Repede, D. (2023). Implementaci\u00f3n y evaluaci\u00f3n del m\u00e9todo ECO en la asignatura <em>Espa\u00f1ol actual: norma y uso<\/em>. En Mar\u00eda Valero Redondo y Francisco Jos\u00e9 Rodr\u00edguez-Mesa (Coords.), <em>Innovaci\u00f3n en la ense\u00f1anza de lenguas: mejoras docentes para el aprendizaje del siglo XXI<\/em> (pp. 136-156). Dykinson S.L.<\/p>\n\t<\/div>\r\n    \r\n    \r\n\r\n\t\r\n    <div class=\"entry-content publicacion\">\r\n        <p>Repede, D. (2024). El m\u00e9todo ECO (explora, crea y ofrece), eje transformador de aprendizaje en las asignaturas de lengua espa\u00f1ola. En Lourdes Villalustres Mart\u00ednez y Marisol Fern\u00e1ndez Coli (Coords.), <em>Nuevos ecosistemas de aprendizaje: innovaciones experiencias educativas\u00a0<\/em>(pp. 133-142). Octaedro.<\/p>\n\t<\/div>\r\n    \r\n    \r\n\r\n\t\r\n    <div class=\"entry-content publicacion\">\r\n        <p>Repede, D., Torres-Gordillo, J-J Garc\u00eda-Jim\u00e9nez, J., &amp; Herrero-V\u00e1zquez, E.-A. (2025). El m\u00e9todo ECO como respuesta a los desaf\u00edos de la formaci\u00f3n en Educaci\u00f3n Superior. En R. Barrag\u00e1n-S\u00e1nchez<em> et al<\/em>. (Eds), <em>Acciones educativas innovadoras en el \u00e1mbito universitario<\/em>\u00a0(pp. 549-565). Dykinson, S.L.<\/p>\n\t<\/div>\r\n    \r\n    \r\n\r\n\t\r\n\t\r\n\r\n\r\n<\/div><div id=\"panel-295-3-0-1\" class=\"so-panel widget widget_siteorigin-panels-postloop\" data-index=\"8\" >\r\n\t<h2>Congresos<\/h2>\r\n\t\t\r\n    <div class=\"entry-content publicacion\">\r\n        <p>Repede, D. (2023). La metodolog\u00eda ECO en la asignatura de <em>Espa\u00f1ol actual: norma y uso<\/em>. Propuesta de implementaci\u00f3n y evaluaci\u00f3n, en\u00a0 Simposio <em>Innovaci\u00f3n docente y educativa en filolog\u00eda, primeras y segundas lenguas y lenguas extranjeras<\/em>, II Congreso Internacional <em>Innovaci\u00f3n Docente, Educaci\u00f3n y Transferencia del Conocimiento<\/em>, 20-21 de abril de 2023.<\/p>\n\t<\/div>\r\n    \r\n    \r\n\r\n\t\r\n    <div class=\"entry-content publicacion\">\r\n        <p>Repede, D. (2023). Transformando la docencia en las asignaturas de Lengua Espa\u00f1ola a trav\u00e9s del m\u00e9todo ECO (explora, crea y ofrece). Comunicaci\u00f3n en\u00a0 <em>XV Jornadas Internacionales de Innovaci\u00f3n Docente, <\/em>Universidad de Oviedo, 10-11 de mayo de 2023.<\/p>\n\t<\/div>\r\n    \r\n    \r\n\r\n\t\r\n    <div class=\"entry-content publicacion\">\r\n        <p>Repede, D., Torres-Gordillo, J.-J., Garc\u00eda-Jim\u00e9nez, J., &amp; Herrero-V\u00e1zquez, E.-A. (2024). Construyendo procesos de innovaci\u00f3n educativa con el m\u00e9todo ECO. Comunicaci\u00f3n en el\u00a0<em>III Congreso de Innovaci\u00f3n Educativa de la Universidad de Sevilla<\/em>\u00a0(INNOVARUS \u201924). Universidad de Sevilla, 22 de octubre de 2024.<\/p>\n\t<\/div>\r\n    \r\n    \r\n\r\n\t\r\n\t\r\n\r\n\r\n<\/div><div id=\"panel-295-3-0-2\" class=\"so-panel widget widget_siteorigin-panels-postloop panel-last-child\" data-index=\"9\" ><\/div><\/div><\/div><\/div><div id=\"pg-295-4\"  class=\"panel-grid panel-no-style\" ><div id=\"pgc-295-4-0\"  class=\"panel-grid-cell\" ><div id=\"panel-295-4-0-0\" class=\"so-panel widget widget_sow-button panel-first-child panel-last-child\" data-index=\"10\" ><div\n\t\t\t\n\t\t\tclass=\"so-widget-sow-button so-widget-sow-button-wire-80810b17e450-2702\"\n\t\t\t\n\t\t><div class=\"ow-button-base ow-button-align-right\"\n>\n\t\t\t<a\n\t\t\t\t\thref=\"https:\/\/institucional.us.es\/docenciaeco\/miembros\/\"\n\t\t\t\t\tclass=\"sowb-button ow-icon-placement-left ow-button-hover\" \t>\n\t\t<span>\n\t\t\t<span class=\"sow-icon-ionicons\" data-sow-icon=\"&#xf3cf;\"\n\t\tstyle=\"color: #000000\" \n\t\taria-hidden=\"true\"><\/span>\n\t\t\tVolver\t\t<\/span>\n\t\t\t<\/a>\n\t<\/div>\n<\/div><\/div><\/div><\/div><\/div>","protected":false},"excerpt":{"rendered":"<p>DOINA REPEDE \u201cLa tarea del educador moderno no es talar selvas, sino regar desiertos\u201d (C.S. Lewis) Universidad de Granada drepede@ugr.es ORCID Web personal Doctora en Filolog\u00eda Hisp\u00e1nica por la Universidad de Sevilla y M\u00e1ster en Ense\u00f1anza del Espa\u00f1ol como Lengua Extranjera por la Universidad Pablo de Olavide. Actualmente es Profesora Ayudante Doctora en el Departamento de Lengua de la Universidad de Granada. Ha impartido asignaturas del \u00e1rea de Ling\u00fc\u00edstica en la Universidad de Sevilla en los Grados en Estudios ingleses y Filolog\u00eda Hisp\u00e1nica. Ha sido profesora de Lengua y Literatura Castellana en el Lyc\u00e9e International de Saint Germain-en-Laye (Par\u00eds) y el Lyc\u00e9e Maurice Ravel de San Jean de Luz (Francia). Tambi\u00e9n ha tutorizado TFM en el Master de Formaci\u00f3n del Profesorado de Educaci\u00f3n Secundaria de la Universidad Internacional de Valencia. El compromiso con la docencia le ha llevado a participar en numerosos cursos de formaci\u00f3n y congresos de innovaci\u00f3n docente.<\/p>\n","protected":false},"author":2,"featured_media":0,"parent":23,"menu_order":0,"comment_status":"closed","ping_status":"closed","template":"","meta":{"inline_featured_image":false,"footnotes":""},"class_list":["post-295","page","type-page","status-publish","hentry","post"],"_links":{"self":[{"href":"https:\/\/institucional.us.es\/docenciaeco\/wp-json\/wp\/v2\/pages\/295","targetHints":{"allow":["GET"]}}],"collection":[{"href":"https:\/\/institucional.us.es\/docenciaeco\/wp-json\/wp\/v2\/pages"}],"about":[{"href":"https:\/\/institucional.us.es\/docenciaeco\/wp-json\/wp\/v2\/types\/page"}],"author":[{"embeddable":true,"href":"https:\/\/institucional.us.es\/docenciaeco\/wp-json\/wp\/v2\/users\/2"}],"replies":[{"embeddable":true,"href":"https:\/\/institucional.us.es\/docenciaeco\/wp-json\/wp\/v2\/comments?post=295"}],"version-history":[{"count":60,"href":"https:\/\/institucional.us.es\/docenciaeco\/wp-json\/wp\/v2\/pages\/295\/revisions"}],"predecessor-version":[{"id":352,"href":"https:\/\/institucional.us.es\/docenciaeco\/wp-json\/wp\/v2\/pages\/295\/revisions\/352"}],"up":[{"embeddable":true,"href":"https:\/\/institucional.us.es\/docenciaeco\/wp-json\/wp\/v2\/pages\/23"}],"wp:attachment":[{"href":"https:\/\/institucional.us.es\/docenciaeco\/wp-json\/wp\/v2\/media?parent=295"}],"curies":[{"name":"wp","href":"https:\/\/api.w.org\/{rel}","templated":true}]}}