




{"id":886,"date":"2022-11-18T17:58:37","date_gmt":"2022-11-18T17:58:37","guid":{"rendered":"https:\/\/institucional.us.es\/docenciaeco\/?page_id=886"},"modified":"2025-07-27T11:16:37","modified_gmt":"2025-07-27T11:16:37","slug":"cv-juan-pablo","status":"publish","type":"page","link":"https:\/\/institucional.us.es\/docenciaeco\/miembros\/cv-juan-pablo\/","title":{"rendered":"CV-Juan Pablo"},"content":{"rendered":"<div id=\"pl-886\"  class=\"panel-layout\" ><div id=\"pg-886-0\"  class=\"panel-grid panel-has-style\" ><div class=\"cv-titulo siteorigin-panels-stretch panel-row-style-full-width panel-row-style panel-row-style-for-886-0\" style=\"background-color: #bfaedf; \" data-stretch-type=\"full\" ><div id=\"pgc-886-0-0\"  class=\"panel-grid-cell\" ><div id=\"panel-886-0-0-0\" class=\"so-panel widget widget_sow-image panel-first-child panel-last-child\" data-index=\"0\" ><div class=\"cv-foto panel-widget-style panel-widget-style-for-886-0-0-0\" ><div\n\t\t\t\n\t\t\tclass=\"so-widget-sow-image so-widget-sow-image-default-13f2a8b12fcc-886\"\n\t\t\t\n\t\t>\n<div class=\"sow-image-container\">\n\t\t<img \n\tsrc=\"https:\/\/institucional.us.es\/docenciaeco\/wp-content\/uploads\/2022\/12\/IMG_0310.jpg\" width=\"781\" height=\"1000\" srcset=\"https:\/\/institucional.us.es\/docenciaeco\/wp-content\/uploads\/2022\/12\/IMG_0310.jpg 781w, https:\/\/institucional.us.es\/docenciaeco\/wp-content\/uploads\/2022\/12\/IMG_0310-234x300.jpg 234w, https:\/\/institucional.us.es\/docenciaeco\/wp-content\/uploads\/2022\/12\/IMG_0310-768x983.jpg 768w\" sizes=\"(max-width: 781px) 100vw, 781px\" alt=\"\" \t\tclass=\"so-widget-image\"\/>\n\t<\/div>\n\n<\/div><\/div><\/div><\/div><div id=\"pgc-886-0-1\"  class=\"panel-grid-cell\" ><div id=\"panel-886-0-1-0\" class=\"so-panel widget widget_sow-editor panel-first-child panel-last-child\" data-index=\"1\" ><div\n\t\t\t\n\t\t\tclass=\"so-widget-sow-editor so-widget-sow-editor-base\"\n\t\t\t\n\t\t>\n<div class=\"siteorigin-widget-tinymce textwidget\">\n\t<h1>JUAN PABLO<br \/>\nMORA GUTI\u00c9RREZ<\/h1>\n<p><em>\u201cEn cuestiones de cultura y de saber, solo se pierde lo que se guarda, solo se gana lo que se da\" (Antonio Machado)<\/em><\/p>\n<\/div>\n<\/div><\/div><\/div><\/div><\/div><div id=\"pg-886-1\"  class=\"panel-grid panel-no-style\" ><div id=\"pgc-886-1-0\"  class=\"panel-grid-cell\" ><div id=\"panel-886-1-0-0\" class=\"so-panel widget widget_sow-editor panel-first-child panel-last-child\" data-index=\"2\" ><div\n\t\t\t\n\t\t\tclass=\"so-widget-sow-editor so-widget-sow-editor-base\"\n\t\t\t\n\t\t>\n<div class=\"siteorigin-widget-tinymce textwidget\">\n\t<p style=\"text-align: center;\"><img loading=\"lazy\" decoding=\"async\" class=\"cv-icono wp-image-436\" src=\"https:\/\/institucional.us.es\/docenciaeco\/wp-content\/uploads\/2022\/11\/loc.svg\" alt=\"\" width=\"20\" height=\"20\"> Universidad de Sevilla<\/p>\n<\/div>\n<\/div><\/div><\/div><div id=\"pgc-886-1-1\"  class=\"panel-grid-cell\" ><div id=\"panel-886-1-1-0\" class=\"so-panel widget widget_sow-editor panel-first-child panel-last-child\" data-index=\"3\" ><div\n\t\t\t\n\t\t\tclass=\"so-widget-sow-editor so-widget-sow-editor-base\"\n\t\t\t\n\t\t>\n<div class=\"siteorigin-widget-tinymce textwidget\">\n\t<p style=\"text-align: center;\"><img loading=\"lazy\" decoding=\"async\" class=\"cv-icono alignnone wp-image-437\" src=\"https:\/\/institucional.us.es\/docenciaeco\/wp-content\/uploads\/2022\/11\/mail.svg\" alt=\"\" width=\"20\" height=\"20\"> jmora@us.es<\/p>\n<\/div>\n<\/div><\/div><\/div><div id=\"pgc-886-1-2\"  class=\"panel-grid-cell\" ><div id=\"panel-886-1-2-0\" class=\"so-panel widget widget_sow-editor panel-first-child panel-last-child\" data-index=\"4\" ><div\n\t\t\t\n\t\t\tclass=\"so-widget-sow-editor so-widget-sow-editor-base\"\n\t\t\t\n\t\t>\n<div class=\"siteorigin-widget-tinymce textwidget\">\n\t<p style=\"text-align: center;\"><img loading=\"lazy\" decoding=\"async\" class=\"cv-icono alignnone wp-image-1379\" src=\"https:\/\/institucional.us.es\/docenciaeco\/wp-content\/uploads\/2022\/12\/weblink.svg\" alt=\"\" width=\"20\" height=\"20\"><a href=\"https:\/\/jpmoragu.wordpress.com\/\"> Web personal<\/a><\/p>\n<\/div>\n<\/div><\/div><\/div><\/div><div id=\"pg-886-2\"  class=\"panel-grid panel-has-style\" ><div class=\"panel-row-style panel-row-style-for-886-2\" ><div id=\"pgc-886-2-0\"  class=\"panel-grid-cell\" ><div id=\"panel-886-2-0-0\" class=\"so-panel widget widget_sow-editor panel-first-child panel-last-child\" data-index=\"5\" ><div\n\t\t\t\n\t\t\tclass=\"so-widget-sow-editor so-widget-sow-editor-base\"\n\t\t\t\n\t\t>\n<div class=\"siteorigin-widget-tinymce textwidget\">\n\t<p><span lang=\"es-ES\" data-contrast=\"auto\">Profesor Titular de Universidad de la Universidad de Sevilla, doctor en Filolog\u00eda y m\u00e1ster en Ling\u00fc\u00edstica por la Universidad de Indiana. Sus \u00e1reas de investigaci\u00f3n son la gram\u00e1tica contrastiva, la socioling\u00fc\u00edstica de las lenguas de signos, la ense\u00f1anza de ELE, la documentaci\u00f3n y revitalizaci\u00f3n ling\u00fc\u00edsticas y las metodolog\u00edas activas de ense\u00f1anza-aprendizaje. Desde el curso 2013-2014 est\u00e1 embarcado en una transformaci\u00f3n docente que le llev\u00f3 a usar el modelo de clases invertidas o Flipped Learning y desde 2016-2017 el modelo de Aprendizaje Basado en Retos con Metodolog\u00edas activas como la Investigaci\u00f3n acci\u00f3n participaci\u00f3n, el Aprendizaje Servicio o el Pensamiento de Dise\u00f1o adaptado a ECO. Pertenece a la REFID desde el curso 2014-2015 y ha participado en los proyectos de innovaci\u00f3n docente ECO desde 2017-2018 y en 2021-2022 Alianza Estrat\u00e9gica de Disciplinas para la Capacitaci\u00f3n ante los desaf\u00edos de la Ciudadan\u00eda del tercer plan propio de docencia de la US. Ha impartido el curso del ICE para docentes de la US \"C\u00f3mo motivar al alumnado a trav\u00e9s de las nuevas herramientas tecnol\u00f3gicas\" desde 2017-2018 hasta 2021-2022.<\/span><span data-ccp-props=\"{\"201341983\":0,\"335559739\":160,\"335559740\":259}\">&nbsp;<\/span><\/p>\n<\/div>\n<\/div><\/div><\/div><\/div><\/div><div id=\"pg-886-3\"  class=\"panel-grid panel-has-style\" ><div class=\"cont_publicaciones panel-row-style panel-row-style-for-886-3\" ><div id=\"pgc-886-3-0\"  class=\"panel-grid-cell\" ><div id=\"panel-886-3-0-0\" class=\"so-panel widget widget_siteorigin-panels-postloop panel-first-child\" data-index=\"6\" >\t<h2>Publicaciones<\/h2>\r\n\t\t\r\n    <div class=\"entry-content publicacion\">\r\n        <p>Mora, Juan Pablo (2017). Una experiencia de cambio docente en Filolog\u00eda. En Porl\u00e1n Ariza (Coord.) Ense\u00f1anza universitaria. C\u00f3mo mejorarla (p\u00e1gs.169-178). Madrid, Espa\u00f1a: Morata<\/p>\n\t<\/div>\r\n    \r\n    \r\n\r\n\t\r\n    <div class=\"entry-content publicacion\">\r\n        <p>Mora, Juan Pablo. (2021). Desaf\u00edos transdisciplinares en la universidad: LeIn Lenguaje Inclusivo para fomentar el aprendizaje del alumnado. En Porl\u00e1n Ariza, Rafael, Navarro Medina, Elisa y \u00c1ngel Francisco Villarejo Ramos (Coords.) Ciclos de mejora en el aula. A\u00f1o 2020. Experiencias de innovaci\u00f3n docente de la Universidad de Sevilla, (pp. 1623-1653). Sevilla: Editorial Universidad de Sevilla DOI: http:\/\/dx.doi.org\/10.12795\/9788447231003.076   <\/p>\n\t<\/div>\r\n    \r\n    \r\n\r\n\t\r\n    <div class=\"entry-content publicacion\">\r\n        \n<p>Mora, Juan Pablo. (2021). Aprendizaje Basado en Retos con DT en Temas de Ling\u00fc\u00edstica General, optativa de cuarto del Grado en Filolog\u00eda Hisp\u00e1nica. En  Porl\u00e1n Ariza, Rafael, Navarro Medina, Elisa y \u00c1ngel Francisco Villarejo Ramos (Coords.). Ciclos de mejora en el aula. A\u00f1o 2019. Experiencias de innovaci\u00f3n docente de la Universidad de Sevilla, (pp.: 1374-1401) Sevilla: Editorial Universidad de Sevilla (Colecci\u00f3n Ciencias de la Educaci\u00f3n, n.\u00ba 35). DOI: http:\/\/dx.doi.org\/10.12795\/9788447221912.060  <\/p>\n\t<\/div>\r\n    \r\n    \r\n\r\n\t\r\n    <div class=\"entry-content publicacion\">\r\n        <p>Mora, Juan Pablo. (2021). Aprendizaje Basado en Retos en Ling\u00fc\u00edstica, asignatura de primero del Grado de Filolog\u00eda Hisp\u00e1nica. En  Porl\u00e1n Ariza, Rafael, Navarro Medina, Elisa y \u00c1ngel Francisco Villarejo Ramos (Coords.). Ciclos de mejora en el aula. A\u00f1o 2019. Experiencias de innovaci\u00f3n docente de la Universidad de Sevilla, (pp.: 1402-1428) Sevilla: Editorial Universidad de Sevilla (Colecci\u00f3n Ciencias de la Educaci\u00f3n, n.\u00ba 35).DOI: http:\/\/dx.doi.org\/10.12795\/9788447221912.061   <\/p>\n\t<\/div>\r\n    \r\n    \r\n\r\n\t\r\n    <div class=\"entry-content publicacion\">\r\n        <p>Mora, Juan Pablo. (2022). Debates en el aula y colaboraci\u00f3n de alumnado de cursos superiores en la asignatura de primero Ling\u00fc\u00edstica. En R. Porl\u00e1n, E. Navarro-Medina y A. F. Villarejo-Ramos (Coords.), Ciclos de Mejora en el Aula. A\u00f1o 2021. Experiencias de Innovaci\u00f3n docente de la Universidad de Sevilla, (pp. 1675-1694). Sevilla: Editorial Universidad de Sevilla. DOI: http:\/\/dx.doi.org\/10.12795\/9788447222865.096   <\/p>\n\t<\/div>\r\n    \r\n    \r\n\r\n\t\r\n    <div class=\"entry-content publicacion\">\r\n        <p>Blanco-Barrera, R., M\u00e9ndez Orense, M., Herrero-V\u00e1zquez, E.,<sup>. <\/sup>&amp; Mora Guti\u00e9rrez, J. P. (2024). Ecoshow: un evento universitario creativo pensado para el mundo real. En M. del C. Llorente Cejudo, R. Barrag\u00e1n S\u00e1nchez, N. P\u00e9rez Rodr\u00edguez &amp; L. Martin P\u00e1rraga (Coords.), <em>Ense\u00f1anza e innovaci\u00f3n educativa en el \u00e1mbito universitario<\/em> (pp.\u00a0226-237). Dykinson.<\/p>\n\t<\/div>\r\n    \r\n    \r\n\r\n\t\r\n\t\r\n\r\n\r\n<\/div><div id=\"panel-886-3-0-1\" class=\"so-panel widget widget_siteorigin-panels-postloop panel-last-child\" data-index=\"7\" ><\/div><\/div><\/div><\/div><div id=\"pg-886-4\"  class=\"panel-grid panel-no-style\" ><div id=\"pgc-886-4-0\"  class=\"panel-grid-cell\" ><div id=\"panel-886-4-0-0\" class=\"so-panel widget widget_sow-button panel-first-child panel-last-child\" data-index=\"8\" ><div\n\t\t\t\n\t\t\tclass=\"so-widget-sow-button so-widget-sow-button-wire-80810b17e450-2335\"\n\t\t\t\n\t\t><div class=\"ow-button-base ow-button-align-right\"\n>\n\t\t\t<a\n\t\t\t\t\thref=\"https:\/\/institucional.us.es\/docenciaeco\/miembros\/\"\n\t\t\t\t\tclass=\"sowb-button ow-icon-placement-left ow-button-hover\" \t>\n\t\t<span>\n\t\t\t<span class=\"sow-icon-ionicons\" data-sow-icon=\"&#xf3cf;\"\n\t\tstyle=\"color: #000000\" \n\t\taria-hidden=\"true\"><\/span>\n\t\t\tVolver\t\t<\/span>\n\t\t\t<\/a>\n\t<\/div>\n<\/div><\/div><\/div><\/div><\/div>","protected":false},"excerpt":{"rendered":"<p>Web personal<\/p>\n","protected":false},"author":2,"featured_media":0,"parent":23,"menu_order":0,"comment_status":"closed","ping_status":"closed","template":"","meta":{"inline_featured_image":false,"footnotes":""},"class_list":["post-886","page","type-page","status-publish","hentry","post"],"_links":{"self":[{"href":"https:\/\/institucional.us.es\/docenciaeco\/wp-json\/wp\/v2\/pages\/886","targetHints":{"allow":["GET"]}}],"collection":[{"href":"https:\/\/institucional.us.es\/docenciaeco\/wp-json\/wp\/v2\/pages"}],"about":[{"href":"https:\/\/institucional.us.es\/docenciaeco\/wp-json\/wp\/v2\/types\/page"}],"author":[{"embeddable":true,"href":"https:\/\/institucional.us.es\/docenciaeco\/wp-json\/wp\/v2\/users\/2"}],"replies":[{"embeddable":true,"href":"https:\/\/institucional.us.es\/docenciaeco\/wp-json\/wp\/v2\/comments?post=886"}],"version-history":[{"count":37,"href":"https:\/\/institucional.us.es\/docenciaeco\/wp-json\/wp\/v2\/pages\/886\/revisions"}],"predecessor-version":[{"id":2750,"href":"https:\/\/institucional.us.es\/docenciaeco\/wp-json\/wp\/v2\/pages\/886\/revisions\/2750"}],"up":[{"embeddable":true,"href":"https:\/\/institucional.us.es\/docenciaeco\/wp-json\/wp\/v2\/pages\/23"}],"wp:attachment":[{"href":"https:\/\/institucional.us.es\/docenciaeco\/wp-json\/wp\/v2\/media?parent=886"}],"curies":[{"name":"wp","href":"https:\/\/api.w.org\/{rel}","templated":true}]}}