{"id":5946,"date":"2020-03-18T11:53:23","date_gmt":"2020-03-18T11:53:23","guid":{"rendered":"https:\/\/institucional.us.es\/newdocgestra\/?page_id=5946"},"modified":"2026-03-16T11:06:44","modified_gmt":"2026-03-16T11:06:44","slug":"results-of-the-programme","status":"publish","type":"page","link":"https:\/\/institucional.us.es\/docgestra\/?page_id=5946&lang=en","title":{"rendered":"Results of the programme"},"content":{"rendered":"<h2>Quality Assurance system of doctoral programmes (QASDP).<\/h2>\n<p>Links:<br \/>\n<a href=\"https:\/\/www.doctorado.us.es\/sistema-de-garantia-de-calidad\">https:\/\/www.doctorado.us.es\/sistema-de-garantia-de-calidad<\/a><\/p>\n<p><a href=\"https:\/\/webapps.us.es\/fichape\/Doc\/AUTOSEG\/2014_AISeg_3016.pdf\">Self-monitoring report of the Degree 2014-2015<\/a><\/p>\n<p><a href=\"https:\/\/webapps.us.es\/fichape\/Doc\/DEVA\/2014_3016_infdeva.pdf\">Follow-up report of the DEVA 2014-2015<\/a><\/p>\n<p><a href=\"https:\/\/webapps.us.es\/fichape\/Doc\/AUTOSEG\/2015_AISeg_3016.pdf\">Self-monitoring report of the Degree 2015-2016<\/a><\/p>\n<p><a href=\"https:\/\/webapps.us.es\/fichape\/Doc\/DEVA\/2015_3016_infdeva.pdf\">Follow-up report of the DEVA 2015-2016<\/a><\/p>\n<h2>Degree Quality Assurance Committee<\/h2>\n<p>1. President: Dra. Carmen Barroso Castro<br \/>\n2. Secretary: Dr. Antonio Navarro Garc\u00eda<br \/>\n3. Member: Dr. Antonio Leal Mill\u00e1n<br \/>\n4. Member: Dr. Enrique Mart\u00edn Armario<br \/>\n5. Member: Dr. Jos\u00e9 Carlos Casillas Bueno<\/p>\n<p>&nbsp;<\/p>\n<h2>Internal Degree Quality Assurance Committee<\/h2>\n<p>President: CARMEN BARROSO CASTRO, Doctoral programme Coordinator<\/p>\n<p>Secretary: ANTONIO NAVARRO GARC\u00cdA. Researcher of the Doctoral programme and Member of the Academic Committee of the Programme<\/p>\n<p>Members: IGNACIO CASTRO ABANCENS. Doctoral programme Researcher<\/p>\n<p>MAITE BARRERA. Administrative and Service Staff<\/p>\n<p>ANA RUIZ L\u00d3PEZ. Doctoral programme Student<\/p>\n<p>&nbsp;<\/p>\n<h2>Results of the programme:<\/h2>\n<h3>Demand for places:<\/h3>\n<p>2013\/2014 academic year: 21 (7 foreign students; 14 national students)<\/p>\n<p>2014\/2015 academic year: 20 (10 foreign students; 10 national students)<\/p>\n<p>2015\/2016 academic year: 21 (6 foreign students; 15 national students)<\/p>\n<p>2016\/2017 academic year: 20 (10 foreign students; 10 national students)<\/p>\n<p>2017\/2018 academic year: 16 (10 foreign students; 6 national students)<\/p>\n<p>&nbsp;<\/p>\n<h3>Data of enrolled students<\/h3>\n<p><a href=\"http:\/\/institucional.us.es\/docgestra\/wp-content\/uploads\/2019\/03\/Nueva-informaci\u00f3n-alumnos-del-Programa-.pdf\" target=\"_blank\" rel=\"noopener noreferrer\">Information about students on the Programme<\/a><\/p>\n<p>&nbsp;<\/p>\n<h3>Theses read in the Programme:<\/h3>\n<p><strong>1. Ms Mar\u00eda del Mar Miras Rodr\u00edguez<\/strong><\/p>\n<p>Title: Corporate Social Responsibility and Financial Performance: Influence of National Cultural Factors and Membership to the Electricity Sector<br \/>\nDate of thesis reading: 30 June 2014<br \/>\nThesis supervisors: Dr. Bernab\u00e9 Escobar P\u00e9rez; Dr. Amalia Carrasco Gallego<br \/>\nComposition of the Committee:<br \/>\nPresident: Dr L\u00e1zaro Rodr\u00edguez Ariza (University of Granada)<br \/>\nSecretary: Dr Jos\u00e9 Luis Gal\u00e1n Gonz\u00e1lez (University of Seville)<br \/>\nMembers: Dr Susana Men\u00e9ndez Requejo (University of Oviedo)<br \/>\nDr Txomin Iturralde Jainaga (University of the Basque Country)<br \/>\nDr Juan Jes\u00fas Cambra Fierro (Pablo de Olavide University)<br \/>\nClassification: Summa Cum Laude distinction.<\/p>\n<p><strong>2. Mr Jos\u00e9 Antonio Zarrias Adame<\/strong><\/p>\n<p>Title: The Positive Effects Produced by Firm Volatility of Firm Growth, Employment Generation and Firm Profit<br \/>\nDate of thesis reading: 15 September 2014<br \/>\nThesis supervisors: Dr Ana Mar\u00eda Moreno Men\u00e9ndez; Dr Jos\u00e9 Luis Barbero Navarro<br \/>\nComposition of the Committee:<br \/>\nPresident: Dr Jos\u00e9 Luis Gal\u00e1n Gonz\u00e1lez (University of Seville)<br \/>\nSecretary: Dr Francisco Jos\u00e9 Acedo Gonz\u00e1lez (University of Seville)<br \/>\nMembers: Dr Joaquina Laffarga Briones (University of Seville)<br \/>\nDr Emma Garc\u00eda Meca (Polytechnic University of Cartagena)<br \/>\nDr Giacomo Boesso (Universit\u00e1 de Padova)<br \/>\nClassification: Summa Cum Laude distinction.<\/p>\n<p><strong>3. Mr Antonio Luis Leal Rodr\u00edguez<\/strong><\/p>\n<p>Title: Absorptive Capacity, Relational Learning and Organizational Culture in a Knowledge Management Context: Three Essays on their Influences in the Innovation Outcomes<br \/>\nDate of thesis reading: 24 November 2014<br \/>\nThesis supervisors: Dr Jos\u00e9 Luis Rold\u00e1n Salgueiro; Dr Jos\u00e9 Antonio Ariza Montes<br \/>\nComposition of the Committee:<br \/>\nPresident: Dr Emilio P. D\u00edez de Castro (University of Seville)<br \/>\nSecretary: Dr Gabriel A Cepeda Carri\u00f3n (University of Seville)<br \/>\nMembers: Dr Stephen Eldridge (Lancaster University)<br \/>\nDr Mar\u00eda del Mar Fuentes Fuentes (University of Granada)<br \/>\nDr Juan Gabriel Cegarra Navarro (Polytechnic University of Cartagena)<br \/>\nClassification: Summa Cum Laude distinction.<\/p>\n<p><strong>4.- Mr Ignacio F. Cepeda Carri\u00f3n<\/strong><\/p>\n<p>Title Knowledge Management Processes and Organizational Learning and Unlearning: Three Works on Their Relationship and Influence on Value and Performance<br \/>\nDate of thesis reading: 17 June 2016<br \/>\nThesis supervisors: Dr Antonio Leal Mill\u00e1n and Dr Silvia Martelo Landroguez<br \/>\nComposition of the Committee:<br \/>\nPresident: Dr Manuel Guisado Tato (University of Vigo)<br \/>\nSecretary: Dr Jos\u00e9 Luis Rold\u00e1n Salgueiro (University of Seville)<br \/>\nMembers: Dr Jos\u00e9 Luis Gal\u00e1n Gonz\u00e1lez (University of Seville)<br \/>\nDr Juan Gabriel Cegarra Navarro (Polytechnic University of Cartagena)<br \/>\nDr Jos\u00e9 Augusto de Jes\u00fas Felicio (University of Lisbon; Lisbon School of Economics and Management)<br \/>\nClassification: Summa Cum Laude distinction.<\/p>\n<p><strong>5. Ms Mar\u00eda Olmedilla Fern\u00e1ndez<\/strong><\/p>\n<p>Title: Study of the long tail formation within an ewom community. The case of CIAO UK<br \/>\nDate of thesis reading: 23 March 2017<br \/>\nThesis supervisor: Dr M\u00aa. Roc\u00edo Mart\u00ednez Torres<br \/>\nComposition of the Committee:<br \/>\nPresident: Dr Sergio Toral Mar\u00edn (University of Seville)<br \/>\nSecretary: Dr Jorge Arenas Gait\u00e1n (University of Seville)<br \/>\nMembers:  Dr Juan Jes\u00fas Cambra Fierro (Pablo de Olavide University)<br \/>\nDr Thomas Gillier (Grenoble Ecole de Management and research)<br \/>\nDr Josep Dom\u00e9nech i de Soria (Polytechnic University of Valencia)<br \/>\nQualification: Summa Cum Laude distinction.<\/p>\n<p><strong>6. Ms Miriam Mu\u00f1oz Exp\u00f3sito<\/strong><\/p>\n<p>Title: The effects of social integration on online social networks and its influence on social buying. A personality-trait-based approach.<br \/>\nDate of thesis reading: 24 March 2017<br \/>\nThesis supervisors: Dr Manuel J. S\u00e1nchez Franco and Dr M\u00aa. de los \u00c1ngeles Oviedo Garc\u00eda<br \/>\nComposition of the Committee:<br \/>\nPresident: Dr Antonio Navarro Garc\u00eda (University of Seville)<br \/>\nSecretary: Dr Mario Castellanos Verdugo (University of Seville)<br \/>\nMembers: Dr Juan Antonio Mondejar Jim\u00e9nez (University of Castilla La Mancha)<br \/>\nDr Jos\u00e9 Manuel Hern\u00e1ndez Mogoll\u00f3n (University of Extremadura)<br \/>\nDr Sandra M\u00aa. S\u00e1nchez Ca\u00f1izares (University of C\u00f3rdoba)<br \/>\nClassification: Summa Cum Laude distinction.<\/p>\n<p><strong>7.- Dr Eloy Gil Cordero<\/strong><\/p>\n<p>Title: Analysis of the distributor mark in the online and offline context<br \/>\nDate of thesis reading: 05\/06\/2017<br \/>\nThesis supervisors: Dr Fco. Javier Rond\u00e1n Catalu\u00f1a and Dr Manuel Rey Moreno<br \/>\nComposition of the Committee:<br \/>\nPresident: Dr D. Manuel J. S\u00e1nchez Franco (University of Seville)<br \/>\nSecretary: Dr D. Antonio Navarro Garc\u00eda (University de Seville)<br \/>\nMembers: Dr Natalia M\u00aa. Rubio Benito (Autonomous University of Madrid)<br \/>\nDr Mar\u00eda Mercedes Martos Partal (University of Salamanca)<br \/>\nDr Elena Carvajal Trujillo (University of Huelva)<br \/>\nClassification: Summa Cum Laude distinction.<\/p>\n<p><strong>8. Ms Gema Albort Morant<\/strong><\/p>\n<p>Title: Knowledge management and dynamic capabilities: four essays on their relationship and influence on Green innovation performance<br \/>\nDate of thesis reading: 05\/07\/2017<br \/>\nThesis supervisors: Dr Gabriel A. Cepeda Carri\u00f3n and Dr J\u00f6rg Henseler<br \/>\nComposition of the Committee:<br \/>\nPresident: Dr D. Juan Llopis Taverner (University of Alicante)<br \/>\nSecretary: Dr D. Jos\u00e9 Luis Rold\u00e1n Salgueiro (University of Seville)<br \/>\nMembers: Dr D. Domingo Enrique Ribeiro Soriano (University de Valencia)<br \/>\nDr  M\u00aa. Reyes Gonz\u00e1lez Ram\u00edrez (University of Alicante)<br \/>\nDr Valentina de Marchi (University of Padova)<br \/>\nClassification: Summa Cum Laude distinction. International Mention<\/p>\n<p><strong>9. Mr. Francisco Anibal Ganga Contreras<\/strong><\/p>\n<p>Title: University governance system in Iberamerica. A vision from the Theory of Agency<br \/>\nDate of thesis reading: 17\/07\/2017<br \/>\nThesis supervisors: Dr Encarnaci\u00f3n Ramos Hidalgo and Dr Antonio Leal Mill\u00e1n<br \/>\nComposition of the Committee:<br \/>\nPresident: Dr D. Juan Gabriel Cegarra Navarro (University of Cartagena)<br \/>\nSecretary: Dr D. Gabriel A Cepeda Carri\u00f3n (University of Seville)<br \/>\nMembers: Dr  Micaela Mart\u00ednez Costa (University of Murcia)<br \/>\nDr D. Agust\u00edn S\u00e1nchez Medina (University of Las Palmas de Gran Canaria)<br \/>\nDr  Marta Peris Ortiz (Polytechnic University of Valencia)<br \/>\nClassification: Summa Cum Laude distinction.<\/p>\n<p><strong>10. Mr Marco Castiglioni<\/strong><\/p>\n<p>Title: The portfolio of alliances and their relationship with business strategy and the internationalisation process. Theory and empirical evidence of the aeronautical industries and air transport.<br \/>\nDate of thesis reading: 17\/09\/2018<br \/>\nThesis supervisors: Dr Jos\u00e9 Luis Gal\u00e1n Gonz\u00e1lez; Dr Francisco J. Acedo Gonz\u00e1lez and Dr M\u00aa. \u00c1ngeles Gallego Agueda<br \/>\nComposition of the Committee:<br \/>\nPresident: Dr Jos\u00e9 Luis Gal\u00e1n Gonz\u00e1lez (University of Seville)<br \/>\nSecretary: Dr  Carmen Barroso Castro (University of Seville)<br \/>\nMembers: Dr Jos\u00e9 Pla Barber (University of Valencia)<br \/>\nDr Alberto Gaggero (University of Pavia)<br \/>\nDr Manuel Carlos Vallejo Martos (University of Ja\u00e9n)                                       Classification: Summa Cum Laude distinction. International Mention<\/p>\n<p><strong>11. Ms Mar\u00eda del Mar Cobe\u00f1a Ruiz-Lopera<\/strong><\/p>\n<p>Title: Heterogeneity and complementarity in strategic alliances and network resources<br \/>\nDate of thesis reading: 24\/09\/2018<br \/>\nThesis supervisors: Dr Crist\u00f3bal Casanueva Rocha and Dr M\u00aa. \u00c1ngeles Gallego Agueda<br \/>\nComposition of the Committee:<br \/>\nPresident: Dr Carmen Barroso Castro (University of Seville)<br \/>\nSecretary: Dr Crist\u00f3bal Casanueva Rocha (University of Seville)<br \/>\nMembers: Dr Jos\u00e9 Antonio Concei\u00e7ao Santos (University of Porto)<br \/>\nDr Alfonso Antonio Vargas S\u00e1nchez (University of Huelva)<br \/>\nDr M\u00aa. Del Carmen Camelo Ordaz (University of C\u00e1diz)<br \/>\nClassification: Summa Cum Laude distinction. International Mention<\/p>\n<p><strong>12. Mr Julio Dario Vecino Gravell<\/strong><\/p>\n<p>Title: Internationalisation of SMEs as a vaccine against the economic crisis<br \/>\nDate of thesis reading: 14\/01\/2019<br \/>\nThesis supervisors: Dr Wagner Kamakura and Dr M\u00aa. \u00c1ngeles Ram\u00f3n Jer\u00f3nimo<br \/>\nComposition of the Committee:<br \/>\nPresident: Dr Dr Jos\u00e9 Luis Gal\u00e1n Gonz\u00e1lez (University of Seville)<br \/>\nSecretary: Dr  Maria Fuentes (Pablo de Olavide University)<br \/>\nMembers: Dr Enrique D\u00edez de Castro (University of Seville)<br \/>\nDr   Mar\u00eda Velez (University of C\u00e1diz)<br \/>\nDr Ms Angelines Oviedo Garc\u00eda (University of Seville)<br \/>\nClassification: Summa Cum Laude distinction.<\/p>\n<p><strong>13. Mr. Francisco Jos\u00e9 Carmona M\u00e1rquez<\/strong><\/p>\n<p>Title:  The impact of internal and external factors on the success of the TQM programme. Empirical study of Spanish organisations.<br \/>\nDate of thesis reading: 08\/02\/2019<br \/>\nThesis supervisors:   Antonio Leal Mill\u00e1n and Antonio Lu\u00eds Leal Rodr\u00edguez<br \/>\nComposition of the Committee:<br \/>\nPresident:  Ram\u00f3n Valle Cabrera<br \/>\nSecretary:  Arturo Calvo de Mora Schmidt<br \/>\nMembers:   Jos\u00e9 Augusto de Jes\u00fas Felicio\/ Jos\u00e9 Lu\u00eds Rold\u00e1n Salgueiro\/ Rodrigo Mart\u00edn Rojas.<\/p>\n<p><strong>14.- D\u00aa Luz Dary Botero Pinz\u00f3n<\/strong><\/p>\n<p>Title: \u201cEvaluaci\u00f3n de la Gesti\u00f3n Internacional y su Impacto en la Competitividad: Un Enfoque Multidimensional\u201d.<br \/>\nDate of thesis reading: 21 de Octubre del 2019<br \/>\nThesis supervisors: Jos\u00e9 Carlos Casillas Bueno<br \/>\nComposition of the Committee:<br \/>\nPresident: Jos\u00e9 Luis Gal\u00e1n<br \/>\nSecretary: Carmen Barroso Castro<br \/>\nMembers: Concepci\u00f3n L\u00f3pez Fern\u00e1ndez; Jos\u00e9 Luis Barbero; Joaqu\u00edn Monreal P\u00e9rez<\/p>\n<p><strong>15.- D\u00ba. Juan Pedro Cabrera <\/strong><\/p>\n<p>Title: \u201cFactores que afectan a la adopci\u00f3n del Big Data como herramienta de marketing en las empresas\u201d.<br \/>\nDate of thesis reading: 5 de Diciembre del 2019<br \/>\nThesis supervisors: Francisco Villarejo Ramos<br \/>\nComposition of the Committee:<br \/>\nPresident: Manuel Jes\u00fas S\u00e1nchez Franco<br \/>\nSecretary: Mar\u00eda \u00c1ngeles Oviedo Garc\u00eda<br \/>\nMembers: Sebasti\u00e1n Molinillo Jim\u00e9nez; Mariola Palaz\u00f3n Vidal; Francisco J. Li\u00e9bana Cabanillas<\/p>\n<p>&nbsp;<\/p>\n<h2>Public indicators<\/h2>\n<table width=\"0\">\n<tbody>\n<tr>\n<td width=\"376\"><strong>                               DENOMINACI\u00d3N<\/strong><\/td>\n<td width=\"76\"><strong>2015-2016<\/strong><\/td>\n<td width=\"76\"><strong>2016-2017<\/strong><\/td>\n<td width=\"77\"><strong>2017-2018<\/strong><\/td>\n<\/tr>\n<tr>\n<td width=\"376\">Oferta de Plazas<\/td>\n<td width=\"76\">25<\/td>\n<td width=\"76\">25<\/td>\n<td width=\"77\">25<\/td>\n<\/tr>\n<tr>\n<td width=\"376\">N\u00famero de doctorandos de nuevo ingreso<\/td>\n<td width=\"76\">21<\/td>\n<td width=\"76\">20<\/td>\n<td width=\"77\">24<\/td>\n<\/tr>\n<tr>\n<td width=\"376\">N\u00famero Total de doctorandos<\/td>\n<td width=\"76\">55<\/td>\n<td width=\"76\">68<\/td>\n<td width=\"77\">n.d.<\/td>\n<\/tr>\n<tr>\n<td width=\"376\">Porcentaje de estudiantes extranjeros\/total<\/td>\n<td width=\"76\">19<\/td>\n<td width=\"76\">28<\/td>\n<td width=\"77\">n.d<\/td>\n<\/tr>\n<tr>\n<td width=\"376\">N\u00famero de profesores que participan en el programa<\/td>\n<td width=\"76\">45<\/td>\n<td width=\"76\">48<\/td>\n<td width=\"77\">48<\/td>\n<\/tr>\n<tr>\n<td width=\"376\">N\u00famero de proyectos de investigaci\u00f3n competitivos vivos<\/td>\n<td width=\"76\"> +25<\/td>\n<td width=\"76\">+30<\/td>\n<td width=\"77\">+30<\/td>\n<\/tr>\n<tr>\n<td width=\"376\">N\u00famero de Tesis defendidas<\/td>\n<td width=\"76\">1<\/td>\n<td width=\"76\">5<\/td>\n<td width=\"77\">3<\/td>\n<\/tr>\n<tr>\n<td width=\"376\">Porcentaje de Tesis con menci\u00f3n internacional<\/td>\n<td width=\"76\">100%<\/td>\n<td width=\"76\">40%<\/td>\n<td width=\"77\">66%<\/td>\n<\/tr>\n<tr>\n<td width=\"376\">Porcentaje de Tesis con menci\u00f3n \u2018cum laudem\u2019<\/td>\n<td width=\"76\">100%<\/td>\n<td width=\"76\">100%<\/td>\n<td width=\"77\">100%<\/td>\n<\/tr>\n<tr>\n<td width=\"376\">N\u00famero de contribuciones cient\u00edficas derivadas de las Tesis Leidas<\/td>\n<td width=\"76\">119<\/td>\n<td width=\"76\">104<\/td>\n<td width=\"77\">n.d.<\/td>\n<\/tr>\n<tr>\n<td width=\"376\">Duraci\u00f3n media del programa a tiempo completo<\/td>\n<td width=\"76\">3<\/td>\n<td width=\"76\">3<\/td>\n<td width=\"77\">3<\/td>\n<\/tr>\n<tr>\n<td width=\"376\">Duraci\u00f3n media del programa a tiempo parcial<\/td>\n<td width=\"76\">5<\/td>\n<td width=\"76\">5<\/td>\n<td width=\"77\">5<\/td>\n<\/tr>\n<tr>\n<td width=\"376\">Satisfacci\u00f3n de los doctorandos con la formaci\u00f3n recibida<\/td>\n<td width=\"76\">3,67<\/td>\n<td width=\"76\">3,9<\/td>\n<td width=\"77\">n.d<\/td>\n<\/tr>\n<tr>\n<td width=\"376\">Satisfacci\u00f3n de los doctorandos con el Programa<\/td>\n<td width=\"76\">3,67<\/td>\n<td width=\"76\">3,9<\/td>\n<td width=\"77\">n.d<\/td>\n<\/tr>\n<tr>\n<td width=\"376\">Satisfacci\u00f3n de los doctorandos con los programas de movilidad<\/td>\n<td width=\"76\">3,50<\/td>\n<td width=\"76\">2,75<\/td>\n<td width=\"77\">n.d<\/td>\n<\/tr>\n<tr>\n<td width=\"376\">Satisfacci\u00f3n de los doctorandos con la tutela<\/td>\n<td width=\"76\">3,67<\/td>\n<td width=\"76\">3,9<\/td>\n<td width=\"77\">n.d<\/td>\n<\/tr>\n<tr>\n<td width=\"376\">Satisfacci\u00f3n de los profesores\/investigadores<\/td>\n<td width=\"76\">4,64<\/td>\n<td width=\"76\">4,67<\/td>\n<td width=\"77\">n.d<\/td>\n<\/tr>\n<\/tbody>\n<\/table>\n<p>&nbsp;<\/p>\n<p>&nbsp;<\/p>\n<h2>Suggestions and complaints<\/h2>\n<p>Link to general mailbox:<\/p>\n<p><a href=\"http:\/\/institucional.us.es\/exponaus\/\">http:\/\/institucional.us.es\/exponaus\/<\/a><\/p>\n","protected":false},"excerpt":{"rendered":"<p>Quality Assurance system of doctoral programmes (QASDP). Links: https:\/\/www.doctorado.us.es\/sistema-de-garantia-de-calidad Self-monitoring report of the Degree 2014-2015 Follow-up report of the DEVA 2014-2015 Self-monitoring report of the Degree 2015-2016 Follow-up report of the DEVA 2015-2016 Degree Quality Assurance Committee 1. President: Dra. Carmen Barroso Castro 2. Secretary: Dr. Antonio Navarro Garc\u00eda 3. Member: Dr. Antonio Leal Mill\u00e1n [&hellip;]<\/p>\n","protected":false},"author":1,"featured_media":0,"parent":0,"menu_order":0,"comment_status":"open","ping_status":"open","template":"","meta":{"_kadence_starter_templates_imported_post":false,"footnotes":""},"class_list":["post-5946","page","type-page","status-publish","hentry"],"_links":{"self":[{"href":"https:\/\/institucional.us.es\/docgestra\/index.php?rest_route=\/wp\/v2\/pages\/5946","targetHints":{"allow":["GET"]}}],"collection":[{"href":"https:\/\/institucional.us.es\/docgestra\/index.php?rest_route=\/wp\/v2\/pages"}],"about":[{"href":"https:\/\/institucional.us.es\/docgestra\/index.php?rest_route=\/wp\/v2\/types\/page"}],"author":[{"embeddable":true,"href":"https:\/\/institucional.us.es\/docgestra\/index.php?rest_route=\/wp\/v2\/users\/1"}],"replies":[{"embeddable":true,"href":"https:\/\/institucional.us.es\/docgestra\/index.php?rest_route=%2Fwp%2Fv2%2Fcomments&post=5946"}],"version-history":[{"count":1,"href":"https:\/\/institucional.us.es\/docgestra\/index.php?rest_route=\/wp\/v2\/pages\/5946\/revisions"}],"predecessor-version":[{"id":7769,"href":"https:\/\/institucional.us.es\/docgestra\/index.php?rest_route=\/wp\/v2\/pages\/5946\/revisions\/7769"}],"wp:attachment":[{"href":"https:\/\/institucional.us.es\/docgestra\/index.php?rest_route=%2Fwp%2Fv2%2Fmedia&parent=5946"}],"curies":[{"name":"wp","href":"https:\/\/api.w.org\/{rel}","templated":true}]}}