{"id":7,"date":"2015-01-07T12:39:22","date_gmt":"2015-01-07T12:39:22","guid":{"rendered":"https:\/\/institucional.us.es\/newdocgestra\/?page_id=7"},"modified":"2024-12-04T11:38:46","modified_gmt":"2024-12-04T11:38:46","slug":"novedades","status":"publish","type":"page","link":"https:\/\/institucional.us.es\/docgestra\/?page_id=7","title":{"rendered":"NOVEDADES"},"content":{"rendered":"<h3><strong>Comisi\u00f3n Acad\u00e9mica<\/strong><\/h3>\n<p>La Comisi\u00f3n Ejecutiva de la EIDUS aprob\u00f3 el 26 de junio de 2024 la nueva composici\u00f3n de la Comisi\u00f3n Acad\u00e9mica del Programa de Doctorado en Gesti\u00f3n Estrat\u00e9gica y Negocios Internacionales.<\/p>\n<p>Vocales de la comisi\u00f3n acad\u00e9mica:<br \/>\nProf. Dra. Carmen Barroso Castro<br \/>\nProf. Dr. Francisco Jos\u00e9 Acedo Gonz\u00e1lez<br \/>\nProf. Dr. Manuel Jes\u00fas S\u00e1nchez Franco<br \/>\nProf. Dr. Gabriel Cepeda Carri\u00f3n<br \/>\nProf. Dr. Jorge Arenas Gait\u00e1n<br \/>\nProf. Dra. Isabel Mar\u00eda Rosa D\u00edaz<br \/>\nProf. Dr. Francisco Bravo Urquiza<br \/>\nProf. Dra. Mar\u00eda del Mar Miras Rodr\u00edguez<\/p>\n<p>Coordinador del Programa:<br \/>\nProf. Dr. Jos\u00e9 Luis Rold\u00e1n Salgueiro<br \/>\n<span data-mce-type=\"bookmark\" style=\"display: inline-block; width: 0px; overflow: hidden; line-height: 0;\" class=\"mce_SELRES_start\">\ufeff<\/span><\/p>\n<h3><strong>Redes sociales<\/strong><\/h3>\n<p>28 Marzo 2022<\/p>\n<p>Estimados alumnos,<\/p>\n<p>Por el presente correo queremos compartir con vosotros los recientes perfiles que hemos creado del Programa de Doctorado en Gesti\u00f3n Estrat\u00e9gica y Negocios Internacionales (PD GENI) de la Universidad de Sevilla. Nuestro objetivo es promover la difusi\u00f3n de las iniciativas llevadas desde el programa as\u00ed como mejorar la comunicaci\u00f3n con nuestros estudiantes de doctorado.<\/p>\n<p><strong>Facebook:<\/strong><br \/>\n<a href=\"https:\/\/www.facebook.com\/Programa-de-Doctorado-en-Gesti\u00f3n-Estrat\u00e9gica-y-Negocios-Internacionales-105807172079885\/\">https:\/\/www.facebook.com\/Programa-de-Doctorado-en-Gesti\u00f3n-Estrat\u00e9gica-y-Negocios-Internacionales-105807172079885\/<\/a><\/p>\n<p><strong>Twitter:<\/strong><br \/>\n<a href=\"https:\/\/twitter.com\/PDGENI\">https:\/\/twitter.com\/PDGENI<\/a><br \/>\n@PDGENI<\/p>\n<p><strong>LinkedIn:<\/strong><br \/>\n<a href=\"https:\/\/www.linkedin.com\/company\/programa-de-doctorado-en-gesti%C3%B3n-estrat%C3%A9gica-y-negocios-internacionales-universidad-de-sevilla\">https:\/\/www.linkedin.com\/company\/programa-de-doctorado-en-gesti%C3%B3n-estrat%C3%A9gica-y-negocios-internacionales-universidad-de-sevilla<\/a><\/p>\n<p>Saludos cordiales,<\/p>\n<p>Jos\u00e9 Luis Rold\u00e1n Salgueiro<\/p>\n<h3><strong>Workshop en Emprendimiento para Investigadores<\/strong><\/h3>\n<p>5 Julio 2021<\/p>\n<p>Abierto el plazo de inscripci\u00f3n del <a href=\"https:\/\/www.cise.es\/programas-para-emprendedores\/workshop-en-emprendimiento-investigadores\/\" rel=\"noopener noreferrer\" target=\"_blank\"><strong>Workshop en Emprendimiento para Investigadores<\/strong><\/a>. Esta experiencia es una gran oportunidad para que los investigadores se formen en competencias transversales y permite a la universidad impulsar su gran potencial en transferencia de conocimiento. Esto representa un \u00e1mbito de gran oportunidad para los propios investigadores y las universidades.<br \/>\nEn s\u00edntesis:<br \/>\n&#8211; La actividad est\u00e1 organizada conjuntamente por CISE, la UC desde su escuela de doctorado, UIMP y CSIC. Cuenta adem\u00e1s con el apoyo del Gobierno de Cantabria.<br \/>\n&#8211; Ser\u00e1 en formato semipresencial, con unas jornadas iniciales en Santander, el 9 y 10 de septiembre, y varios talleres online a lo largo de septiembre, con un total de 30 horas de formaci\u00f3n pr\u00e1ctica.<br \/>\n&#8211; La matr\u00edcula est\u00e1 subvencionada en un 90% por los organizadores; solo hay que abonar 90\u20ac e incluye el alojamiento para los residentes de fuera de Cantabria y el almuerzo y cena durante la actividad presencial.<br \/>\n&#8211; Pueden participar investigadores vinculados a los cursos de doctorado de cualquier \u00e1mbito de conocimiento, hasta 40 personas, con independencia de su nacionalidad.<br \/>\n&#8211; El programa se enmarca en la iniciativa de Entrecomp.<br \/>\n&#8211; El objetivo es trabajar competencias transversales que favorezcan la transferencia de los resultados de sus investigaciones e incrementen su abanico de salidas profesionales.<br \/>\n&#8211; En las anteriores ediciones ya se han formado cerca de 150 investigadores con resultados muy satisfactorios.<\/p>\n<h3><strong>Concurso de Tesis en 3 minutos (Three Minutes Thesis 3MT\u00ae)<\/strong><\/h3>\n<p>La convocatoria de la edici\u00f3n 2021 del Concurso Tesis en 3 Minutos (Three Minutes Thesis 3MT\u00ae) de la EIDUS finaliza el pr\u00f3ximo <strong>mi\u00e9rcoles, 30 de junio<\/strong>.<\/p>\n<p>El concurso <strong>Tesis en 3 Minutos<\/strong> (Three Minutes Thesis 3MT\u00ae), iniciado en la Universidad de Queensland (UQ), Australia en 2008, se realiza en muchas universidades a nivel mundial. Su objetivo es acercar la investigaci\u00f3n de los doctorandos al p\u00fablico en general, no especialista, comunicando en tan s\u00f3lo 3 minutos los aspectos m\u00e1s significativos de sus trabajos de investigaci\u00f3n. Puede acceder a toda la informaci\u00f3n en:<br \/>\n<a href=\"https:\/\/www.doctorado.us.es\/inicio\/noticias\/772-concurso-tesis-en-3-minutos-eidus-tercera-edicion-2021\" rel=\"noopener noreferrer\" target=\"_blank\"><strong>https:\/\/www.doctorado.us.es\/inicio\/noticias\/772-concurso-tesis-en-3-minutos-eidus-tercera-edicion-2021<\/strong><\/a><\/p>\n<h3><strong>Informaci\u00f3n sobre la convocatoria de practicas internacionales<\/strong><\/h3>\n<p>Conscientes de la importancia de la movilidad internacional de sus estudiantes, as\u00ed como de la internacionalizaci\u00f3n de nuestra investigaci\u00f3n, la Universidad de Sevilla convoca ayudas para la realizaci\u00f3n de pr\u00e1cticas internacionales en el marco del Programa Erasmus +, as\u00ed como ayudas para pr\u00e1cticas internacionales en pa\u00edses no pertenecientes al Programa Erasmus, para el curso 2021-2022.<\/p>\n<p><strong>Plazo de solicitudes:<\/strong>&nbsp;hasta el 30 abril de 2021 para la 1\u00aa adjudicaci\u00f3n<\/p>\n<p><strong>Enlace a la convocatoria:<\/strong> <a href=\"https:\/\/www.us.es\/estudiar\/becas-ayudas\/becas-y-ayudas-de-movilidad\/propias\/practicas-internacionales-21-22\" rel=\"noopener noreferrer\" target=\"_blank\">https:\/\/www.us.es\/estudiar\/becas-ayudas\/becas-y-ayudas-de-movilidad\/propias\/practicas-internacionales-21-22<\/a><\/p>\n<p><strong>Objeto:<\/strong> Ofertar ayudas para realizar Pr\u00e1cticas Internacionales en el Marco del Programa Erasmus+, as\u00ed como ayudas para Pr\u00e1cticas Internacionales en pa\u00edses no pertenecientes al Programa Erasmus+. Curso 2021-22.&nbsp;<\/p>\n<p><strong>Destinatarios:<\/strong> Estudiantes de la Universidad de Sevilla matriculados en titulaciones oficiales de Grado, M\u00e1ster y Doctorado, en el curso 2020-21.&nbsp;<\/p>\n<p><strong>Destinos:<\/strong> Empresas, Universidades e Instituciones situadas en pa\u00edses pertenecientes al Programa Erasmus +, as\u00ed como en pa\u00edses no pertenecientes al Programa Erasmus+.&nbsp;<\/p>\n<p><strong>Curso Acad\u00e9mico en el que se desarrolla la movilidad:<\/strong> 2021-2022.<\/p>\n<p><strong>Financiaci\u00f3n:<\/strong><\/p>\n<p>&nbsp;&nbsp;&nbsp; \u2022 Destinos en pa\u00edses participantes en el Programa Erasmus +: Comisi\u00f3n Europea, a trav\u00e9s del Servicio Espa\u00f1ol para la Internacionalizaci\u00f3n de la Educaci\u00f3n (SEPIE), y ayudas complementarias procedentes del Ministerio de Educaci\u00f3n, Cultura y Deporte, y de la Junta de Andaluc\u00eda.&nbsp;<\/p>\n<p>&nbsp;&nbsp;&nbsp; \u2022 Destinos en pa\u00edses no pertenecientes al Programa Erasmus+: hasta 12 ayudas de fondos propios de la Universidad de Sevilla. Plazo de solicitudes:&nbsp;hasta el 30 de junio de 2021.<\/p>\n<p><strong>Correo electr\u00f3nico de contacto:<\/strong>&nbsp;<a href=\"mailto:movilidad@us.es\">movilidad@us.es<\/a><\/p>\n<p>Toda la informaci\u00f3n sobre la convocatoria se encuentra disponible en el siguiente&nbsp;<a href=\"https:\/\/www.us.es\/estudiar\/becas-ayudas\/becas-y-ayudas-de-movilidad\/propias\/practicas-internacionales-21-22\" rel=\"noopener noreferrer\" target=\"_blank\"> enlace<\/a><\/p>\n<p>&nbsp;<\/p>\n<h3><strong>\u2018Desayuno para investigadores\u2019<\/strong><\/h3>\n<p>Con el apoyo del proyecto europeo <a href=\"https:\/\/www.path2integrity.eu\/\" rel=\"noopener noreferrer\" target=\"_blank\">Path2Integrity<\/a> y de la Facultad de Turismo de la US, el pr\u00f3ximo 17 de Febrero del 2021, a las 9,30 horas, tendr\u00e1 lugar el denominado \u2018Desayuno para investigadores\u2019. Su formato ser\u00e1 online y la  gesti\u00f3n de las inscripciones estar\u00e1 a cargo de Path2Integrity, que enviar\u00e1 el enlace a los interesados una vez inscritos.<\/p>\n<p>&nbsp;<\/p>\n<h3><strong>Seminario de investigaci\u00f3n: \u00abExplanation and Prediction in Business Research: The Example of PLS-SEM\u201d<\/strong><\/h3>\n<p>El 23 de Febrero del 2021 y a las 17,00 horas, el profesor <strong>Christian M. Ringle (Hamburg University of Technology (TUHH), Germany)<\/strong> impartir\u00e1 una sesi\u00f3n de formaci\u00f3n denominada \u00abExplanation and Prediction in Business Research: The Example of PLS-SEM\u201d. La sesi\u00f3n tendr\u00e1 formato virtual, y podr\u00e1n acceder a ella a trav\u00e9s del enlace a la plataforma BBC que se adjunta a continuaci\u00f3n:<br \/>\n<a href=\"https:\/\/eu.bbcollab.com\/guest\/12d967b82e304a8bb615fdafe34355b2\" rel=\"noopener noreferrer\" target=\"_blank\">Sala Virtual<\/a><\/p>\n","protected":false},"excerpt":{"rendered":"<p>Comisi\u00f3n Acad\u00e9mica La Comisi\u00f3n Ejecutiva de la EIDUS aprob\u00f3 el 26 de junio de 2024 la nueva composici\u00f3n de la Comisi\u00f3n Acad\u00e9mica del Programa de Doctorado en Gesti\u00f3n Estrat\u00e9gica y Negocios Internacionales. Vocales de la comisi\u00f3n acad\u00e9mica: Prof. Dra. Carmen Barroso Castro Prof. Dr. Francisco Jos\u00e9 Acedo Gonz\u00e1lez Prof. Dr. Manuel Jes\u00fas S\u00e1nchez Franco Prof. [&hellip;]<\/p>\n","protected":false},"author":1,"featured_media":0,"parent":0,"menu_order":0,"comment_status":"open","ping_status":"open","template":"","meta":{"_kadence_starter_templates_imported_post":false,"footnotes":""},"class_list":["post-7","page","type-page","status-publish","hentry"],"_links":{"self":[{"href":"https:\/\/institucional.us.es\/docgestra\/index.php?rest_route=\/wp\/v2\/pages\/7","targetHints":{"allow":["GET"]}}],"collection":[{"href":"https:\/\/institucional.us.es\/docgestra\/index.php?rest_route=\/wp\/v2\/pages"}],"about":[{"href":"https:\/\/institucional.us.es\/docgestra\/index.php?rest_route=\/wp\/v2\/types\/page"}],"author":[{"embeddable":true,"href":"https:\/\/institucional.us.es\/docgestra\/index.php?rest_route=\/wp\/v2\/users\/1"}],"replies":[{"embeddable":true,"href":"https:\/\/institucional.us.es\/docgestra\/index.php?rest_route=%2Fwp%2Fv2%2Fcomments&post=7"}],"version-history":[{"count":0,"href":"https:\/\/institucional.us.es\/docgestra\/index.php?rest_route=\/wp\/v2\/pages\/7\/revisions"}],"wp:attachment":[{"href":"https:\/\/institucional.us.es\/docgestra\/index.php?rest_route=%2Fwp%2Fv2%2Fmedia&parent=7"}],"curies":[{"name":"wp","href":"https:\/\/api.w.org\/{rel}","templated":true}]}}