{"id":7599,"date":"2026-03-01T17:09:30","date_gmt":"2026-03-01T17:09:30","guid":{"rendered":"https:\/\/institucional.us.es\/newdocgestra\/?page_id=7599"},"modified":"2026-03-01T17:09:32","modified_gmt":"2026-03-01T17:09:32","slug":"1-presentacion","status":"publish","type":"page","link":"https:\/\/institucional.us.es\/docgestra\/?page_id=7599&lang=en","title":{"rendered":"1.- Presentaci\u00f3n"},"content":{"rendered":"\n<h2 class=\"wp-block-heading\"><strong>1.- Presentaci\u00f3n<\/strong><\/h2>\n\n\n\n<p>El Programa de Doctorado en \u00abGesti\u00f3n Estrat\u00e9gica y Negocios Internacionales\u00bb, distinguido con la \u00abMenci\u00f3n de Excelencia Internacional\u00bb por el Ministerio de Educaci\u00f3n (MEE-2011-0244), tiene como misi\u00f3n formar investigadores en el \u00e1mbito de la direcci\u00f3n de empresas. Con ello, persigue ayudar a sus egresados en la toma de decisiones complejas en la gesti\u00f3n de empresas internacionales, as\u00ed como facilitar el desarrollo de una excelente carrera acad\u00e9mica, tanto en las universidades como en las escuelas de negocio de prestigio de todo el mundo.<\/p>\n\n\n\n<h3 class=\"wp-block-heading\">1.1 Antecedentes del programa<\/h3>\n\n\n\n<p>Programa de Doctorado en \u00abGesti\u00f3n Estrat\u00e9gica y Negocios Internacionales\u00bb (RR 99\/2011)<br>El Programa de Doctorado en \u201cGesti\u00f3n Estrat\u00e9gica y Negocios Internacionales\u201d tiene una ampl\u00edsima experiencia como t\u00edtulo ofertado por la Universidad de Sevilla. Hasta el momento, ha recibido la Menci\u00f3n a la Excelencia Internacional (MEE2011-0244 \u2013 GESTI\u00d3N ESTRAT\u00c9GICA Y NEGOCIOS INTERNACIONALES) en el 2011, as\u00ed como, desde el curso 2005-2006, la Menci\u00f3n de Calidad (MCD2005-00248). El programa actual mantiene la misma estructura general que sus antecesores que, adem\u00e1s, se ve enriquecida por la incorporaci\u00f3n de otros grupos de investigaci\u00f3n del \u00e1rea de empresa de la Facultad de Ciencias Econ\u00f3micas y Empresariales de la Universidad de Sevilla, con una dilatad\u00edsima experiencia investigadora.<\/p>\n\n\n\n<h3 class=\"wp-block-heading\">1.2 Descripci\u00f3n del T\u00edtulo<\/h3>\n\n\n\n<p>Programa de Doctorado en \u00abGesti\u00f3n Estrat\u00e9gica y Negocios Internacionales\u00bb por la Universidad de Sevilla. En su propuesta se encuentran implicadas las siguientes \u00e1reas de conocimiento: organizaci\u00f3n de empresas, comercializaci\u00f3n e investigaci\u00f3n de mercados y finanzas y contabilidad. Estas tres \u00e1reas aglutinar\u00e1n el estudio y an\u00e1lisis de la gesti\u00f3n y direcci\u00f3n de empresas en la Universidad de Sevilla, con una especial atenci\u00f3n a las empresas internacionales.<\/p>\n\n\n\n<h3 class=\"wp-block-heading\">1.3 Composici\u00f3n de la Comisi\u00f3n Acad\u00e9mica<\/h3>\n\n\n\n<p><strong>Coordinador del Programa:<\/strong><br>Prof. Dr. Jos\u00e9 Luis Rold\u00e1n Salgueiro<\/p>\n\n\n\n<p><strong>Componentes de la comisi\u00f3n acad\u00e9mica:<\/strong><br>Prof. Dra. Carmen Barroso Castro<br>Prof. Dr. Francisco Jos\u00e9 Acedo Gonz\u00e1lez<br>Prof. Dr. Manuel Jes\u00fas S\u00e1nchez Franco<br>Prof. Dr. Gabriel Cepeda Carri\u00f3n<br>Prof. Dr. Jorge Arenas Gait\u00e1n<br>Prof. Dra. Isabel Mar\u00eda Rosa D\u00edaz<br>Prof. Dr. Francisco Bravo Urquiza<br>Prof. Dra. Mar\u00eda del Mar Miras Rodr\u00edguez<\/p>\n\n\n\n<h3 class=\"wp-block-heading\">1.4 Datos del Coordinador del programa<\/h3>\n\n\n\n<p>Coordinador del Programa: Dr. Jos\u00e9 Luis Rold\u00e1n Salgueiro (<a href=\"https:\/\/bibliometria.us.es\/prisma\/investigador\/3692\" rel=\"noreferrer noopener\" target=\"_blank\">Ver perfil en prisma<\/a>)<br>Tfno: 954 55 44 58<br>E-mail to:&nbsp;<a href=\"mailto:jlroldan@us.es\" target=\"_blank\" rel=\"noreferrer noopener\">jlroldan@us.es<\/a><\/p>\n\n\n\n<h3 class=\"wp-block-heading\">1.5 Datos del servicio de doctorado<\/h3>\n\n\n\n<p><a href=\"https:\/\/www.doctorado.us.es\/\" target=\"_blank\" rel=\"noreferrer noopener\">Estudios de doctorado de la Universidad de Sevilla<\/a><\/p>\n\n\n\n<h3 class=\"wp-block-heading\">1.6 Memoria de Verificaci\u00f3n del T\u00edtulo.<\/h3>\n\n\n\n<p><a href=\"http:\/\/institucional.us.es\/docgestra\/wp-content\/uploads\/memoria-de-verificacion-del-titulo.pdf\" target=\"_blank\" rel=\"noreferrer noopener\">Memoria de verificaci\u00f3n del t\u00edtulo<\/a><\/p>\n\n\n\n<h3 class=\"wp-block-heading\">1.7 Sistema de Garant\u00eda de Calidad. Planes de Mejora.<\/h3>\n\n\n\n<p><a href=\"http:\/\/institucional.us.es\/docgestra\/wp-content\/uploads\/2024\/12\/Plan-de-mejora-2023.2024.pdf\">Plan de Mejora 2023-2024<\/a><br><a href=\"http:\/\/institucional.us.es\/docgestra\/wp-content\/uploads\/2024\/12\/Plan-de-mejora-2022.2023.pdf\">Plan de Mejora 2022-2023<\/a><br><a href=\"http:\/\/institucional.us.es\/docgestra\/wp-content\/uploads\/2024\/12\/Plan-de-mejora-2021.2022.pdf\">Plan de Mejora 2021-2022<\/a><br><a href=\"http:\/\/institucional.us.es\/docgestra\/wp-content\/uploads\/2024\/12\/Plan-de-mejora-2020.2021-1.pdf\">Plan de Mejora 2020-2021<\/a><\/p>\n\n\n\n<h2 class=\"wp-block-heading\"><strong>2.- Caracter\u00edsticas Generales del T\u00edtulo<\/strong><\/h2>\n\n\n\n<h3 class=\"wp-block-heading\">2.1 Datos del T\u00edtulo<\/h3>\n\n\n\n<p><strong>Nivel:<\/strong>&nbsp;Programa de Doctorado<br><strong>Real Decreto:<\/strong>&nbsp;RD 99\/2011<br><strong>Denominaci\u00f3n del t\u00edtulo:<\/strong>&nbsp;Doctorado en Gesti\u00f3n Estrat\u00e9gica y Negocios Internacionales<br><strong>C\u00f3digos ISCED:<\/strong>&nbsp;34: Administraci\u00f3n de empresas Business and Administration<br><strong>Universidad\/Centro:<\/strong>&nbsp;Escuela Internacional de Doctorado de la Universidad de Sevilla.<br>Departamento de Administraci\u00f3n de Empresas y Marketing<br>Facultad de Ciencias Econ\u00f3micas y Empresariales<\/p>\n\n\n\n<h3 class=\"wp-block-heading\">2.2 Duraci\u00f3n del Programa<\/h3>\n\n\n\n<p>El Programa de Doctorado en Gesti\u00f3n Estrat\u00e9gica y Negocios Internacionales cuenta con alumnos con dedicaci\u00f3n a Tiempo Completo \u2013TC- y a Tiempo Parcial \u2013TP-. Las caracter\u00edsticas actuales del entorno econ\u00f3mico, as\u00ed como la orientaci\u00f3n general de este programa, hace que muchos de sus estudiantes, tanto actuales como potenciales, sean directivos o gerentes de empresas cuya dedicaci\u00f3n al t\u00edtulo debe ser parcial. Es por ello por lo que el t\u00edtulo oferta un n\u00famero importante de plazas para este tipo de alumnado. Debido a ello, el programa contempla ambos tipos de dedicaciones \u2013 total y parcial \u2013 teniendo en cuenta las necesarias adaptaciones temporales en funci\u00f3n de la capacidad real del alumno para enfrentarse a las necesidades formativas propias del t\u00edtulo.<br>Tiempo Completo \u2013TC- (3 a\u00f1os + 2 pr\u00f3rrogas de 1 a\u00f1o)<br>Tiempo Parcial \u2013TP- (5 a\u00f1os + 1 pr\u00f3rroga de 2 a\u00f1os + 1 pr\u00f3rroga de 1 a\u00f1o)<\/p>\n\n\n\n<h3 class=\"wp-block-heading\">2.3 Normas de permanencia<\/h3>\n\n\n\n<p><a href=\"https:\/\/doctorado.us.es\/estudios\/permanencia\" rel=\"noreferrer noopener\" target=\"_blank\">R\u00e9gimen de Permanencia EDUS<\/a><\/p>\n\n\n\n<h3 class=\"wp-block-heading\">2.4 Lenguas<\/h3>\n\n\n\n<p>Espa\u00f1ol e Ingl\u00e9s<\/p>\n\n\n\n<h3 class=\"wp-block-heading\">2.5 N\u00famero de plazas<\/h3>\n\n\n\n<p>N\u00ba de plazas de nuevo ingreso ofertadas por curso acad\u00e9mico: 25 (10 a tiempo completo y 15 a tiempo parcial)<\/p>\n\n\n\n<h3 class=\"wp-block-heading\">2.6 N\u00famero de alumnos<\/h3>\n\n\n\n<p>Curso 2023\/2024: 27<br>Curso 2022\/2023: 26<br>Curso 2021\/2022: 20<br>Curso 2020\/2021: 25<br>Curso 2019\/2020: 18<br>Curso 2018\/2019: 19<br>Curso 2017\/2018: 17<br>Curso 2016\/2017: 20<br>Curso 2015\/2016: 16<br>Curso 2014\/2015: 20<br>Curso 2013\/2014: 18<\/p>\n\n\n\n<h3 class=\"wp-block-heading\">2.7 N\u00famero de profesores que imparten el t\u00edtulo<\/h3>\n\n\n\n<p>61 (10 de Universidades Extranjeras)<\/p>\n\n\n\n<h3 class=\"wp-block-heading\">2.8 Colaboraciones<\/h3>\n\n\n\n<p>Los departamentos que participan en el programa de doctorado vienen desarrollando colaboraciones de formaci\u00f3n e investigaci\u00f3n con un amplio n\u00famero de universidades. Por su parte, los grupos de investigaci\u00f3n implicados en el programa tambi\u00e9n mantienen estrechas colaboraciones con otras instituciones universitarias que les permiten incrementar el potencial del titulo propuesto. Entre estas colaboraciones destacan las siguientes:<\/p>\n\n\n\n<h3 class=\"wp-block-heading\">2.9 Competencias del T\u00edtulo<\/h3>\n\n\n\n<p>El Programa de Doctorado en Gesti\u00f3n Estrat\u00e9gica y Negocios Internacionales garantizaran la adquisici\u00f3n por el doctorando de las competencias y capacidades que se detallan a continuaci\u00f3n, as\u00ed como aqu\u00e9llas otras que figuren en el Marco Espa\u00f1ol de Cualificaciones para la Educaci\u00f3n Superior. Asimismo, en el logro de estas competencias se tendr\u00e1 en cuenta los derechos fundamentales y de igualdad de oportunidades entre hombres y mujeres (Ley 3\/2007), los principios de igualdad de oportunidades y accesibilidad de las personas con discapacidad (Ley 51\/2003) y los valores propios de una cultura de paz y de valores democr\u00e1ticos (Ley 27\/2005).<\/p>\n","protected":false},"excerpt":{"rendered":"<p>1.- Presentaci\u00f3n El Programa de Doctorado en \u00abGesti\u00f3n Estrat\u00e9gica y Negocios Internacionales\u00bb, distinguido con la \u00abMenci\u00f3n de Excelencia Internacional\u00bb por el Ministerio de Educaci\u00f3n (MEE-2011-0244), tiene como misi\u00f3n formar investigadores en el \u00e1mbito de la direcci\u00f3n de empresas. Con ello, persigue ayudar a sus egresados en la toma de decisiones complejas en la gesti\u00f3n de [&hellip;]<\/p>\n","protected":false},"author":1,"featured_media":0,"parent":0,"menu_order":0,"comment_status":"open","ping_status":"open","template":"","meta":{"_kadence_starter_templates_imported_post":false,"footnotes":""},"class_list":["post-7599","page","type-page","status-publish","hentry"],"_links":{"self":[{"href":"https:\/\/institucional.us.es\/docgestra\/index.php?rest_route=\/wp\/v2\/pages\/7599","targetHints":{"allow":["GET"]}}],"collection":[{"href":"https:\/\/institucional.us.es\/docgestra\/index.php?rest_route=\/wp\/v2\/pages"}],"about":[{"href":"https:\/\/institucional.us.es\/docgestra\/index.php?rest_route=\/wp\/v2\/types\/page"}],"author":[{"embeddable":true,"href":"https:\/\/institucional.us.es\/docgestra\/index.php?rest_route=\/wp\/v2\/users\/1"}],"replies":[{"embeddable":true,"href":"https:\/\/institucional.us.es\/docgestra\/index.php?rest_route=%2Fwp%2Fv2%2Fcomments&post=7599"}],"version-history":[{"count":1,"href":"https:\/\/institucional.us.es\/docgestra\/index.php?rest_route=\/wp\/v2\/pages\/7599\/revisions"}],"predecessor-version":[{"id":7600,"href":"https:\/\/institucional.us.es\/docgestra\/index.php?rest_route=\/wp\/v2\/pages\/7599\/revisions\/7600"}],"wp:attachment":[{"href":"https:\/\/institucional.us.es\/docgestra\/index.php?rest_route=%2Fwp%2Fv2%2Fmedia&parent=7599"}],"curies":[{"name":"wp","href":"https:\/\/api.w.org\/{rel}","templated":true}]}}