{"id":1158,"date":"2022-01-18T09:58:44","date_gmt":"2022-01-18T08:58:44","guid":{"rendered":"https:\/\/institucional.us.es\/docrecnatma\/?page_id=1158"},"modified":"2024-12-03T12:09:25","modified_gmt":"2024-12-03T11:09:25","slug":"contribuciones-cientificas-del-profesorado","status":"publish","type":"page","link":"https:\/\/institucional.us.es\/docrecnatma\/contribuciones-cientificas-del-profesorado\/","title":{"rendered":"Contribuciones cient\u00edficas del profesorado"},"content":{"rendered":"\t\t<div data-elementor-type=\"wp-page\" data-elementor-id=\"1158\" class=\"elementor elementor-1158\">\n\t\t\t\t\t\t<div class=\"elementor-inner\">\n\t\t\t\t<div class=\"elementor-section-wrap\">\n\t\t\t\t\t\t\t\t\t<section class=\"elementor-section elementor-top-section elementor-element elementor-element-1e258be elementor-section-full_width elementor-section-stretched elementor-section-height-default elementor-section-height-default\" data-id=\"1e258be\" data-element_type=\"section\" data-settings=\"{&quot;stretch_section&quot;:&quot;section-stretched&quot;}\">\n\t\t\t\t\t\t\t<div class=\"elementor-background-overlay\"><\/div>\n\t\t\t\t\t\t\t<div class=\"elementor-container elementor-column-gap-default\">\n\t\t\t\t\t\t\t<div class=\"elementor-row\">\n\t\t\t\t\t<div class=\"elementor-column elementor-col-100 elementor-top-column elementor-element elementor-element-20e8a29\" data-id=\"20e8a29\" data-element_type=\"column\">\n\t\t\t<div class=\"elementor-column-wrap elementor-element-populated\">\n\t\t\t\t\t\t\t<div class=\"elementor-widget-wrap\">\n\t\t\t\t\t\t<div class=\"elementor-element elementor-element-8ddbe76 elementor-widget elementor-widget-spacer\" data-id=\"8ddbe76\" data-element_type=\"widget\" data-widget_type=\"spacer.default\">\n\t\t\t\t<div class=\"elementor-widget-container\">\n\t\t\t\t\t<div class=\"elementor-spacer\">\n\t\t\t<div class=\"elementor-spacer-inner\"><\/div>\n\t\t<\/div>\n\t\t\t\t<\/div>\n\t\t\t\t<\/div>\n\t\t\t\t\t\t<\/div>\n\t\t\t\t\t<\/div>\n\t\t<\/div>\n\t\t\t\t\t\t\t\t<\/div>\n\t\t\t\t\t<\/div>\n\t\t<\/section>\n\t\t\t\t<section class=\"elementor-section elementor-top-section elementor-element elementor-element-1c0d916 elementor-section-boxed elementor-section-height-default elementor-section-height-default\" data-id=\"1c0d916\" data-element_type=\"section\">\n\t\t\t\t\t\t<div class=\"elementor-container elementor-column-gap-default\">\n\t\t\t\t\t\t\t<div class=\"elementor-row\">\n\t\t\t\t\t<div class=\"elementor-column elementor-col-100 elementor-top-column elementor-element elementor-element-5698658\" data-id=\"5698658\" data-element_type=\"column\">\n\t\t\t<div class=\"elementor-column-wrap elementor-element-populated\">\n\t\t\t\t\t\t\t<div class=\"elementor-widget-wrap\">\n\t\t\t\t\t\t<div class=\"elementor-element elementor-element-22c29ad elementor-widget elementor-widget-heading\" data-id=\"22c29ad\" data-element_type=\"widget\" data-widget_type=\"heading.default\">\n\t\t\t\t<div class=\"elementor-widget-container\">\n\t\t\t<h1 class=\"elementor-heading-title elementor-size-default\">Contribuciones cient\u00edficas del profesorado<\/h1>\t\t<\/div>\n\t\t\t\t<\/div>\n\t\t\t\t<div class=\"elementor-element elementor-element-2f2aa3a elementor-widget elementor-widget-text-editor\" data-id=\"2f2aa3a\" data-element_type=\"widget\" data-widget_type=\"text-editor.default\">\n\t\t\t\t<div class=\"elementor-widget-container\">\n\t\t\t\t\t\t\t\t<div class=\"elementor-text-editor elementor-clearfix\">\n\t\t\t\t\t\t\t\t\t<\/div>\n\t\t\t\t\t\t<\/div>\n\t\t\t\t<\/div>\n\t\t\t\t<div class=\"elementor-element elementor-element-22fff4f elementor-widget elementor-widget-shortcode\" data-id=\"22fff4f\" data-element_type=\"widget\" data-widget_type=\"shortcode.default\">\n\t\t\t\t<div class=\"elementor-widget-container\">\n\t\t\t\t\t<div class=\"elementor-shortcode\">\n<ol class=\"wp-block-list\"><li>Aparicio Fern\u00e1ndez, Patricia<br><a href=\"https:\/\/www.scopus.com\/authid\/detail.uri?authorId=56264194700\" rel=\"nofollow noopener\" target=\"_blank\">https:\/\/www.scopus.com\/authid\/detail.uri?authorId=56264194700<\/a><\/li><\/ol>\n\n\n\n<ol class=\"wp-block-list\" start=\"2\"><li>Barba Brioso, Cinta<br><a href=\"https:\/\/www.scopus.com\/authid\/detail.uri?authorId=23970242400\" rel=\"nofollow noopener\" target=\"_blank\">https:\/\/www.scopus.com\/authid\/detail.uri?authorId=23970242400<\/a><\/li><\/ol>\n\n\n\n<ol class=\"wp-block-list\" start=\"3\"><li>B\u00e1rcenas Moreno, Gael<br><a href=\"https:\/\/www.scopus.com\/authid\/detail.uri?authorId=35077003800\" rel=\"nofollow noopener\" target=\"_blank\">https:\/\/www.scopus.com\/authid\/detail.uri?authorId=35077003800<\/a><\/li><\/ol>\n\n\n\n<ol class=\"wp-block-list\" start=\"4\"><li>Burgos Dom\u00e9nech, Pilar<br><a href=\"https:\/\/www.scopus.com\/authid\/detail.uri?authorId=10639915900\" rel=\"nofollow noopener\" target=\"_blank\">https:\/\/www.scopus.com\/authid\/detail.uri?authorId=10639915900<\/a><\/li><\/ol>\n\n\n\n<ol class=\"wp-block-list\" start=\"5\"><li>Carretero Le\u00f3n, Mar\u00eda Isabel<br><a href=\"https:\/\/www.scopus.com\/authid\/detail.uri?authorId=7006690881\" rel=\"nofollow noopener\" target=\"_blank\">https:\/\/www.scopus.com\/authid\/detail.uri?authorId=7006690881<\/a><\/li><\/ol>\n\n\n\n<ol class=\"wp-block-list\" start=\"6\"><li>Celis Garc\u00eda, Rafael<br><a href=\"https:\/\/www.scopus.com\/authid\/detail.uri?authorId=56243794500\" rel=\"nofollow noopener\" target=\"_blank\">https:\/\/www.scopus.com\/authid\/detail.uri?authorId=56243794500<\/a><\/li><\/ol>\n\n\n\n<ol class=\"wp-block-list\" start=\"7\"><li>Cox Meara, Luc\u00eda<br><a href=\"https:\/\/www.scopus.com\/authid\/detail.uri?authorId=7202677766\" rel=\"nofollow noopener\" target=\"_blank\">https:\/\/www.scopus.com\/authid\/detail.uri?authorId=7202677766<\/a><\/li><\/ol>\n\n\n\n<ol class=\"wp-block-list\" start=\"8\"><li>De la Rosa Arranz, Jos\u00e9 Mar\u00eda<br><a href=\"https:\/\/www.scopus.com\/authid\/detail.uri?authorId=57336394100\" rel=\"nofollow noopener\" target=\"_blank\">https:\/\/www.scopus.com\/authid\/detail.uri?authorId=57336394100<\/a><\/li><\/ol>\n\n\n\n<ol class=\"wp-block-list\" start=\"9\"><li>Del R\u00edo Andrade, Jos\u00e9 Carlos<br><a href=\"https:\/\/www.scopus.com\/authid\/detail.uri?authorId=7201580642\" rel=\"nofollow noopener\" target=\"_blank\">https:\/\/www.scopus.com\/authid\/detail.uri?authorId=7201580642<\/a><\/li><\/ol>\n\n\n\n<ol class=\"wp-block-list\" start=\"10\"><li>Delgado Rodr\u00edguez, Joaqu\u00edn<br><a href=\"https:\/\/www.scopus.com\/authid\/detail.uri?authorId=58610458200\" rel=\"nofollow noopener\" target=\"_blank\">https:\/\/www.scopus.com\/authid\/detail.uri?authorId=58610458200<\/a><\/li><\/ol>\n\n\n\n<ol class=\"wp-block-list\" start=\"11\"><li>Fern\u00e1ndez Boy, Mar\u00eda Elena<br><a href=\"https:\/\/www.scopus.com\/authid\/detail.uri?authorId=6602417712\" rel=\"nofollow noopener\" target=\"_blank\">https:\/\/www.scopus.com\/authid\/detail.uri?authorId=6602417712<\/a><\/li><\/ol>\n\n\n\n<ol class=\"wp-block-list\" start=\"12\"><li>Fern\u00e1ndez Luque, Jos\u00e9 Enrique<br><a href=\"https:\/\/www.scopus.com\/authid\/detail.uri?authorId=7404574423\" rel=\"nofollow noopener\" target=\"_blank\">https:\/\/www.scopus.com\/authid\/detail.uri?authorId=7404574423<\/a><\/li><\/ol>\n\n\n\n<ol class=\"wp-block-list\" start=\"13\"><li>Florido Fern\u00e1ndez, Mar\u00eda del Carmen<br><a href=\"https:\/\/www.scopus.com\/authid\/detail.uri?authorId=16300664100\" rel=\"nofollow noopener\" target=\"_blank\">https:\/\/www.scopus.com\/authid\/detail.uri?authorId=16300664100<\/a><\/li><\/ol>\n\n\n\n<ol class=\"wp-block-list\" start=\"14\"><li>G\u00e1miz Ruiz, Beatriz<br><a href=\"https:\/\/www.scopus.com\/authid\/detail.uri?authorId=36169250000\" rel=\"nofollow noopener\" target=\"_blank\">https:\/\/www.scopus.com\/authid\/detail.uri?authorId=36169250000<\/a><\/li><\/ol>\n\n\n\n<ol class=\"wp-block-list\" start=\"15\"><li>G\u00f3mez Parrales, Isidoro A.<br><a href=\"https:\/\/www.scopus.com\/authid\/detail.uri?authorId=57196857595\" rel=\"nofollow noopener\" target=\"_blank\">https:\/\/www.scopus.com\/authid\/detail.uri?authorId=57196857595<\/a><\/li><\/ol>\n\n\n\n<ol class=\"wp-block-list\" start=\"16\"><li>Gonz\u00e1lez D\u00edez, Isabel<br><a href=\"https:\/\/www.scopus.com\/authid\/detail.uri?authorId=56351055400\" rel=\"nofollow noopener\" target=\"_blank\">https:\/\/www.scopus.com\/authid\/detail.uri?authorId=56351055400<\/a><\/li><\/ol>\n\n\n\n<ol class=\"wp-block-list\" start=\"17\"><li>Gonz\u00e1lez P\u00e9rez, Jos\u00e9 Antonio<br><a href=\"https:\/\/www.scopus.com\/authid\/detail.uri?authorId=57198495858\" rel=\"nofollow noopener\" target=\"_blank\">https:\/\/www.scopus.com\/authid\/detail.uri?authorId=57198495858<\/a><\/li><\/ol>\n\n\n\n<ol class=\"wp-block-list\" start=\"18\"><li>Jord\u00e1n L\u00f3pez, Antonio<br><a href=\"https:\/\/www.scopus.com\/authid\/detail.uri?authorId=24171149800\" rel=\"nofollow noopener\" target=\"_blank\">https:\/\/www.scopus.com\/authid\/detail.uri?authorId=24171149800<\/a><\/li><\/ol>\n\n\n\n<ol class=\"wp-block-list\" start=\"19\"><li>Knicker, Heike Elisabeth<br><a href=\"https:\/\/www.scopus.com\/authid\/detail.uri?authorId=7004410125\" rel=\"nofollow noopener\" target=\"_blank\">https:\/\/www.scopus.com\/authid\/detail.uri?authorId=7004410125<\/a><\/li><\/ol>\n\n\n\n<ol class=\"wp-block-list\" start=\"20\"><li>Lebrato Mart\u00ednez, Juli\u00e1n<br><a href=\"https:\/\/www.scopus.com\/authid\/detail.uri?authorId=6603380848\" rel=\"nofollow noopener\" target=\"_blank\">https:\/\/www.scopus.com\/authid\/detail.uri?authorId=6603380848<\/a><\/li><\/ol>\n\n\n\n<ol class=\"wp-block-list\" start=\"21\"><li>L\u00f3pez N\u00fa\u00f1ez, Rafael<br><a href=\"https:\/\/www.scopus.com\/authid\/detail.uri?authorId=24802473600\" rel=\"nofollow noopener\" target=\"_blank\">https:\/\/www.scopus.com\/authid\/detail.uri?authorId=24802473600<\/a><\/li><\/ol>\n\n\n\n<ol class=\"wp-block-list\" start=\"22\"><li>Madej\u00f3n Rodr\u00edguez, Engracia<br><a href=\"https:\/\/www.scopus.com\/authid\/detail.uri?authorId=6601967055\" rel=\"nofollow noopener\" target=\"_blank\">https:\/\/www.scopus.com\/authid\/detail.uri?authorId=6601967055<\/a><\/li><\/ol>\n\n\n\n<ol class=\"wp-block-list\" start=\"23\"><li>Madej\u00f3n Rodr\u00edguez, Paula<br><a href=\"https:\/\/www.scopus.com\/authid\/detail.uri?authorId=8944167300\" rel=\"nofollow noopener\" target=\"_blank\">https:\/\/www.scopus.com\/authid\/detail.uri?authorId=8944167300<\/a><\/li><\/ol>\n\n\n\n<ol class=\"wp-block-list\" start=\"24\"><li>Madrid D\u00edaz, Fernando<br><a href=\"https:\/\/www.scopus.com\/authid\/detail.uri?authorId=6701704277\" rel=\"nofollow noopener\" target=\"_blank\">https:\/\/www.scopus.com\/authid\/detail.uri?authorId=6701704277<\/a><\/li><\/ol>\n\n\n\n<ol class=\"wp-block-list\" start=\"25\"><li>Mart\u00edn Garc\u00eda, Domingo<br><a href=\"https:\/\/www.scopus.com\/authid\/detail.uri?authorId=57201681263\" rel=\"nofollow noopener\" target=\"_blank\">https:\/\/www.scopus.com\/authid\/detail.uri?authorId=57201681263<\/a><\/li><\/ol>\n\n\n\n<ol class=\"wp-block-list\" start=\"26\"><li>Mart\u00ednez Zavala, Lorena<br><a href=\"https:\/\/www.scopus.com\/authid\/detail.uri?authorId=26649279700\" rel=\"nofollow noopener\" target=\"_blank\">https:\/\/www.scopus.com\/authid\/detail.uri?authorId=26649279700<\/a><\/li><\/ol>\n\n\n\n<ol class=\"wp-block-list\" start=\"27\"><li>Miras Ruiz, Adolfo<br><a href=\"https:\/\/www.scopus.com\/authid\/detail.uri?authorId=7003734949\" rel=\"nofollow noopener\" target=\"_blank\">https:\/\/www.scopus.com\/authid\/detail.uri?authorId=7003734949<\/a><\/li><\/ol>\n\n\n\n<ol class=\"wp-block-list\" start=\"28\"><li>Morillo Gonz\u00e1lez, Esmeralda<br><a href=\"https:\/\/www.scopus.com\/authid\/detail.uri?authorId=56223304700\" rel=\"nofollow noopener\" target=\"_blank\">https:\/\/www.scopus.com\/authid\/detail.uri?authorId=56223304700<\/a><\/li><\/ol>\n\n\n\n<ol class=\"wp-block-list\" start=\"29\"><li>Mu\u00f1iz Guinea, Fernando<br><a href=\"https:\/\/www.scopus.com\/authid\/detail.uri?authorId=55905470800\" rel=\"nofollow noopener\" target=\"_blank\">https:\/\/www.scopus.com\/authid\/detail.uri?authorId=55905470800<\/a><\/li><\/ol>\n\n\n\n<ol class=\"wp-block-list\" start=\"30\"><li>Ortega Calvo, Jos\u00e9 Julio<br><a href=\"https:\/\/www.scopus.com\/authid\/detail.uri?authorId=7003678449\" rel=\"nofollow noopener\" target=\"_blank\">https:\/\/www.scopus.com\/authid\/detail.uri?authorId=7003678449<\/a><\/li><\/ol>\n\n\n\n<ol class=\"wp-block-list\" start=\"31\"><li>Paneque Mac\u00edas, Patricia<br><a href=\"https:\/\/www.scopus.com\/authid\/detail.uri?authorId=26534912300\" rel=\"nofollow noopener\" target=\"_blank\">https:\/\/www.scopus.com\/authid\/detail.uri?authorId=26534912300<\/a><\/li><\/ol>\n\n\n\n<ol class=\"wp-block-list\" start=\"32\"><li>Parrado Rubio, Juan<br><a href=\"https:\/\/www.scopus.com\/authid\/detail.uri?authorId=6602141469\" rel=\"nofollow noopener\" target=\"_blank\">https:\/\/www.scopus.com\/authid\/detail.uri?authorId=6602141469<\/a><\/li><\/ol>\n\n\n\n<ol class=\"wp-block-list\" start=\"33\"><li>P\u00e9rez Puyana, V\u00edctor Manuel<br><a href=\"https:\/\/www.scopus.com\/authid\/detail.uri?authorId=57131453400\" rel=\"nofollow noopener\" target=\"_blank\">https:\/\/www.scopus.com\/authid\/detail.uri?authorId=57131453400<\/a><\/li><\/ol>\n\n\n\n<ol class=\"wp-block-list\" start=\"34\"><li>Pozo Morales, Laura<br><a href=\"https:\/\/www.scopus.com\/authid\/detail.uri?authorId=55609135200\" rel=\"nofollow noopener\" target=\"_blank\">https:\/\/www.scopus.com\/authid\/detail.uri?authorId=55609135200<\/a><\/li><\/ol>\n\n\n\n<ol class=\"wp-block-list\" start=\"35\"><li>Rencoret Pazo, Jorge<br><a href=\"https:\/\/www.scopus.com\/authid\/detail.uri?authorId=57204246496\" rel=\"nofollow noopener\" target=\"_blank\">https:\/\/www.scopus.com\/authid\/detail.uri?authorId=57204246496<\/a><\/li><\/ol>\n\n\n\n<ol class=\"wp-block-list\" start=\"36\"><li>Romero Baena, Antonio<br><a href=\"https:\/\/www.scopus.com\/authid\/detail.uri?authorId=7202648774\" rel=\"nofollow noopener\" target=\"_blank\">https:\/\/www.scopus.com\/authid\/detail.uri?authorId=7202648774<\/a><\/li><\/ol>\n\n\n\n<ol class=\"wp-block-list\" start=\"37\"><li>Tejada Moral, Manuel<br><a href=\"https:\/\/www.scopus.com\/authid\/detail.uri?authorId=9043888900\" rel=\"nofollow noopener\" target=\"_blank\">https:\/\/www.scopus.com\/authid\/detail.uri?authorId=9043888900<\/a><\/li><\/ol>\n<\/div>\n\t\t\t\t<\/div>\n\t\t\t\t<\/div>\n\t\t\t\t\t\t<\/div>\n\t\t\t\t\t<\/div>\n\t\t<\/div>\n\t\t\t\t\t\t\t\t<\/div>\n\t\t\t\t\t<\/div>\n\t\t<\/section>\n\t\t\t\t\t\t\t\t\t<\/div>\n\t\t\t<\/div>\n\t\t\t\t\t<\/div>\n\t\t","protected":false},"excerpt":{"rendered":"<p>Contribuciones cient\u00edficas del profesorado<\/p>\n","protected":false},"author":1,"featured_media":0,"parent":0,"menu_order":0,"comment_status":"closed","ping_status":"closed","template":"","meta":{"_monsterinsights_skip_tracking":false,"_monsterinsights_sitenote_active":false,"_monsterinsights_sitenote_note":"","_monsterinsights_sitenote_category":0,"footnotes":""},"class_list":["post-1158","page","type-page","status-publish","hentry","entry"],"_links":{"self":[{"href":"https:\/\/institucional.us.es\/docrecnatma\/wp-json\/wp\/v2\/pages\/1158","targetHints":{"allow":["GET"]}}],"collection":[{"href":"https:\/\/institucional.us.es\/docrecnatma\/wp-json\/wp\/v2\/pages"}],"about":[{"href":"https:\/\/institucional.us.es\/docrecnatma\/wp-json\/wp\/v2\/types\/page"}],"author":[{"embeddable":true,"href":"https:\/\/institucional.us.es\/docrecnatma\/wp-json\/wp\/v2\/users\/1"}],"replies":[{"embeddable":true,"href":"https:\/\/institucional.us.es\/docrecnatma\/wp-json\/wp\/v2\/comments?post=1158"}],"version-history":[{"count":12,"href":"https:\/\/institucional.us.es\/docrecnatma\/wp-json\/wp\/v2\/pages\/1158\/revisions"}],"predecessor-version":[{"id":2024,"href":"https:\/\/institucional.us.es\/docrecnatma\/wp-json\/wp\/v2\/pages\/1158\/revisions\/2024"}],"wp:attachment":[{"href":"https:\/\/institucional.us.es\/docrecnatma\/wp-json\/wp\/v2\/media?parent=1158"}],"curies":[{"name":"wp","href":"https:\/\/api.w.org\/{rel}","templated":true}]}}