{"id":2270,"date":"2025-04-25T13:30:47","date_gmt":"2025-04-25T11:30:47","guid":{"rendered":"https:\/\/institucional.us.es\/docrecnatma\/?page_id=2270"},"modified":"2025-12-15T12:23:48","modified_gmt":"2025-12-15T11:23:48","slug":"egresados-del-programa","status":"publish","type":"page","link":"https:\/\/institucional.us.es\/docrecnatma\/egresados-del-programa\/","title":{"rendered":"Egresados del Programa"},"content":{"rendered":"\t\t<div data-elementor-type=\"wp-page\" data-elementor-id=\"2270\" class=\"elementor elementor-2270\">\n\t\t\t\t\t\t<div class=\"elementor-inner\">\n\t\t\t\t<div class=\"elementor-section-wrap\">\n\t\t\t\t\t\t\t\t\t<section class=\"elementor-section elementor-top-section elementor-element elementor-element-76ad0ca elementor-section-height-min-height elementor-section-stretched elementor-section-boxed elementor-section-height-default elementor-section-items-middle\" data-id=\"76ad0ca\" data-element_type=\"section\" data-settings=\"{&quot;stretch_section&quot;:&quot;section-stretched&quot;}\">\n\t\t\t\t\t\t\t<div class=\"elementor-background-overlay\"><\/div>\n\t\t\t\t\t\t\t<div class=\"elementor-container elementor-column-gap-default\">\n\t\t\t\t\t\t\t<div class=\"elementor-row\">\n\t\t\t\t\t<div class=\"elementor-column elementor-col-100 elementor-top-column elementor-element elementor-element-6f1f0d8\" data-id=\"6f1f0d8\" data-element_type=\"column\">\n\t\t\t<div class=\"elementor-column-wrap\">\n\t\t\t\t\t\t\t<div class=\"elementor-widget-wrap\">\n\t\t\t\t\t\t\t\t<\/div>\n\t\t\t\t\t<\/div>\n\t\t<\/div>\n\t\t\t\t\t\t\t\t<\/div>\n\t\t\t\t\t<\/div>\n\t\t<\/section>\n\t\t\t\t<section class=\"elementor-section elementor-top-section elementor-element elementor-element-6ec774e7 elementor-section-boxed elementor-section-height-default elementor-section-height-default\" data-id=\"6ec774e7\" data-element_type=\"section\">\n\t\t\t\t\t\t<div class=\"elementor-container elementor-column-gap-default\">\n\t\t\t\t\t\t\t<div class=\"elementor-row\">\n\t\t\t\t\t<div class=\"elementor-column elementor-col-100 elementor-top-column elementor-element elementor-element-69e46d0c\" data-id=\"69e46d0c\" data-element_type=\"column\">\n\t\t\t<div class=\"elementor-column-wrap elementor-element-populated\">\n\t\t\t\t\t\t\t<div class=\"elementor-widget-wrap\">\n\t\t\t\t\t\t<div class=\"elementor-element elementor-element-7b9aa4e6 elementor-widget elementor-widget-text-editor\" data-id=\"7b9aa4e6\" data-element_type=\"widget\" data-widget_type=\"text-editor.default\">\n\t\t\t\t<div class=\"elementor-widget-container\">\n\t\t\t\t\t\t\t\t<div class=\"elementor-text-editor elementor-clearfix\">\n\t\t\t\t<p><!-- wp:heading --><\/p>\n<h2 style=\"text-align: center;\">Egresados del Programa<\/h2>\n<div>\n<h3>Empleabilidad Egresados Programa de Doctorado Recursos Naturales y Medioambiente (R.D. 99\/2011) de los \u00faltimos seis a\u00f1os<\/h3>\n<\/div>\n<p><!-- \/wp:heading --><\/p>\n<p><!-- wp:paragraph --><\/p>\n<p><strong>RAFAEL DREUX MIRANDA FERNANDES<\/strong><br \/>Departamento de Ciencias y Tecnolog\u00edas Agroalimentarias de la Universidad de Bolonia, con una beca Marie Curie<\/p>\n<p><!-- \/wp:paragraph --><\/p>\n<p><!-- wp:paragraph --><\/p>\n<p><strong>MARINA PANEQUE CARMONA<\/strong><br \/>T\u00e9cnico Superior Dpto. Agronom\u00eda ETSIA, Universidad de Sevilla<\/p>\n<p><!-- \/wp:paragraph --><\/p>\n<p><!-- wp:paragraph --><\/p>\n<p><strong>SULY MARGOTH RODR\u00cdGUEZ AYALA<\/strong><br \/>Docente en Universidad Central del Ecuador<\/p>\n<p><!-- \/wp:paragraph --><\/p>\n<p><!-- wp:paragraph --><\/p>\n<p><strong>DOMINGO MART\u00cdN GARC\u00cdA<br \/><\/strong>Profesor Permanente Laboral, Dpto. Cristalograf\u00eda, Mineralog\u00eda y Qu\u00edmica Agr\u00edcola, Universidad de Sevilla<\/p>\n<p><!-- \/wp:paragraph --><\/p>\n<p><!-- wp:paragraph --><\/p>\n<p><strong>MANUEL ORTIZ BOTELLA<\/strong><br \/>Especialista Medioambiental, TRAGSATEC-Seguimiento y Evaluaci\u00f3n de la Pol\u00edtica Agraria Com\u00fan, Desarrollo rural y Pol\u00edtica forestal<\/p>\n<p><!-- \/wp:paragraph --><\/p>\n<p><!-- wp:paragraph --><\/p>\n<p><strong>IRENE PAREDES LOSADA<\/strong><br \/>T\u00e9cnico Superior en el Departamento de Medio Natural de TRAGSATEC en proyectos relacionados con la conservaci\u00f3n y seguimiento de los tipos de h\u00e1bitat en Espa\u00f1a<\/p>\n<p><!-- \/wp:paragraph --><\/p>\n<p><!-- wp:paragraph --><\/p>\n<p><strong>PABLO CABALLERO JIM\u00c9NEZ<\/strong><br \/>Director de Desarrollo Industrial en Nawter Tech<\/p>\n<p><!-- \/wp:paragraph --><\/p>\n<p><!-- wp:paragraph --><\/p>\n<p><strong>ARY MAURICIO BURBANO CENDALES<\/strong><br \/>Profesional de Biomasa-IPSE Instituto de planificaci\u00f3n y promoci\u00f3n de soluciones energ\u00e9ticas para las zonas no interconectadas en Bogot\u00e1, Colombia<\/p>\n<p><!-- \/wp:paragraph --><\/p>\n<p><!-- wp:paragraph --><\/p>\n<p><strong>MARTA GIL MART\u00cdNEZ<\/strong><br \/>PSI Dpto. de Cristalograf\u00eda, Mineralog\u00eda y Qu\u00edmica Agr\u00edcola, Universidad de Sevilla<\/p>\n<p><!-- \/wp:paragraph --><\/p>\n<p><!-- wp:paragraph --><\/p>\n<p><strong>PALOMA CAMPOS D\u00cdAZ DE MAYORGA<\/strong><br \/>T\u00e9cnico en IRNAS-CSIC<\/p>\n<p><!-- \/wp:paragraph --><\/p>\n<p><!-- wp:paragraph --><\/p>\n<p><strong>MARCO NOCENTINI<\/strong><br \/>T\u00e9cnico en Istituto Superiore per la Protezione e la Ricerca Ambientale, Roma, Italia<\/p>\n<p><!-- \/wp:paragraph --><\/p>\n<p><!-- wp:paragraph --><\/p>\n<p><strong>OLGA VARINIA BRIONES ORD\u00d3\u00d1EZ<\/strong><br \/>Docente Investigadora en la Universidad T\u00e9cnica de Manab\u00ed, adscrita al Departamento de Construcciones Civiles, Arquitectura y Geolog\u00eda de la Facultad de Ingenier\u00eda y Ciencias Aplicadas, tambi\u00e9n desempe\u00f1a el cargo de Vicedecana de la Carrera Arquitectura<\/p>\n<p><!-- \/wp:paragraph --><\/p>\n<p><!-- wp:paragraph --><\/p>\n<p><strong>SARAI GUTI\u00c9RREZ GORDILLO<\/strong><br \/>Contrato postdoctoral Juan de la Cierva 2022, Instituto de Recursos Naturales y Agrobiolog\u00eda de Sevilla (IRNAS-CSIC)<\/p>\n<p><!-- \/wp:paragraph --><\/p>\n<p><!-- wp:paragraph --><\/p>\n<p><strong>JOS\u00c9 ANTONIO GAL\u00c1N P\u00c9REZ<\/strong><br \/>Contrato postdoctoral en la Technological University of Dublin (TU Dublin), Irlanda<\/p>\n<p><!-- \/wp:paragraph --><\/p>\n<p><!-- wp:paragraph --><\/p>\n<p><strong>YOLANDA CALDER\u00d3N LARRA\u00d1AGA<\/strong><br \/>Laboratorio de Geotecnia (Direcci\u00f3n de Laboratorios), Bogot\u00e1, Colombia<\/p>\n<p><!-- \/wp:paragraph --><\/p>\n<p><!-- wp:paragraph --><\/p>\n<p><strong>LAYLA M\u00c1RQUEZ SAN EMETERIO<\/strong><br \/>Investigadora Postdoctoral en la Universidad de Uppsala en Suecia<\/p>\n<p><!-- \/wp:paragraph --><\/p>\n<p><!-- wp:paragraph --><\/p>\n<p><strong>ADRI\u00c1N P\u00c9REZ ARCOIZA<\/strong><br \/>Investigador en el Servicio Regional de Investigaci\u00f3n y Desarrollo Agroalimentario (SERIDA)<\/p>\n<p><!-- \/wp:paragraph --><\/p>\n<p><!-- wp:paragraph --><\/p>\n<p><strong>LAURA MORALES SALMER\u00d3N<\/strong><br \/>T\u00e9cnico en el Museo Nacional de Ciencias Naturales<\/p>\n<p><b>FRANCISCO JOS\u00c9 BLANCO VEL\u00c1QUEZ<span class=\"Apple-converted-space\">\u00a0<br \/><\/span><\/b><b><\/b>Responsable de Proyectos, CTO, en Evenor Tech S.L.U., Sevilla<span class=\"Apple-converted-space\">\u00a0<\/span><\/p>\n<p><b>JOS\u00c9 MAR\u00cdA ORTS G\u00d3MEZ<span class=\"Apple-converted-space\"><br \/><\/span><\/b><b><\/b>Contrato a cargo de proyecto por la Universidad de Sevilla<span class=\"Apple-converted-space\">\u00a0<\/span><\/p>\n<p><b>ALEJANDRO CABALLERO HERN\u00c1NDEZ<span class=\"Apple-converted-space\">\u00a0<br \/><\/span><\/b><b><\/b>Key Account Manager en CHRISTEYNS ESPA\u00d1A, S. L. U.<span class=\"Apple-converted-space\">\u00a0<\/span><\/p>\n<p><!-- \/wp:paragraph --><\/p>\t\t\t\t\t<\/div>\n\t\t\t\t\t\t<\/div>\n\t\t\t\t<\/div>\n\t\t\t\t\t\t<\/div>\n\t\t\t\t\t<\/div>\n\t\t<\/div>\n\t\t\t\t\t\t\t\t<\/div>\n\t\t\t\t\t<\/div>\n\t\t<\/section>\n\t\t\t\t\t\t\t\t\t<\/div>\n\t\t\t<\/div>\n\t\t\t\t\t<\/div>\n\t\t","protected":false},"excerpt":{"rendered":"<p>Egresados del Programa Empleabilidad Egresados Programa de Doctorado Recursos Naturales y Medioambiente (R.D. 99\/2011) de los \u00faltimos seis a\u00f1os RAFAEL DREUX MIRANDA FERNANDESDepartamento de Ciencias y Tecnolog\u00edas Agroalimentarias de la Universidad de Bolonia, con una beca Marie Curie MARINA PANEQUE CARMONAT\u00e9cnico Superior Dpto. Agronom\u00eda ETSIA, Universidad de Sevilla SULY MARGOTH RODR\u00cdGUEZ AYALADocente en Universidad Central [&hellip;]<\/p>\n","protected":false},"author":5,"featured_media":499,"parent":0,"menu_order":0,"comment_status":"closed","ping_status":"closed","template":"","meta":{"_monsterinsights_skip_tracking":false,"_monsterinsights_sitenote_active":false,"_monsterinsights_sitenote_note":"","_monsterinsights_sitenote_category":0,"footnotes":""},"class_list":["post-2270","page","type-page","status-publish","has-post-thumbnail","hentry","entry","has-media"],"_links":{"self":[{"href":"https:\/\/institucional.us.es\/docrecnatma\/wp-json\/wp\/v2\/pages\/2270","targetHints":{"allow":["GET"]}}],"collection":[{"href":"https:\/\/institucional.us.es\/docrecnatma\/wp-json\/wp\/v2\/pages"}],"about":[{"href":"https:\/\/institucional.us.es\/docrecnatma\/wp-json\/wp\/v2\/types\/page"}],"author":[{"embeddable":true,"href":"https:\/\/institucional.us.es\/docrecnatma\/wp-json\/wp\/v2\/users\/5"}],"replies":[{"embeddable":true,"href":"https:\/\/institucional.us.es\/docrecnatma\/wp-json\/wp\/v2\/comments?post=2270"}],"version-history":[{"count":13,"href":"https:\/\/institucional.us.es\/docrecnatma\/wp-json\/wp\/v2\/pages\/2270\/revisions"}],"predecessor-version":[{"id":2393,"href":"https:\/\/institucional.us.es\/docrecnatma\/wp-json\/wp\/v2\/pages\/2270\/revisions\/2393"}],"wp:featuredmedia":[{"embeddable":true,"href":"https:\/\/institucional.us.es\/docrecnatma\/wp-json\/wp\/v2\/media\/499"}],"wp:attachment":[{"href":"https:\/\/institucional.us.es\/docrecnatma\/wp-json\/wp\/v2\/media?parent=2270"}],"curies":[{"name":"wp","href":"https:\/\/api.w.org\/{rel}","templated":true}]}}