{"id":77,"date":"2019-11-05T17:34:25","date_gmt":"2019-11-05T16:34:25","guid":{"rendered":"http:\/\/institucional.us.es\/docrecnatma\/wp2\/?page_id=77"},"modified":"2020-05-18T14:13:18","modified_gmt":"2020-05-18T12:13:18","slug":"recursos","status":"publish","type":"page","link":"https:\/\/institucional.us.es\/docrecnatma\/recursos\/","title":{"rendered":"Recursos"},"content":{"rendered":"\t\t<div data-elementor-type=\"wp-page\" data-elementor-id=\"77\" class=\"elementor elementor-77\">\n\t\t\t\t\t\t<div class=\"elementor-inner\">\n\t\t\t\t<div class=\"elementor-section-wrap\">\n\t\t\t\t\t\t\t\t\t<section class=\"elementor-section elementor-top-section elementor-element elementor-element-41d487e elementor-section-stretched elementor-section-boxed elementor-section-height-default elementor-section-height-default\" data-id=\"41d487e\" data-element_type=\"section\" data-settings=\"{&quot;stretch_section&quot;:&quot;section-stretched&quot;}\">\n\t\t\t\t\t\t\t<div class=\"elementor-background-overlay\"><\/div>\n\t\t\t\t\t\t\t<div class=\"elementor-container elementor-column-gap-default\">\n\t\t\t\t\t\t\t<div class=\"elementor-row\">\n\t\t\t\t\t<div class=\"elementor-column elementor-col-100 elementor-top-column elementor-element elementor-element-000d482\" data-id=\"000d482\" data-element_type=\"column\">\n\t\t\t<div class=\"elementor-column-wrap elementor-element-populated\">\n\t\t\t\t\t\t\t<div class=\"elementor-widget-wrap\">\n\t\t\t\t\t\t<div class=\"elementor-element elementor-element-92df51f elementor-widget elementor-widget-spacer\" data-id=\"92df51f\" data-element_type=\"widget\" data-widget_type=\"spacer.default\">\n\t\t\t\t<div class=\"elementor-widget-container\">\n\t\t\t\t\t<div class=\"elementor-spacer\">\n\t\t\t<div class=\"elementor-spacer-inner\"><\/div>\n\t\t<\/div>\n\t\t\t\t<\/div>\n\t\t\t\t<\/div>\n\t\t\t\t\t\t<\/div>\n\t\t\t\t\t<\/div>\n\t\t<\/div>\n\t\t\t\t\t\t\t\t<\/div>\n\t\t\t\t\t<\/div>\n\t\t<\/section>\n\t\t\t\t<section class=\"elementor-section elementor-top-section elementor-element elementor-element-c02d3bb elementor-section-boxed elementor-section-height-default elementor-section-height-default\" data-id=\"c02d3bb\" data-element_type=\"section\">\n\t\t\t\t\t\t<div class=\"elementor-container elementor-column-gap-default\">\n\t\t\t\t\t\t\t<div class=\"elementor-row\">\n\t\t\t\t\t<div class=\"elementor-column elementor-col-100 elementor-top-column elementor-element elementor-element-e77b4b0\" data-id=\"e77b4b0\" data-element_type=\"column\">\n\t\t\t<div class=\"elementor-column-wrap elementor-element-populated\">\n\t\t\t\t\t\t\t<div class=\"elementor-widget-wrap\">\n\t\t\t\t\t\t<div class=\"elementor-element elementor-element-7869f0b elementor-widget elementor-widget-heading\" data-id=\"7869f0b\" data-element_type=\"widget\" data-widget_type=\"heading.default\">\n\t\t\t\t<div class=\"elementor-widget-container\">\n\t\t\t<h1 class=\"elementor-heading-title elementor-size-default\">Recursos<\/h1>\t\t<\/div>\n\t\t\t\t<\/div>\n\t\t\t\t<div class=\"elementor-element elementor-element-9fd2cca elementor-widget elementor-widget-text-editor\" data-id=\"9fd2cca\" data-element_type=\"widget\" data-widget_type=\"text-editor.default\">\n\t\t\t\t<div class=\"elementor-widget-container\">\n\t\t\t\t\t\t\t\t<div class=\"elementor-text-editor elementor-clearfix\">\n\t\t\t\t<p>La parte experimental del Programa de doctorado se desarrollar\u00e1, al menos parcialmente, en los Laboratorios de las \u00e1reas de Cristalograf\u00eda y Mineralog\u00eda, y Edafolog\u00eda y Qu\u00edmica Agr\u00edcola (Facultad de Qu\u00edmica), Grupo TAR; del Instituto de Recursos Naturales y Agrobiolog\u00eda de Sevilla (IRNASE-CSIC); del Centro de Investigaci\u00f3n, Tecnolog\u00eda e Innovaci\u00f3n (CITIUS), y del Centro Nacional de Aceleradores (Unidad ACOMETA) de Sevilla. Todos ellos est\u00e1n\u00a0<strong>provistos de t\u00e9cnicas de alta calidad e inter\u00e9s cient\u00edfico<\/strong>\u00a0por lo que la adecuaci\u00f3n est\u00e1 totalmente garantizada, En los dos \u00faltimos casos, el CNA Centro Mixto de la Universidad de Sevilla, Junta de Andaluc\u00eda y CSIC, es una Instalaci\u00f3n Cient\u00edfico-T\u00e9cnica Singular, ICTS, y CITIUS, est\u00e1n dedicados a la investigaci\u00f3n interdisciplinar, por lo que es dif\u00edcil detallar sus equipos, por ello se remite a las p\u00e1ginas webs de los centros:<\/p>\t\t\t\t\t<\/div>\n\t\t\t\t\t\t<\/div>\n\t\t\t\t<\/div>\n\t\t\t\t\t\t<\/div>\n\t\t\t\t\t<\/div>\n\t\t<\/div>\n\t\t\t\t\t\t\t\t<\/div>\n\t\t\t\t\t<\/div>\n\t\t<\/section>\n\t\t\t\t<section class=\"elementor-section elementor-top-section elementor-element elementor-element-339d852 elementor-section-boxed elementor-section-height-default elementor-section-height-default\" data-id=\"339d852\" data-element_type=\"section\">\n\t\t\t\t\t\t<div class=\"elementor-container elementor-column-gap-default\">\n\t\t\t\t\t\t\t<div class=\"elementor-row\">\n\t\t\t\t\t<div class=\"elementor-column elementor-col-33 elementor-top-column elementor-element elementor-element-e306afe\" data-id=\"e306afe\" data-element_type=\"column\">\n\t\t\t<div class=\"elementor-column-wrap elementor-element-populated\">\n\t\t\t\t\t\t\t<div class=\"elementor-widget-wrap\">\n\t\t\t\t\t\t<div class=\"elementor-element elementor-element-b86d084 elementor-widget elementor-widget-image\" data-id=\"b86d084\" data-element_type=\"widget\" data-widget_type=\"image.default\">\n\t\t\t\t<div class=\"elementor-widget-container\">\n\t\t\t\t\t\t\t\t<div class=\"elementor-image\">\n\t\t\t\t\t\t\t\t\t\t\t\t\t<a href=\"http:\/\/www.centro.us.es\/cna\/index.php\/es\/\" rel=\"nofollow noopener\" target=\"_blank\">\n\t\t\t\t\t\t\t<img loading=\"lazy\" decoding=\"async\" width=\"768\" height=\"185\" src=\"https:\/\/institucional.us.es\/docrecnatma\/wp-content\/uploads\/2019\/11\/logocnaictscolor2-768x185.jpg\" class=\"attachment-medium_large size-medium_large\" alt=\"\" srcset=\"https:\/\/institucional.us.es\/docrecnatma\/wp-content\/uploads\/2019\/11\/logocnaictscolor2-768x185.jpg 768w, https:\/\/institucional.us.es\/docrecnatma\/wp-content\/uploads\/2019\/11\/logocnaictscolor2-300x72.jpg 300w, https:\/\/institucional.us.es\/docrecnatma\/wp-content\/uploads\/2019\/11\/logocnaictscolor2-1024x247.jpg 1024w, https:\/\/institucional.us.es\/docrecnatma\/wp-content\/uploads\/2019\/11\/logocnaictscolor2.jpg 1121w\" sizes=\"auto, (max-width: 768px) 100vw, 768px\" \/>\t\t\t\t\t\t\t\t<\/a>\n\t\t\t\t\t\t\t\t\t\t\t\t\t\t<\/div>\n\t\t\t\t\t\t<\/div>\n\t\t\t\t<\/div>\n\t\t\t\t\t\t<\/div>\n\t\t\t\t\t<\/div>\n\t\t<\/div>\n\t\t\t\t<div class=\"elementor-column elementor-col-33 elementor-top-column elementor-element elementor-element-25d6fde\" data-id=\"25d6fde\" data-element_type=\"column\">\n\t\t\t<div class=\"elementor-column-wrap elementor-element-populated\">\n\t\t\t\t\t\t\t<div class=\"elementor-widget-wrap\">\n\t\t\t\t\t\t<div class=\"elementor-element elementor-element-cc1ec9a elementor-align-center elementor-widget elementor-widget-button\" data-id=\"cc1ec9a\" data-element_type=\"widget\" data-widget_type=\"button.default\">\n\t\t\t\t<div class=\"elementor-widget-container\">\n\t\t\t\t\t<div class=\"elementor-button-wrapper\">\n\t\t\t<a href=\"http:\/\/investigacion.us.es\/\" class=\"elementor-button-link elementor-button elementor-size-sm\" role=\"button\">\n\t\t\t\t\t\t<span class=\"elementor-button-content-wrapper\">\n\t\t\t\t\t\t<span class=\"elementor-button-text\">Vicerrectorado de investigaci\u00f3n<\/span>\n\t\t<\/span>\n\t\t\t\t\t<\/a>\n\t\t<\/div>\n\t\t\t\t<\/div>\n\t\t\t\t<\/div>\n\t\t\t\t\t\t<\/div>\n\t\t\t\t\t<\/div>\n\t\t<\/div>\n\t\t\t\t<div class=\"elementor-column elementor-col-33 elementor-top-column elementor-element elementor-element-8b44b69\" data-id=\"8b44b69\" data-element_type=\"column\">\n\t\t\t<div class=\"elementor-column-wrap elementor-element-populated\">\n\t\t\t\t\t\t\t<div class=\"elementor-widget-wrap\">\n\t\t\t\t\t\t<div class=\"elementor-element elementor-element-877868e elementor-align-center elementor-widget elementor-widget-button\" data-id=\"877868e\" data-element_type=\"widget\" data-widget_type=\"button.default\">\n\t\t\t\t<div class=\"elementor-widget-container\">\n\t\t\t\t\t<div class=\"elementor-button-wrapper\">\n\t\t\t<a href=\"https:\/\/citius.us.es\/web\/\" class=\"elementor-button-link elementor-button elementor-size-sm\" role=\"button\">\n\t\t\t\t\t\t<span class=\"elementor-button-content-wrapper\">\n\t\t\t\t\t\t<span class=\"elementor-button-text\">CITIUS<\/span>\n\t\t<\/span>\n\t\t\t\t\t<\/a>\n\t\t<\/div>\n\t\t\t\t<\/div>\n\t\t\t\t<\/div>\n\t\t\t\t\t\t<\/div>\n\t\t\t\t\t<\/div>\n\t\t<\/div>\n\t\t\t\t\t\t\t\t<\/div>\n\t\t\t\t\t<\/div>\n\t\t<\/section>\n\t\t\t\t<section class=\"elementor-section elementor-top-section elementor-element elementor-element-7d1c898 elementor-section-boxed elementor-section-height-default elementor-section-height-default\" data-id=\"7d1c898\" data-element_type=\"section\">\n\t\t\t\t\t\t<div class=\"elementor-container elementor-column-gap-default\">\n\t\t\t\t\t\t\t<div class=\"elementor-row\">\n\t\t\t\t\t<div class=\"elementor-column elementor-col-33 elementor-top-column elementor-element elementor-element-be897bb\" data-id=\"be897bb\" data-element_type=\"column\">\n\t\t\t<div class=\"elementor-column-wrap elementor-element-populated\">\n\t\t\t\t\t\t\t<div class=\"elementor-widget-wrap\">\n\t\t\t\t\t\t<div class=\"elementor-element elementor-element-5f4fd6f elementor-align-center elementor-widget elementor-widget-button\" data-id=\"5f4fd6f\" data-element_type=\"widget\" data-widget_type=\"button.default\">\n\t\t\t\t<div class=\"elementor-widget-container\">\n\t\t\t\t\t<div class=\"elementor-button-wrapper\">\n\t\t\t<a href=\"https:\/\/www.irnas.csic.es\" class=\"elementor-button-link elementor-button elementor-size-sm\" role=\"button\">\n\t\t\t\t\t\t<span class=\"elementor-button-content-wrapper\">\n\t\t\t\t\t\t<span class=\"elementor-button-text\">IRNAS<\/span>\n\t\t<\/span>\n\t\t\t\t\t<\/a>\n\t\t<\/div>\n\t\t\t\t<\/div>\n\t\t\t\t<\/div>\n\t\t\t\t\t\t<\/div>\n\t\t\t\t\t<\/div>\n\t\t<\/div>\n\t\t\t\t<div class=\"elementor-column elementor-col-33 elementor-top-column elementor-element elementor-element-96906ae\" data-id=\"96906ae\" data-element_type=\"column\">\n\t\t\t<div class=\"elementor-column-wrap elementor-element-populated\">\n\t\t\t\t\t\t\t<div class=\"elementor-widget-wrap\">\n\t\t\t\t\t\t<div class=\"elementor-element elementor-element-7b7f356 elementor-align-center elementor-widget elementor-widget-button\" data-id=\"7b7f356\" data-element_type=\"widget\" data-widget_type=\"button.default\">\n\t\t\t\t<div class=\"elementor-widget-container\">\n\t\t\t\t\t<div class=\"elementor-button-wrapper\">\n\t\t\t<a href=\"https:\/\/bib.us.es\" class=\"elementor-button-link elementor-button elementor-size-sm\" role=\"button\">\n\t\t\t\t\t\t<span class=\"elementor-button-content-wrapper\">\n\t\t\t\t\t\t<span class=\"elementor-button-text\">Biblioteca de la US<\/span>\n\t\t<\/span>\n\t\t\t\t\t<\/a>\n\t\t<\/div>\n\t\t\t\t<\/div>\n\t\t\t\t<\/div>\n\t\t\t\t\t\t<\/div>\n\t\t\t\t\t<\/div>\n\t\t<\/div>\n\t\t\t\t<div class=\"elementor-column elementor-col-33 elementor-top-column elementor-element elementor-element-2afbcd8\" data-id=\"2afbcd8\" data-element_type=\"column\">\n\t\t\t<div class=\"elementor-column-wrap elementor-element-populated\">\n\t\t\t\t\t\t\t<div class=\"elementor-widget-wrap\">\n\t\t\t\t\t\t<div class=\"elementor-element elementor-element-a5289be elementor-align-center elementor-widget elementor-widget-button\" data-id=\"a5289be\" data-element_type=\"widget\" data-widget_type=\"button.default\">\n\t\t\t\t<div class=\"elementor-widget-container\">\n\t\t\t\t\t<div class=\"elementor-button-wrapper\">\n\t\t\t<a href=\"https:\/\/sacu.us.es\" class=\"elementor-button-link elementor-button elementor-size-sm\" role=\"button\">\n\t\t\t\t\t\t<span class=\"elementor-button-content-wrapper\">\n\t\t\t\t\t\t<span class=\"elementor-button-text\">SACU<\/span>\n\t\t<\/span>\n\t\t\t\t\t<\/a>\n\t\t<\/div>\n\t\t\t\t<\/div>\n\t\t\t\t<\/div>\n\t\t\t\t\t\t<\/div>\n\t\t\t\t\t<\/div>\n\t\t<\/div>\n\t\t\t\t\t\t\t\t<\/div>\n\t\t\t\t\t<\/div>\n\t\t<\/section>\n\t\t\t\t<section class=\"elementor-section elementor-top-section elementor-element elementor-element-eabc2cf elementor-section-boxed elementor-section-height-default elementor-section-height-default\" data-id=\"eabc2cf\" data-element_type=\"section\">\n\t\t\t\t\t\t<div class=\"elementor-container elementor-column-gap-default\">\n\t\t\t\t\t\t\t<div class=\"elementor-row\">\n\t\t\t\t\t<div class=\"elementor-column elementor-col-100 elementor-top-column elementor-element elementor-element-4ac2963\" data-id=\"4ac2963\" data-element_type=\"column\">\n\t\t\t<div class=\"elementor-column-wrap elementor-element-populated\">\n\t\t\t\t\t\t\t<div class=\"elementor-widget-wrap\">\n\t\t\t\t\t\t<div class=\"elementor-element elementor-element-5ae935a elementor-widget elementor-widget-text-editor\" data-id=\"5ae935a\" data-element_type=\"widget\" data-widget_type=\"text-editor.default\">\n\t\t\t\t<div class=\"elementor-widget-container\">\n\t\t\t\t\t\t\t\t<div class=\"elementor-text-editor elementor-clearfix\">\n\t\t\t\t<p><span style=\"font-size: 16px;\">Por otra parte, los estudiantes tienen\u00a0<\/span><strong style=\"font-size: 16px;\">acceso on-line a un conjunto de revistas especializadas<\/strong><span style=\"font-size: 16px;\">, as\u00ed como a los libros de las bibliotecas de los centros implicados. Se cuenta con el apoyo del personal t\u00e9cnico y auxiliar de los centros mencionados. Las tareas a realizar se enmarcan dentro de las que establece la organizaci\u00f3n del trabajo de cada uno de estos centros y las competencias atribuidas a este personal.<\/span><\/p><p>En el caso de alumnos extranjeros, se cuenta con la\u00a0<strong>asistencia del Vicerrectorado de Relaciones Internacionales y del SACU<\/strong>\u00a0(Servicio de Asistencia a la Comunidad Universitaria).<\/p><p>Los laboratorios, aulas y servicios a utilizar forman parte de centros de la Universidad, de uso compartido con otras actividades, por los que la revisi\u00f3n, accesibilidad y mantenimiento de materiales y servicios\u00a0<strong>se rigen por las normas de la Universidad<\/strong>\u00a0relativas a ellos.<\/p><p>Para el\u00a0<strong>mantenimiento y renovaci\u00f3n del material e instrumentaci\u00f3n disponible en los laboratorios<\/strong>, y adem\u00e1s de las partidas disponibles en el presupuesto ordinario de centros y departamentos, la Universidad de Sevilla viene asignando anualmente presupuesto espec\u00edfico a centros y departamentos que est\u00e1n involucrados en ense\u00f1anzas Doctorado, y que proporciona financiaci\u00f3n adicional para sufragar los gastos directos que este tipo de ense\u00f1anzas origina. Adem\u00e1s, como se ha comentado, se dispone de la financiaci\u00f3n aportada por los Proyectos de investigaci\u00f3n de los distintos grupos, tanto europeos, como nacionales, y contratos con empresas y administraciones p\u00fablicas.<\/p>\t\t\t\t\t<\/div>\n\t\t\t\t\t\t<\/div>\n\t\t\t\t<\/div>\n\t\t\t\t\t\t<\/div>\n\t\t\t\t\t<\/div>\n\t\t<\/div>\n\t\t\t\t\t\t\t\t<\/div>\n\t\t\t\t\t<\/div>\n\t\t<\/section>\n\t\t\t\t\t\t\t\t\t<\/div>\n\t\t\t<\/div>\n\t\t\t\t\t<\/div>\n\t\t","protected":false},"excerpt":{"rendered":"<p>Recursos La parte experimental del Programa de doctorado se desarrollar\u00e1, al menos parcialmente, en los Laboratorios de las \u00e1reas de Cristalograf\u00eda y Mineralog\u00eda, y Edafolog\u00eda y Qu\u00edmica Agr\u00edcola (Facultad de Qu\u00edmica), Grupo TAR; del Instituto de Recursos Naturales y Agrobiolog\u00eda de Sevilla (IRNASE-CSIC); del Centro de Investigaci\u00f3n, Tecnolog\u00eda e Innovaci\u00f3n (CITIUS), y del Centro Nacional [&hellip;]<\/p>\n","protected":false},"author":1,"featured_media":0,"parent":0,"menu_order":0,"comment_status":"closed","ping_status":"closed","template":"","meta":{"_monsterinsights_skip_tracking":false,"_monsterinsights_sitenote_active":false,"_monsterinsights_sitenote_note":"","_monsterinsights_sitenote_category":0,"footnotes":""},"class_list":["post-77","page","type-page","status-publish","hentry","entry"],"_links":{"self":[{"href":"https:\/\/institucional.us.es\/docrecnatma\/wp-json\/wp\/v2\/pages\/77","targetHints":{"allow":["GET"]}}],"collection":[{"href":"https:\/\/institucional.us.es\/docrecnatma\/wp-json\/wp\/v2\/pages"}],"about":[{"href":"https:\/\/institucional.us.es\/docrecnatma\/wp-json\/wp\/v2\/types\/page"}],"author":[{"embeddable":true,"href":"https:\/\/institucional.us.es\/docrecnatma\/wp-json\/wp\/v2\/users\/1"}],"replies":[{"embeddable":true,"href":"https:\/\/institucional.us.es\/docrecnatma\/wp-json\/wp\/v2\/comments?post=77"}],"version-history":[{"count":6,"href":"https:\/\/institucional.us.es\/docrecnatma\/wp-json\/wp\/v2\/pages\/77\/revisions"}],"predecessor-version":[{"id":635,"href":"https:\/\/institucional.us.es\/docrecnatma\/wp-json\/wp\/v2\/pages\/77\/revisions\/635"}],"wp:attachment":[{"href":"https:\/\/institucional.us.es\/docrecnatma\/wp-json\/wp\/v2\/media?parent=77"}],"curies":[{"name":"wp","href":"https:\/\/api.w.org\/{rel}","templated":true}]}}