{"id":47,"date":"2026-02-02T10:38:14","date_gmt":"2026-02-02T09:38:14","guid":{"rendered":"https:\/\/institucional.us.es\/neweducacion\/?page_id=47"},"modified":"2026-03-05T18:02:06","modified_gmt":"2026-03-05T17:02:06","slug":"organos-de-gestion-del-programa","status":"publish","type":"page","link":"https:\/\/institucional.us.es\/educacion\/organos-de-gestion-del-programa\/","title":{"rendered":"\u00d3rganos de gesti\u00f3n del programa"},"content":{"rendered":"\n<h2 class=\"wp-block-heading\">Coordinador del programa<\/h2>\n\n\n\n<p class=\"has-text-align-center\">Dr. Antonio Bernal Guerrero<\/p>\n\n\n\n<hr class=\"wp-block-separator has-alpha-channel-opacity\"\/>\n\n\n\n<h2 class=\"wp-block-heading\">Secretaria del programa<\/h2>\n\n\n\n<p class=\"has-text-align-center\">Dra. Pilar A. Moreno Crespo<\/p>\n\n\n\n<hr class=\"wp-block-separator has-alpha-channel-opacity\"\/>\n\n\n\n<h2 class=\"wp-block-heading\">Comisi\u00f3n Acad\u00e9mica<\/h2>\n\n\n\n<div class=\"wp-block-group\"><div class=\"wp-block-group__inner-container is-layout-constrained wp-block-group-is-layout-constrained\">\n<p class=\"has-text-align-center\"><strong>Coordinador<\/strong>: Bernal Guerrero, Antonio<\/p>\n\n\n\n<p class=\"has-text-align-center\"><strong>Secretaria<\/strong>: Moreno Crespo, Pilar A.<\/p>\n\n\n\n<p class=\"has-text-align-center\"><strong>Vocal<\/strong>: Garc\u00eda Carmona, Antonio<\/p>\n\n\n\n<p class=\"has-text-align-center\"><strong>Vocal<\/strong>: Guzm\u00e1n Sim\u00f3n, Fernando<\/p>\n\n\n\n<p class=\"has-text-align-center\"><strong>Vocal<\/strong>: Mayor Ruiz, Cristina M.<\/p>\n\n\n\n<p class=\"has-text-align-center\"><strong>Vocal<\/strong>: Mori\u00f1a D\u00edez, Anabel<\/p>\n\n\n\n<p class=\"has-text-align-center\"><strong>Vocal<\/strong>: C\u00e1rdenas Guti\u00e9rrez, Antonio Ram\u00f3n<\/p>\n\n\n\n<div class=\"wp-block-buttons is-content-justification-center is-layout-flex wp-container-core-buttons-is-layout-16018d1d wp-block-buttons-is-layout-flex\">\n<div class=\"wp-block-button\"><a class=\"wp-block-button__link wp-element-button\" href=\"http:\/\/institucional.us.es\/educacion\/wp-content\/uploads\/2026\/03\/Actas_ComisionAcademica.zip\">Ver actas<\/a><\/div>\n<\/div>\n<\/div><\/div>\n\n\n\n<hr class=\"wp-block-separator has-alpha-channel-opacity\"\/>\n\n\n\n<h2 class=\"wp-block-heading\">Coordinaci\u00f3n de l\u00ednea de investigaci\u00f3n<\/h2>\n\n\n\n<div class=\"wp-block-group\"><div class=\"wp-block-group__inner-container is-layout-constrained wp-block-group-is-layout-constrained\">\n<p class=\"has-text-align-center\"><strong>An\u00e1lisis Institucional y Procesos de Innovaci\u00f3n Educativa<\/strong>: <br>Dra. Marita S\u00e1nchez Moreno<\/p>\n\n\n\n<p class=\"has-text-align-center\"><strong>Dise\u00f1o, desarrollo y evaluaci\u00f3n curricular en contextos educativos<\/strong>: <br>Dr. Antonio Garc\u00eda Carmona<\/p>\n\n\n\n<p class=\"has-text-align-center\"><strong>Agentes y procesos de orientaci\u00f3n, formaci\u00f3n y desarrollo profesional<\/strong>: <br>Dra. Gloria S\u00e1nchez-Matamoros Garc\u00eda<\/p>\n\n\n\n<p class=\"has-text-align-center\"><strong>Las tecnolog\u00edas de la informaci\u00f3n y comunicaci\u00f3n en los entornos educativos<\/strong>: <br>Dr. Pedro Rom\u00e1n Grav\u00e1n<\/p>\n\n\n\n<p class=\"has-text-align-center\"><strong>Intervenci\u00f3n y evaluaciones educativas<\/strong>: <br>Dr. Eduardo Garc\u00eda Jim\u00e9nez<\/p>\n<\/div><\/div>\n\n\n\n<hr class=\"wp-block-separator has-alpha-channel-opacity\"\/>\n\n\n\n<h2 class=\"wp-block-heading\">Comisi\u00f3n de garant\u00eda de calidad<\/h2>\n\n\n\n<div class=\"wp-block-group\"><div class=\"wp-block-group__inner-container is-layout-constrained wp-block-group-is-layout-constrained\">\n<p class=\"has-text-align-center\"><strong>Docentes<\/strong><\/p>\n\n\n\n<p class=\"has-text-align-center\">Dr. Antonio Bernal Guerrero (Presidente)<br>Dr. Fernando Guzm\u00e1n Sim\u00f3n (Vocal)<br>Dra. Pilar A. Moreno Crespo (Secretaria)<\/p>\n\n\n\n<p class=\"has-text-align-center\"><strong>Estudiantes<\/strong><\/p>\n\n\n\n<p class=\"has-text-align-center\">D. Francisco Jos\u00e9 Borge Mor\u00f3n<\/p>\n\n\n\n<p class=\"has-text-align-center\"><strong>Administraci\u00f3n personal<\/strong><\/p>\n\n\n\n<p class=\"has-text-align-center\">D\u00aa Cristina Romero Campos<\/p>\n\n\n\n<p class=\"has-text-align-center\"><strong>Representante de empresa externa<\/strong><\/p>\n\n\n\n<p class=\"has-text-align-center\">D.<\/p>\n\n\n\n<div class=\"wp-block-buttons is-content-justification-center is-layout-flex wp-container-core-buttons-is-layout-16018d1d wp-block-buttons-is-layout-flex\">\n<div class=\"wp-block-button\"><a class=\"wp-block-button__link wp-element-button\" href=\"http:\/\/institucional.us.es\/educacion\/wp-content\/uploads\/2026\/03\/Actas_ComisionGarantiaCalidad.zip\">Ver actas<\/a><\/div>\n<\/div>\n<\/div><\/div>\n","protected":false},"excerpt":{"rendered":"<p>Coordinador del programa Dr. Antonio Bernal Guerrero Secretaria del programa Dra. Pilar A. Moreno Crespo Comisi\u00f3n Acad\u00e9mica Coordinador: Bernal Guerrero, Antonio Secretaria: Moreno Crespo, Pilar A. Vocal: Garc\u00eda Carmona, Antonio Vocal: Guzm\u00e1n Sim\u00f3n, Fernando Vocal: Mayor Ruiz, Cristina M. Vocal: Mori\u00f1a D\u00edez, Anabel Vocal: C\u00e1rdenas Guti\u00e9rrez, Antonio Ram\u00f3n Coordinaci\u00f3n de l\u00ednea de investigaci\u00f3n An\u00e1lisis Institucional [&hellip;]<\/p>\n","protected":false},"author":1,"featured_media":0,"parent":0,"menu_order":3,"comment_status":"closed","ping_status":"closed","template":"","meta":{"footnotes":""},"class_list":["post-47","page","type-page","status-publish","hentry"],"_links":{"self":[{"href":"https:\/\/institucional.us.es\/educacion\/wp-json\/wp\/v2\/pages\/47","targetHints":{"allow":["GET"]}}],"collection":[{"href":"https:\/\/institucional.us.es\/educacion\/wp-json\/wp\/v2\/pages"}],"about":[{"href":"https:\/\/institucional.us.es\/educacion\/wp-json\/wp\/v2\/types\/page"}],"author":[{"embeddable":true,"href":"https:\/\/institucional.us.es\/educacion\/wp-json\/wp\/v2\/users\/1"}],"replies":[{"embeddable":true,"href":"https:\/\/institucional.us.es\/educacion\/wp-json\/wp\/v2\/comments?post=47"}],"version-history":[{"count":22,"href":"https:\/\/institucional.us.es\/educacion\/wp-json\/wp\/v2\/pages\/47\/revisions"}],"predecessor-version":[{"id":634,"href":"https:\/\/institucional.us.es\/educacion\/wp-json\/wp\/v2\/pages\/47\/revisions\/634"}],"wp:attachment":[{"href":"https:\/\/institucional.us.es\/educacion\/wp-json\/wp\/v2\/media?parent=47"}],"curies":[{"name":"wp","href":"https:\/\/api.w.org\/{rel}","templated":true}]}}