{"id":2,"date":"2018-07-04T08:23:12","date_gmt":"2018-07-04T08:23:12","guid":{"rendered":"http:\/\/institucional.us.es\/educasigno\/?page_id=2"},"modified":"2018-07-29T13:01:52","modified_gmt":"2018-07-29T11:01:52","slug":"diccionario","status":"publish","type":"page","link":"https:\/\/institucional.us.es\/educasigno\/","title":{"rendered":"Diccionario de Conceptos Educativos en Lengua de Signos"},"content":{"rendered":"<table style=\"border-collapse: collapse; width: 100%;\" border=\"1\">\n<tbody>\n<tr>\n<td style=\"width: 26.8292%;\"><\/td>\n<td style=\"width: 43.4959%;\"><!-- Widget Shortcode --><div id=\"easy_sidebar_menu_widget-2\" class=\"widget widget_easy_sidebar_menu_widget widget-shortcode area-arbitrary \"><h2 class=\"widgettitle\">B\u00fasqueda alfab\u00e9tica de t\u00e9rminos<\/h2><div class=\"menu-diccionario-container\"><ul id=\"menu-diccionario\" class=\"menu\"><li id='menu-item-552'  class=\"menu-item menu-item-type-taxonomy menu-item-object-category menu-item-has-children\"><span class='link__wrap'><a  href=\"https:\/\/institucional.us.es\/educasigno\/category\/diccionario\/\" class=\"easy-sidebar-menu-widget-link\">Diccionario<\/a> <a href=\"#\" class=\"easy-sidebar-menu-widget-toggler\"><i><\/i><\/a><\/span>\n<ul class=\"sub-menu\">\n<li id='menu-item-553'  class=\"menu-item menu-item-type-taxonomy menu-item-object-category\"><span class='link__wrap'><a  href=\"https:\/\/institucional.us.es\/educasigno\/category\/a\/\" class=\"easy-sidebar-menu-widget-link\">A<\/a> <\/span><\/li>\n<li id='menu-item-629'  class=\"menu-item menu-item-type-taxonomy menu-item-object-category\"><span class='link__wrap'><a  href=\"https:\/\/institucional.us.es\/educasigno\/category\/b\/\" class=\"easy-sidebar-menu-widget-link\">B<\/a> <\/span><\/li>\n<li id='menu-item-559'  class=\"menu-item menu-item-type-taxonomy menu-item-object-category\"><span class='link__wrap'><a  href=\"https:\/\/institucional.us.es\/educasigno\/category\/c\/\" class=\"easy-sidebar-menu-widget-link\">C<\/a> <\/span><\/li>\n<li id='menu-item-630'  class=\"menu-item menu-item-type-taxonomy menu-item-object-category\"><span class='link__wrap'><a  href=\"https:\/\/institucional.us.es\/educasigno\/category\/d\/\" class=\"easy-sidebar-menu-widget-link\">D<\/a> <\/span><\/li>\n<li id='menu-item-555'  class=\"menu-item menu-item-type-taxonomy menu-item-object-category\"><span class='link__wrap'><a  href=\"https:\/\/institucional.us.es\/educasigno\/category\/e\/\" class=\"easy-sidebar-menu-widget-link\">E<\/a> <\/span><\/li>\n<li id='menu-item-556'  class=\"menu-item menu-item-type-taxonomy menu-item-object-category\"><span class='link__wrap'><a  href=\"https:\/\/institucional.us.es\/educasigno\/category\/f\/\" class=\"easy-sidebar-menu-widget-link\">F<\/a> <\/span><\/li>\n<li id='menu-item-631'  class=\"menu-item menu-item-type-taxonomy menu-item-object-category\"><span class='link__wrap'><a  href=\"https:\/\/institucional.us.es\/educasigno\/category\/g\/\" class=\"easy-sidebar-menu-widget-link\">G<\/a> <\/span><\/li>\n<li id='menu-item-632'  class=\"menu-item menu-item-type-taxonomy menu-item-object-category\"><span class='link__wrap'><a  href=\"https:\/\/institucional.us.es\/educasigno\/category\/h\/\" class=\"easy-sidebar-menu-widget-link\">H<\/a> <\/span><\/li>\n<li id='menu-item-633'  class=\"menu-item menu-item-type-taxonomy menu-item-object-category\"><span class='link__wrap'><a  href=\"https:\/\/institucional.us.es\/educasigno\/category\/i\/\" class=\"easy-sidebar-menu-widget-link\">I<\/a> <\/span><\/li>\n<li id='menu-item-561'  class=\"menu-item menu-item-type-taxonomy menu-item-object-category\"><span class='link__wrap'><a  href=\"https:\/\/institucional.us.es\/educasigno\/category\/j\/\" class=\"easy-sidebar-menu-widget-link\">J<\/a> <\/span><\/li>\n<li id='menu-item-635'  class=\"menu-item menu-item-type-taxonomy menu-item-object-category\"><span class='link__wrap'><a  href=\"https:\/\/institucional.us.es\/educasigno\/category\/l\/\" class=\"easy-sidebar-menu-widget-link\">L<\/a> <\/span><\/li>\n<li id='menu-item-636'  class=\"menu-item menu-item-type-taxonomy menu-item-object-category\"><span class='link__wrap'><a  href=\"https:\/\/institucional.us.es\/educasigno\/category\/m\/\" class=\"easy-sidebar-menu-widget-link\">M<\/a> <\/span><\/li>\n<li id='menu-item-637'  class=\"menu-item menu-item-type-taxonomy menu-item-object-category\"><span class='link__wrap'><a  href=\"https:\/\/institucional.us.es\/educasigno\/category\/n\/\" class=\"easy-sidebar-menu-widget-link\">N<\/a> <\/span><\/li>\n<li id='menu-item-639'  class=\"menu-item menu-item-type-taxonomy menu-item-object-category\"><span class='link__wrap'><a  href=\"https:\/\/institucional.us.es\/educasigno\/category\/o\/\" class=\"easy-sidebar-menu-widget-link\">O<\/a> <\/span><\/li>\n<li id='menu-item-557'  class=\"menu-item menu-item-type-taxonomy menu-item-object-category\"><span class='link__wrap'><a  href=\"https:\/\/institucional.us.es\/educasigno\/category\/p\/\" class=\"easy-sidebar-menu-widget-link\">P<\/a> <\/span><\/li>\n<li id='menu-item-640'  class=\"menu-item menu-item-type-taxonomy menu-item-object-category\"><span class='link__wrap'><a  href=\"https:\/\/institucional.us.es\/educasigno\/category\/q\/\" class=\"easy-sidebar-menu-widget-link\">Q<\/a> <\/span><\/li>\n<li id='menu-item-554'  class=\"menu-item menu-item-type-taxonomy menu-item-object-category\"><span class='link__wrap'><a  href=\"https:\/\/institucional.us.es\/educasigno\/category\/r\/\" class=\"easy-sidebar-menu-widget-link\">R<\/a> <\/span><\/li>\n<li id='menu-item-558'  class=\"menu-item menu-item-type-taxonomy menu-item-object-category\"><span class='link__wrap'><a  href=\"https:\/\/institucional.us.es\/educasigno\/category\/s\/\" class=\"easy-sidebar-menu-widget-link\">S<\/a> <\/span><\/li>\n<li id='menu-item-641'  class=\"menu-item menu-item-type-taxonomy menu-item-object-category\"><span class='link__wrap'><a  href=\"https:\/\/institucional.us.es\/educasigno\/category\/t\/\" class=\"easy-sidebar-menu-widget-link\">T<\/a> <\/span><\/li>\n<li id='menu-item-642'  class=\"menu-item menu-item-type-taxonomy menu-item-object-category\"><span class='link__wrap'><a  href=\"https:\/\/institucional.us.es\/educasigno\/category\/u\/\" class=\"easy-sidebar-menu-widget-link\">U<\/a> <\/span><\/li>\n<li id='menu-item-560'  class=\"menu-item menu-item-type-taxonomy menu-item-object-category\"><span class='link__wrap'><a  href=\"https:\/\/institucional.us.es\/educasigno\/category\/v\/\" class=\"easy-sidebar-menu-widget-link\">V<\/a> <\/span><\/li>\n<\/ul>\n<\/li>\n<\/ul><\/div><\/div><!-- \/Widget Shortcode --><\/td>\n<td style=\"width: 29.6748%;\"><\/td>\n<\/tr>\n<\/tbody>\n<\/table>\n<!-- Widget Shortcode --><div id=\"sow-post-carousel-2\" class=\"widget widget_sow-post-carousel widget-shortcode area-arbitrary \"><div\n\t\t\t\n\t\t\tclass=\"so-widget-sow-post-carousel so-widget-sow-post-carousel-base-c7dbb92dd929\"\n\t\t\t\n\t\t>\t<div\n\t\tclass=\"sow-post-carousel-wrapper sow-post-carousel-theme-base\"\n\t\tstyle=\"overflow: hidden; max-width: 100%; min-height: 150px\"\n\t>\n\t\t<div class=\"sow-carousel-title has-title\">\n\t<h2 class=\"widgettitle\">Diccionario<\/h2>\t\t<div class=\"sow-carousel-navigation \">\n\t\t\t\t\t\t<a href=\"#\" class=\"sow-carousel-next\" title=\"Siguiente\" aria-label=\"Entradas siguientes\" role=\"button\"><\/a>\n\t\t\t\t\t\t<a href=\"#\" class=\"sow-carousel-previous\" title=\"Anterior\" aria-label=\"Entradas anteriores\" role=\"button\"><\/a>\n\t\t\t\t\t<\/div>\n\t<\/div>\n\n<div class=\"sow-carousel-container \">\n\t\t<div class=\"sow-carousel-wrapper\"\n\t\tdata-dir=\"ltr\"\n\t\tstyle=\"opacity: 0;\"\n\t\tdata-widget=\"post\" data-fetching=\"false\" data-page=\"1\" data-ajax-url=\"https:\/\/institucional.us.es\/educasigno\/wp-admin\/admin-ajax.php?_widgets_nonce=489eec4024\" data-item_count=\"202\" data-carousel_settings=\"{&quot;loop&quot;:true,&quot;animation&quot;:&quot;Ease&quot;,&quot;animation_speed&quot;:400,&quot;autoplay&quot;:&quot;&quot;,&quot;pauseOnHover&quot;:&quot;&quot;,&quot;autoplaySpeed&quot;:8000,&quot;item_overflow&quot;:true,&quot;autoplay_continuous_scroll&quot;:false}\" data-responsive=\"{&quot;desktop_slides_to_scroll&quot;:1,&quot;tablet_landscape_breakpoint&quot;:1366,&quot;tablet_landscape_slides_to_scroll&quot;:2,&quot;tablet_portrait_breakpoint&quot;:1025,&quot;tablet_portrait_slides_to_scroll&quot;:2,&quot;mobile_breakpoint&quot;:480,&quot;mobile_slides_to_scroll&quot;:1}\" data-variable_width=\"true\" \t>\n\t\t<div\n\t\t\tclass=\"sow-carousel-items\"\n\t\t\t\t\t>\n\t\t\t\t<div class=\"sow-carousel-item\" tabindex=\"-1\" style=\"float: left;\">\n\t\t<div class=\"sow-carousel-thumbnail\">\n\t\t\t\t\t\t\t<a\n\t\t\t\t\thref=\"https:\/\/institucional.us.es\/educasigno\/2018\/07\/04\/accidente-lengua-de-signos\/\"\n\t\t\t\t\t\t\t\t\t\tstyle=\"background-image: url( https:\/\/institucional.us.es\/educasigno\/wp-content\/uploads\/2018\/07\/ACCIDENTE-Lengua-de-Signos-150x150.jpeg )\"\n\t\t\t\t\taria-labelledby=\"sow-carousel-id-5\"\n\t\t\t\t\ttabindex=\"-1\"\n\t\t\t\t>\n\t\t\t\t\t<span class=\"overlay\"><\/span>\n\t\t\t\t<\/a>\n\t\t\t\t\t<\/div>\n\t\t<h3 class=\"sow-carousel-item-title\">\n\t\t\t<a\n\t\t\t\thref=\"https:\/\/institucional.us.es\/educasigno\/2018\/07\/04\/accidente-lengua-de-signos\/\"\n\t\t\t\tid=\"sow-carousel-id-5\"\n\t\t\t\t\t\t\t\ttabindex=\"-1\"\n\t\t\t>\n\n\t\t\t\tACCIDENTE | Lengua de Signos\t\t\t<\/a>\n\t\t<\/h3>\n\t<\/div>\n\t<div class=\"sow-carousel-item\" tabindex=\"-1\" style=\"float: left;\">\n\t\t<div class=\"sow-carousel-thumbnail\">\n\t\t\t\t\t\t\t<a\n\t\t\t\t\thref=\"https:\/\/institucional.us.es\/educasigno\/2018\/07\/29\/aceptacion-lengua-de-signos\/\"\n\t\t\t\t\t\t\t\t\t\tstyle=\"background-image: url( https:\/\/institucional.us.es\/educasigno\/wp-content\/uploads\/2018\/07\/ACEPTACI\u00d3N-Lengua-de-Signos-150x150.jpeg )\"\n\t\t\t\t\taria-labelledby=\"sow-carousel-id-524\"\n\t\t\t\t\ttabindex=\"-1\"\n\t\t\t\t>\n\t\t\t\t\t<span class=\"overlay\"><\/span>\n\t\t\t\t<\/a>\n\t\t\t\t\t<\/div>\n\t\t<h3 class=\"sow-carousel-item-title\">\n\t\t\t<a\n\t\t\t\thref=\"https:\/\/institucional.us.es\/educasigno\/2018\/07\/29\/aceptacion-lengua-de-signos\/\"\n\t\t\t\tid=\"sow-carousel-id-524\"\n\t\t\t\t\t\t\t\ttabindex=\"-1\"\n\t\t\t>\n\n\t\t\t\tACEPTACI\u00d3N | Lengua de Signos\t\t\t<\/a>\n\t\t<\/h3>\n\t<\/div>\n\t<div class=\"sow-carousel-item\" tabindex=\"-1\" style=\"float: left;\">\n\t\t<div class=\"sow-carousel-thumbnail\">\n\t\t\t\t\t\t\t<a\n\t\t\t\t\thref=\"https:\/\/institucional.us.es\/educasigno\/2018\/07\/04\/activacion-lengua-de-signos\/\"\n\t\t\t\t\t\t\t\t\t\tstyle=\"background-image: url( https:\/\/institucional.us.es\/educasigno\/wp-content\/uploads\/2018\/07\/ACTIVACI\u00d3N-Lengua-de-Signos-150x150.jpeg )\"\n\t\t\t\t\taria-labelledby=\"sow-carousel-id-7\"\n\t\t\t\t\ttabindex=\"-1\"\n\t\t\t\t>\n\t\t\t\t\t<span class=\"overlay\"><\/span>\n\t\t\t\t<\/a>\n\t\t\t\t\t<\/div>\n\t\t<h3 class=\"sow-carousel-item-title\">\n\t\t\t<a\n\t\t\t\thref=\"https:\/\/institucional.us.es\/educasigno\/2018\/07\/04\/activacion-lengua-de-signos\/\"\n\t\t\t\tid=\"sow-carousel-id-7\"\n\t\t\t\t\t\t\t\ttabindex=\"-1\"\n\t\t\t>\n\n\t\t\t\tACTIVACI\u00d3N | Lengua de Signos\t\t\t<\/a>\n\t\t<\/h3>\n\t<\/div>\n\t<div class=\"sow-carousel-item\" tabindex=\"-1\" style=\"float: left;\">\n\t\t<div class=\"sow-carousel-thumbnail\">\n\t\t\t\t\t\t\t<a\n\t\t\t\t\thref=\"https:\/\/institucional.us.es\/educasigno\/2018\/07\/04\/actividad-fisica-lengua-de-signos\/\"\n\t\t\t\t\t\t\t\t\t\tstyle=\"background-image: url( https:\/\/institucional.us.es\/educasigno\/wp-content\/uploads\/2018\/07\/ACTIVIDAD-F\u00cdSICA-Lengua-de-Signos-150x150.jpeg )\"\n\t\t\t\t\taria-labelledby=\"sow-carousel-id-9\"\n\t\t\t\t\ttabindex=\"-1\"\n\t\t\t\t>\n\t\t\t\t\t<span class=\"overlay\"><\/span>\n\t\t\t\t<\/a>\n\t\t\t\t\t<\/div>\n\t\t<h3 class=\"sow-carousel-item-title\">\n\t\t\t<a\n\t\t\t\thref=\"https:\/\/institucional.us.es\/educasigno\/2018\/07\/04\/actividad-fisica-lengua-de-signos\/\"\n\t\t\t\tid=\"sow-carousel-id-9\"\n\t\t\t\t\t\t\t\ttabindex=\"-1\"\n\t\t\t>\n\n\t\t\t\tACTIVIDAD F\u00cdSICA | Lengua de Signos\t\t\t<\/a>\n\t\t<\/h3>\n\t<\/div>\n\t<div class=\"sow-carousel-item\" tabindex=\"-1\" style=\"float: left;\">\n\t\t<div class=\"sow-carousel-thumbnail\">\n\t\t\t\t\t\t\t<a\n\t\t\t\t\thref=\"https:\/\/institucional.us.es\/educasigno\/2019\/06\/26\/adaptar-lengua-de-signos\/\"\n\t\t\t\t\t\t\t\t\t\tstyle=\"background-image: url( https:\/\/institucional.us.es\/educasigno\/wp-content\/uploads\/2019\/06\/ADAPTAR-Lengua-de-Signos-150x150.jpeg )\"\n\t\t\t\t\taria-labelledby=\"sow-carousel-id-962\"\n\t\t\t\t\ttabindex=\"-1\"\n\t\t\t\t>\n\t\t\t\t\t<span class=\"overlay\"><\/span>\n\t\t\t\t<\/a>\n\t\t\t\t\t<\/div>\n\t\t<h3 class=\"sow-carousel-item-title\">\n\t\t\t<a\n\t\t\t\thref=\"https:\/\/institucional.us.es\/educasigno\/2019\/06\/26\/adaptar-lengua-de-signos\/\"\n\t\t\t\tid=\"sow-carousel-id-962\"\n\t\t\t\t\t\t\t\ttabindex=\"-1\"\n\t\t\t>\n\n\t\t\t\tADAPTAR | Lengua de Signos\t\t\t<\/a>\n\t\t<\/h3>\n\t<\/div>\n\t<div class=\"sow-carousel-item\" tabindex=\"-1\" style=\"float: left;\">\n\t\t<div class=\"sow-carousel-thumbnail\">\n\t\t\t\t\t\t\t<a\n\t\t\t\t\thref=\"https:\/\/institucional.us.es\/educasigno\/2019\/06\/26\/agua-lengua-de-signos\/\"\n\t\t\t\t\t\t\t\t\t\tstyle=\"background-image: url( https:\/\/institucional.us.es\/educasigno\/wp-content\/uploads\/2019\/06\/AGUA-Lengua-de-Signos-150x150.jpeg )\"\n\t\t\t\t\taria-labelledby=\"sow-carousel-id-980\"\n\t\t\t\t\ttabindex=\"-1\"\n\t\t\t\t>\n\t\t\t\t\t<span class=\"overlay\"><\/span>\n\t\t\t\t<\/a>\n\t\t\t\t\t<\/div>\n\t\t<h3 class=\"sow-carousel-item-title\">\n\t\t\t<a\n\t\t\t\thref=\"https:\/\/institucional.us.es\/educasigno\/2019\/06\/26\/agua-lengua-de-signos\/\"\n\t\t\t\tid=\"sow-carousel-id-980\"\n\t\t\t\t\t\t\t\ttabindex=\"-1\"\n\t\t\t>\n\n\t\t\t\tAGUA | Lengua de Signos\t\t\t<\/a>\n\t\t<\/h3>\n\t<\/div>\n\t<div class=\"sow-carousel-item\" tabindex=\"-1\" style=\"float: left;\">\n\t\t<div class=\"sow-carousel-thumbnail\">\n\t\t\t\t\t\t\t<a\n\t\t\t\t\thref=\"https:\/\/institucional.us.es\/educasigno\/2019\/06\/26\/ahora-lengua-de-signos\/\"\n\t\t\t\t\t\t\t\t\t\tstyle=\"background-image: url( https:\/\/institucional.us.es\/educasigno\/wp-content\/uploads\/2019\/06\/AHORA-Lengua-de-Signos-150x150.jpeg )\"\n\t\t\t\t\taria-labelledby=\"sow-carousel-id-984\"\n\t\t\t\t\ttabindex=\"-1\"\n\t\t\t\t>\n\t\t\t\t\t<span class=\"overlay\"><\/span>\n\t\t\t\t<\/a>\n\t\t\t\t\t<\/div>\n\t\t<h3 class=\"sow-carousel-item-title\">\n\t\t\t<a\n\t\t\t\thref=\"https:\/\/institucional.us.es\/educasigno\/2019\/06\/26\/ahora-lengua-de-signos\/\"\n\t\t\t\tid=\"sow-carousel-id-984\"\n\t\t\t\t\t\t\t\ttabindex=\"-1\"\n\t\t\t>\n\n\t\t\t\tAHORA | Lengua de Signos\t\t\t<\/a>\n\t\t<\/h3>\n\t<\/div>\n\t<div class=\"sow-carousel-item\" tabindex=\"-1\" style=\"float: left;\">\n\t\t<div class=\"sow-carousel-thumbnail\">\n\t\t\t\t\t\t\t<a\n\t\t\t\t\thref=\"https:\/\/institucional.us.es\/educasigno\/2018\/08\/02\/alcohol-lengua-de-signos\/\"\n\t\t\t\t\t\t\t\t\t\tstyle=\"background-image: url( https:\/\/institucional.us.es\/educasigno\/wp-content\/uploads\/2018\/08\/ALCOHOL-Lengua-de-Signos-150x150.jpeg )\"\n\t\t\t\t\taria-labelledby=\"sow-carousel-id-783\"\n\t\t\t\t\ttabindex=\"-1\"\n\t\t\t\t>\n\t\t\t\t\t<span class=\"overlay\"><\/span>\n\t\t\t\t<\/a>\n\t\t\t\t\t<\/div>\n\t\t<h3 class=\"sow-carousel-item-title\">\n\t\t\t<a\n\t\t\t\thref=\"https:\/\/institucional.us.es\/educasigno\/2018\/08\/02\/alcohol-lengua-de-signos\/\"\n\t\t\t\tid=\"sow-carousel-id-783\"\n\t\t\t\t\t\t\t\ttabindex=\"-1\"\n\t\t\t>\n\n\t\t\t\tALCOHOL | Lengua de Signos\t\t\t<\/a>\n\t\t<\/h3>\n\t<\/div>\n\t<div class=\"sow-carousel-item\" tabindex=\"-1\" style=\"float: left;\">\n\t\t<div class=\"sow-carousel-thumbnail\">\n\t\t\t\t\t\t\t<a\n\t\t\t\t\thref=\"https:\/\/institucional.us.es\/educasigno\/2018\/08\/02\/alimentacion-lengua-de-signos\/\"\n\t\t\t\t\t\t\t\t\t\tstyle=\"background-image: url( https:\/\/institucional.us.es\/educasigno\/wp-content\/uploads\/2018\/08\/ALIMENTACI\u00d3N-Lengua-de-Signos-150x150.jpeg )\"\n\t\t\t\t\taria-labelledby=\"sow-carousel-id-786\"\n\t\t\t\t\ttabindex=\"-1\"\n\t\t\t\t>\n\t\t\t\t\t<span class=\"overlay\"><\/span>\n\t\t\t\t<\/a>\n\t\t\t\t\t<\/div>\n\t\t<h3 class=\"sow-carousel-item-title\">\n\t\t\t<a\n\t\t\t\thref=\"https:\/\/institucional.us.es\/educasigno\/2018\/08\/02\/alimentacion-lengua-de-signos\/\"\n\t\t\t\tid=\"sow-carousel-id-786\"\n\t\t\t\t\t\t\t\ttabindex=\"-1\"\n\t\t\t>\n\n\t\t\t\tALIMENTACI\u00d3N | Lengua de Signos\t\t\t<\/a>\n\t\t<\/h3>\n\t<\/div>\n\t<div class=\"sow-carousel-item\" tabindex=\"-1\" style=\"float: left;\">\n\t\t<div class=\"sow-carousel-thumbnail\">\n\t\t\t\t\t\t\t<a\n\t\t\t\t\thref=\"https:\/\/institucional.us.es\/educasigno\/2019\/06\/26\/alumno-lengua-de-signos\/\"\n\t\t\t\t\t\t\t\t\t\tstyle=\"background-image: url( https:\/\/institucional.us.es\/educasigno\/wp-content\/uploads\/2019\/06\/ALUMNO-Lengua-de-Signos-150x150.jpeg )\"\n\t\t\t\t\taria-labelledby=\"sow-carousel-id-987\"\n\t\t\t\t\ttabindex=\"-1\"\n\t\t\t\t>\n\t\t\t\t\t<span class=\"overlay\"><\/span>\n\t\t\t\t<\/a>\n\t\t\t\t\t<\/div>\n\t\t<h3 class=\"sow-carousel-item-title\">\n\t\t\t<a\n\t\t\t\thref=\"https:\/\/institucional.us.es\/educasigno\/2019\/06\/26\/alumno-lengua-de-signos\/\"\n\t\t\t\tid=\"sow-carousel-id-987\"\n\t\t\t\t\t\t\t\ttabindex=\"-1\"\n\t\t\t>\n\n\t\t\t\tALUMNO | Lengua de Signos\t\t\t<\/a>\n\t\t<\/h3>\n\t<\/div>\n\t\t<\/div>\n\t\t\t<\/div>\n\n\t<\/div>\n\t\t<input type=\"hidden\" name=\"instance_hash\" value=\"10427f7c\"\/>\n\t<\/div>\n<\/div><\/div><!-- \/Widget Shortcode -->\n","protected":false},"excerpt":{"rendered":"","protected":false},"author":1,"featured_media":0,"parent":0,"menu_order":0,"comment_status":"closed","ping_status":"open","template":"","meta":{"footnotes":""},"class_list":["post-2","page","type-page","status-publish","hentry","has-post-video"],"_links":{"self":[{"href":"https:\/\/institucional.us.es\/educasigno\/wp-json\/wp\/v2\/pages\/2","targetHints":{"allow":["GET"]}}],"collection":[{"href":"https:\/\/institucional.us.es\/educasigno\/wp-json\/wp\/v2\/pages"}],"about":[{"href":"https:\/\/institucional.us.es\/educasigno\/wp-json\/wp\/v2\/types\/page"}],"author":[{"embeddable":true,"href":"https:\/\/institucional.us.es\/educasigno\/wp-json\/wp\/v2\/users\/1"}],"replies":[{"embeddable":true,"href":"https:\/\/institucional.us.es\/educasigno\/wp-json\/wp\/v2\/comments?post=2"}],"version-history":[{"count":0,"href":"https:\/\/institucional.us.es\/educasigno\/wp-json\/wp\/v2\/pages\/2\/revisions"}],"wp:attachment":[{"href":"https:\/\/institucional.us.es\/educasigno\/wp-json\/wp\/v2\/media?parent=2"}],"curies":[{"name":"wp","href":"https:\/\/api.w.org\/{rel}","templated":true}]}}