{"id":570,"date":"2018-07-29T13:35:39","date_gmt":"2018-07-29T11:35:39","guid":{"rendered":"http:\/\/institucional.us.es\/educasigno\/?page_id=570"},"modified":"2024-12-05T14:22:09","modified_gmt":"2024-12-05T12:22:09","slug":"contacto-y-contacto","status":"publish","type":"page","link":"https:\/\/institucional.us.es\/educasigno\/contacto-y-contacto\/","title":{"rendered":"Coordinaci\u00f3n y Contacto"},"content":{"rendered":"<p><strong>Para establecer contacto con la coordinaci\u00f3n del proyecto EDUCASIGNO:\u00a0\u00a0<\/strong><\/p>\n<p>Grupo de investigaci\u00f3n <a href=\"https:\/\/investigacion.us.es\/sisius\/grupo\/HUM1097\" target=\"_blank\" rel=\"noopener\">FEMINAE (HUM1097): Feminismo, Educaci\u00f3n, Motrocidad e Investigaci\u00f3n<\/a>.\u00a0<br \/>L\u00edneas de investigaci\u00f3n:<\/p>\n<ul>\n<li>Mujeres y ni\u00f1as en la Educaci\u00f3n F\u00edsica, el Deporte y las Ciencias de la Actividad F\u00edsica y en el \u00c1mbito Deportivo.\u00a0<\/li>\n<li>Motricidad, Discapacidad, Cognici\u00f3n e Inclusi\u00f3n Educativa.<\/li>\n<\/ul>\n<p><a href=\"https:\/\/investigacion.us.es\/sisius\/grupo\/HUM1097\" target=\"_blank\" rel=\"noopener\"><img loading=\"lazy\" decoding=\"async\" class=\"alignnone size-thumbnail wp-image-1417\" src=\"http:\/\/institucional.us.es\/educasigno\/wp-content\/uploads\/2024\/11\/logoSICA-150x150.jpg\" alt=\"\" width=\"150\" height=\"150\" srcset=\"https:\/\/institucional.us.es\/educasigno\/wp-content\/uploads\/2024\/11\/logoSICA-150x150.jpg 150w, https:\/\/institucional.us.es\/educasigno\/wp-content\/uploads\/2024\/11\/logoSICA-199x200.jpg 199w, https:\/\/institucional.us.es\/educasigno\/wp-content\/uploads\/2024\/11\/logoSICA.jpg 250w\" sizes=\"auto, (max-width: 150px) 100vw, 150px\" \/><\/a><\/p>\n<p><strong>Para atenci\u00f3n sobre el desarrollo tecnol\u00f3gico del recurso:<\/strong><\/p>\n<p>Grupo de investigaci\u00f3n <a href=\"https:\/\/grupos.us.es\/ecav\/\" target=\"_blank\" rel=\"noopener\">ECAV (HUM401): Educaci\u00f3n y Cultura Audiovisual<\/a>.\u00a0<br \/>L\u00edneas de investigaci\u00f3n:<\/p>\n<ul>\n<li>Educaci\u00f3n Art\u00edstica: Epistemolog\u00edas y Formaci\u00f3n Docente.\u00a0<\/li>\n<li>Educaci\u00f3n y Cultura Medi\u00e1tica (Artes y Culturas Visuales, Sonoras, Audiovisuales y Digitales).<\/li>\n<li>Educaci\u00f3n Art\u00edstica y Estudios Feministas y de G\u00e9nero.<\/li>\n<li>Educaci\u00f3n Art\u00edstica e Inclusi\u00f3n Social.<\/li>\n<li>Educaci\u00f3n Musical y Musicolog\u00eda Aplicada: Performance en Acci\u00f3n.<\/li>\n<li>Educaci\u00f3n Art\u00edstica: Conceptualizaciones Contempor\u00e1neas y Problem\u00e1ticas Sociales Emergentes.<\/li>\n<\/ul>\n<p><a href=\"https:\/\/grupos.us.es\/ecav\/\" target=\"_blank\" rel=\"noopener\"><img loading=\"lazy\" decoding=\"async\" class=\"alignnone size-thumbnail wp-image-1421\" src=\"http:\/\/institucional.us.es\/educasigno\/wp-content\/uploads\/2024\/11\/logo-ECAV-SICA-150x150.jpg\" alt=\"\" width=\"150\" height=\"150\" srcset=\"https:\/\/institucional.us.es\/educasigno\/wp-content\/uploads\/2024\/11\/logo-ECAV-SICA-150x150.jpg 150w, https:\/\/institucional.us.es\/educasigno\/wp-content\/uploads\/2024\/11\/logo-ECAV-SICA-199x200.jpg 199w, https:\/\/institucional.us.es\/educasigno\/wp-content\/uploads\/2024\/11\/logo-ECAV-SICA.jpg 250w\" sizes=\"auto, (max-width: 150px) 100vw, 150px\" \/><\/a><\/p>\n\n","protected":false},"excerpt":{"rendered":"<p>Para establecer contacto con la coordinaci\u00f3n del proyecto EDUCASIGNO:\u00a0\u00a0 Grupo de investigaci\u00f3n FEMINAE (HUM1097): Feminismo, Educaci\u00f3n, Motrocidad e Investigaci\u00f3n.\u00a0L\u00edneas de investigaci\u00f3n: Mujeres y ni\u00f1as en la Educaci\u00f3n F\u00edsica, el Deporte y las Ciencias de la Actividad F\u00edsica y en el \u00c1mbito Deportivo.\u00a0 Motricidad, Discapacidad, Cognici\u00f3n e Inclusi\u00f3n Educativa. Para atenci\u00f3n &hellip;<\/p>\n","protected":false},"author":1,"featured_media":0,"parent":0,"menu_order":0,"comment_status":"closed","ping_status":"closed","template":"","meta":{"footnotes":""},"class_list":["post-570","page","type-page","status-publish","hentry"],"_links":{"self":[{"href":"https:\/\/institucional.us.es\/educasigno\/wp-json\/wp\/v2\/pages\/570","targetHints":{"allow":["GET"]}}],"collection":[{"href":"https:\/\/institucional.us.es\/educasigno\/wp-json\/wp\/v2\/pages"}],"about":[{"href":"https:\/\/institucional.us.es\/educasigno\/wp-json\/wp\/v2\/types\/page"}],"author":[{"embeddable":true,"href":"https:\/\/institucional.us.es\/educasigno\/wp-json\/wp\/v2\/users\/1"}],"replies":[{"embeddable":true,"href":"https:\/\/institucional.us.es\/educasigno\/wp-json\/wp\/v2\/comments?post=570"}],"version-history":[{"count":3,"href":"https:\/\/institucional.us.es\/educasigno\/wp-json\/wp\/v2\/pages\/570\/revisions"}],"predecessor-version":[{"id":1439,"href":"https:\/\/institucional.us.es\/educasigno\/wp-json\/wp\/v2\/pages\/570\/revisions\/1439"}],"wp:attachment":[{"href":"https:\/\/institucional.us.es\/educasigno\/wp-json\/wp\/v2\/media?parent=570"}],"curies":[{"name":"wp","href":"https:\/\/api.w.org\/{rel}","templated":true}]}}

Coordinación y Contacto

<p><strong>Para establecer contacto con la coordinación del proyecto EDUCASIGNO:  </strong></p>
<p>Grupo de investigación <a href="https://investigacion.us.es/sisius/grupo/HUM1097" target="_blank" rel="noopener">FEMINAE (HUM1097): Feminismo, Educación, Motrocidad e Investigación</a>. <br />Líneas de investigación:</p>
<ul>
<li>Mujeres y niñas en la Educación Física, el Deporte y las Ciencias de la Actividad Física y en el Ámbito Deportivo. </li>
<li>Motricidad, Discapacidad, Cognición e Inclusión Educativa.</li>
</ul>
<p><a href="https://investigacion.us.es/sisius/grupo/HUM1097" target="_blank" rel="noopener"><img loading="lazy" decoding="async" class="alignnone size-thumbnail wp-image-1417" src="http://institucional.us.es/educasigno/wp-content/uploads/2024/11/logoSICA-150x150.jpg" alt="" width="150" height="150" srcset="https://institucional.us.es/educasigno/wp-content/uploads/2024/11/logoSICA-150x150.jpg 150w, https://institucional.us.es/educasigno/wp-content/uploads/2024/11/logoSICA-199x200.jpg 199w, https://institucional.us.es/educasigno/wp-content/uploads/2024/11/logoSICA.jpg 250w" sizes="auto, (max-width: 150px) 100vw, 150px" /></a></p>
<p><strong>Para atención sobre el desarrollo tecnológico del recurso:</strong></p>
<p>Grupo de investigación <a href="https://grupos.us.es/ecav/" target="_blank" rel="noopener">ECAV (HUM401): Educación y Cultura Audiovisual</a>. <br />Líneas de investigación:</p>
<ul>
<li>Educación Artística: Epistemologías y Formación Docente. </li>
<li>Educación y Cultura Mediática (Artes y Culturas Visuales, Sonoras, Audiovisuales y Digitales).</li>
<li>Educación Artística y Estudios Feministas y de Género.</li>
<li>Educación Artística e Inclusión Social.</li>
<li>Educación Musical y Musicología Aplicada: Performance en Acción.</li>
<li>Educación Artística: Conceptualizaciones Contemporáneas y Problemáticas Sociales Emergentes.</li>
</ul>
<p><a href="https://grupos.us.es/ecav/" target="_blank" rel="noopener"><img loading="lazy" decoding="async" class="alignnone size-thumbnail wp-image-1421" src="http://institucional.us.es/educasigno/wp-content/uploads/2024/11/logo-ECAV-SICA-150x150.jpg" alt="" width="150" height="150" srcset="https://institucional.us.es/educasigno/wp-content/uploads/2024/11/logo-ECAV-SICA-150x150.jpg 150w, https://institucional.us.es/educasigno/wp-content/uploads/2024/11/logo-ECAV-SICA-199x200.jpg 199w, https://institucional.us.es/educasigno/wp-content/uploads/2024/11/logo-ECAV-SICA.jpg 250w" sizes="auto, (max-width: 150px) 100vw, 150px" /></a></p>

<p>Para establecer contacto con la coordinación del proyecto EDUCASIGNO:   Grupo de investigación FEMINAE (HUM1097): Feminismo, Educación, Motrocidad e Investigación. Líneas de investigación: Mujeres y niñas en la Educación Física, el Deporte y las Ciencias de la Actividad Física y en el Ámbito Deportivo.  Motricidad, Discapacidad, Cognición e Inclusión Educativa. Para atención &hellip;</p>
