{"id":11,"date":"2025-07-07T23:36:59","date_gmt":"2025-07-07T21:36:59","guid":{"rendered":"http:\/\/institucional.us.es\/encuentropetra\/?page_id=11"},"modified":"2025-07-15T13:09:29","modified_gmt":"2025-07-15T11:09:29","slug":"diagnostico","status":"publish","type":"page","link":"https:\/\/institucional.us.es\/encuentropetra\/diagnostico\/","title":{"rendered":"Diagn\u00f3stico"},"content":{"rendered":"\n<p>El debate sobre la necesidad de cambiar el Grado de Psicolog\u00eda se inicia en la <a href=\"https:\/\/www.cdpue.es\/\" target=\"_blank\" rel=\"noreferrer noopener\">Conferencia de Decanos y Decanas de Psicolog\u00eda de las Universidades Espa\u00f1olas (CDPUE)<\/a>, en una reuni\u00f3n realizada en mayo de 2025 en la U. P\u00fablica de Navarra. Es a ra\u00edz de esta fecha cuando la informaci\u00f3n llega a los centros donde se cursan estudios de Psicolog\u00eda. <\/p>\n\n\n\n<p>En este apartado se reunir\u00e1n documentos que a\u00f1adan informaci\u00f3n contrastable a la evaluaci\u00f3n de la situaci\u00f3n actual. De momento, disponemos de los siguientes:<\/p>\n\n\n<div class=\"wp-block-oik-sb-children\"><ul class=\"wp-block-oik-sb-children\"><li class=\"page_item page-item-33\"><a href=\"https:\/\/institucional.us.es\/encuentropetra\/diagnostico\/cdpue-2025\/\">CDPUE 2025<\/a><\/li>\n<li class=\"page_item page-item-208\"><a href=\"https:\/\/institucional.us.es\/encuentropetra\/diagnostico\/normativa-vigente\/\">Normativa vigente<\/a><\/li>\n<li class=\"page_item page-item-96\"><a href=\"https:\/\/institucional.us.es\/encuentropetra\/diagnostico\/apreciaciones-sceps\/\">Apreciaciones SCEPS<\/a><\/li>\n<\/ul><\/div>","protected":false},"excerpt":{"rendered":"<p>El debate sobre la necesidad de cambiar el Grado de Psicolog\u00eda se inicia en la Conferencia de Decanos y Decanas de Psicolog\u00eda de las Universidades Espa\u00f1olas (CDPUE), en una reuni\u00f3n realizada en mayo de 2025 en la U. P\u00fablica de Navarra. Es a ra\u00edz de esta fecha cuando la informaci\u00f3n llega a los centros donde &hellip; <a href=\"https:\/\/institucional.us.es\/encuentropetra\/diagnostico\/\" class=\"more-link\">Seguir leyendo <span class=\"screen-reader-text\">Diagn\u00f3stico<\/span> <span class=\"meta-nav\">&rarr;<\/span><\/a><\/p>\n","protected":false},"author":1,"featured_media":0,"parent":0,"menu_order":2,"comment_status":"closed","ping_status":"closed","template":"","meta":{"iawp_total_views":17,"footnotes":""},"class_list":["post-11","page","type-page","status-publish","hentry"],"_links":{"self":[{"href":"https:\/\/institucional.us.es\/encuentropetra\/wp-json\/wp\/v2\/pages\/11","targetHints":{"allow":["GET"]}}],"collection":[{"href":"https:\/\/institucional.us.es\/encuentropetra\/wp-json\/wp\/v2\/pages"}],"about":[{"href":"https:\/\/institucional.us.es\/encuentropetra\/wp-json\/wp\/v2\/types\/page"}],"author":[{"embeddable":true,"href":"https:\/\/institucional.us.es\/encuentropetra\/wp-json\/wp\/v2\/users\/1"}],"replies":[{"embeddable":true,"href":"https:\/\/institucional.us.es\/encuentropetra\/wp-json\/wp\/v2\/comments?post=11"}],"version-history":[{"count":4,"href":"https:\/\/institucional.us.es\/encuentropetra\/wp-json\/wp\/v2\/pages\/11\/revisions"}],"predecessor-version":[{"id":198,"href":"https:\/\/institucional.us.es\/encuentropetra\/wp-json\/wp\/v2\/pages\/11\/revisions\/198"}],"wp:attachment":[{"href":"https:\/\/institucional.us.es\/encuentropetra\/wp-json\/wp\/v2\/media?parent=11"}],"curies":[{"name":"wp","href":"https:\/\/api.w.org\/{rel}","templated":true}]}}