{"id":40,"date":"2025-07-07T23:54:13","date_gmt":"2025-07-07T21:54:13","guid":{"rendered":"http:\/\/institucional.us.es\/encuentropetra\/?page_id=40"},"modified":"2025-07-10T13:31:54","modified_gmt":"2025-07-10T11:31:54","slug":"oferta-mpgs","status":"publish","type":"page","link":"https:\/\/institucional.us.es\/encuentropetra\/debates\/oferta-mpgs\/","title":{"rendered":"Oferta MPGS"},"content":{"rendered":"\n<h3 class=\"wp-block-heading\">Lo que sabemos de momento:<\/h3>\n\n\n\n<ul class=\"wp-block-list\">\n<li>El MPGS es la formaci\u00f3n de posgrado m\u00e1s demandada a nivel nacional.<\/li>\n\n\n\n<li>Las plazas de MPGS en la Universidad P\u00fablica est\u00e1n estancadas, mientras que en la Universidad Privada crecen.La mayor parte de la oferta es cubierta por entidades privadas (en torno al 70%, seg\u00fan estimaciones del CDPUE).<\/li>\n<\/ul>\n\n\n\n<figure class=\"wp-block-image size-full\"><img loading=\"lazy\" decoding=\"async\" width=\"746\" height=\"408\" src=\"https:\/\/institucional.us.es\/encuentropetra\/wp-content\/uploads\/2025\/07\/Evolucion-MPGS.jpg\" alt=\"Evoluci\u00f3n de egresados MPGS. En 2023, dos tercios egresaron de entidades privadas\" class=\"wp-image-110\" srcset=\"https:\/\/institucional.us.es\/encuentropetra\/wp-content\/uploads\/2025\/07\/Evolucion-MPGS.jpg 746w, https:\/\/institucional.us.es\/encuentropetra\/wp-content\/uploads\/2025\/07\/Evolucion-MPGS-300x164.jpg 300w\" sizes=\"auto, (max-width: 746px) 100vw, 746px\" \/><\/figure>\n\n\n\n<h3 class=\"wp-block-heading\">Ventajas y problemas de la situaci\u00f3n actual:<\/h3>\n\n\n\n<ul class=\"wp-block-list\">\n<li>El problema m\u00e1s obvio es que, con las condiciones actuales, los MPGS de la Universidad P\u00fablica s\u00f3lo cubren una minor\u00eda de las necesidades.<\/li>\n\n\n\n<li>La ventaja del MPGS es que da acceso a una <a href=\"https:\/\/institucional.us.es\/encuentropetra\/debates\/carrera-profesional\/\" data-type=\"page\" data-id=\"45\">profesi\u00f3n regulada<\/a>.<\/li>\n\n\n\n<li>Los PGS tienen competencias equiparadas (diagn\u00f3stico, intervenci\u00f3n terap\u00e9utica) a los especialistas en psicolog\u00eda cl\u00ednica. <\/li>\n<\/ul>\n\n\n\n<h3 class=\"wp-block-heading\">Oportunidades y riesgo del cambio:<\/h3>\n\n\n\n<ul class=\"wp-block-list\">\n<li>Puede ofrecer competencias profesionales sanitarias dentro de la formaci\u00f3n de grado, facilitando la incorporaci\u00f3n al \u00e1mbito laboral.<\/li>\n\n\n\n<li>Incorporar las competencias del MPGS en el Grado exige una reevaluaci\u00f3n de los contenidos de este \u00faltimo.<\/li>\n\n\n\n<li>No garantiza que aparezcan nuevos requisitos no oficiales en el mercado laboral (pueden seguir pidiendo MPGS, o cualquier otra cosa).<\/li>\n<\/ul>\n\n\n\n<p class=\"has-white-color has-red-background-color has-text-color has-background has-link-color wp-elements-1c2b16cdabce69d3e2c3ec76faf35c06\">[En construcci\u00f3n]<\/p>\n","protected":false},"excerpt":{"rendered":"<p>Lo que sabemos de momento: Ventajas y problemas de la situaci\u00f3n actual: Oportunidades y riesgo del cambio: [En construcci\u00f3n]<\/p>\n","protected":false},"author":1,"featured_media":0,"parent":38,"menu_order":1,"comment_status":"closed","ping_status":"closed","template":"","meta":{"iawp_total_views":35,"footnotes":""},"class_list":["post-40","page","type-page","status-publish","hentry"],"_links":{"self":[{"href":"https:\/\/institucional.us.es\/encuentropetra\/wp-json\/wp\/v2\/pages\/40","targetHints":{"allow":["GET"]}}],"collection":[{"href":"https:\/\/institucional.us.es\/encuentropetra\/wp-json\/wp\/v2\/pages"}],"about":[{"href":"https:\/\/institucional.us.es\/encuentropetra\/wp-json\/wp\/v2\/types\/page"}],"author":[{"embeddable":true,"href":"https:\/\/institucional.us.es\/encuentropetra\/wp-json\/wp\/v2\/users\/1"}],"replies":[{"embeddable":true,"href":"https:\/\/institucional.us.es\/encuentropetra\/wp-json\/wp\/v2\/comments?post=40"}],"version-history":[{"count":5,"href":"https:\/\/institucional.us.es\/encuentropetra\/wp-json\/wp\/v2\/pages\/40\/revisions"}],"predecessor-version":[{"id":112,"href":"https:\/\/institucional.us.es\/encuentropetra\/wp-json\/wp\/v2\/pages\/40\/revisions\/112"}],"up":[{"embeddable":true,"href":"https:\/\/institucional.us.es\/encuentropetra\/wp-json\/wp\/v2\/pages\/38"}],"wp:attachment":[{"href":"https:\/\/institucional.us.es\/encuentropetra\/wp-json\/wp\/v2\/media?parent=40"}],"curies":[{"name":"wp","href":"https:\/\/api.w.org\/{rel}","templated":true}]}}