{"id":42,"date":"2025-07-07T23:56:05","date_gmt":"2025-07-07T21:56:05","guid":{"rendered":"http:\/\/institucional.us.es\/encuentropetra\/?page_id=42"},"modified":"2025-07-10T13:53:33","modified_gmt":"2025-07-10T11:53:33","slug":"competencias-sanitarias","status":"publish","type":"page","link":"https:\/\/institucional.us.es\/encuentropetra\/debates\/competencias-sanitarias\/","title":{"rendered":"Competencias sanitarias"},"content":{"rendered":"\n<h3 class=\"wp-block-heading\">Lo que sabemos de momento:<\/h3>\n\n\n\n<ul class=\"wp-block-list\">\n<li>Realmente, sabemos muy poco.<\/li>\n\n\n\n<li>La pretensi\u00f3n es lograr el acceso a competencias sanitarias (asimilables al actual PGS) cursando el grado.<\/li>\n<\/ul>\n\n\n\n<h3 class=\"wp-block-heading\">Ventajas e inconvenientes del plan actual:<\/h3>\n\n\n\n<ul class=\"wp-block-list\">\n<li>La gran ventaja es que ya disponemos de una v\u00eda de acceso a la profesi\u00f3n de MPGS, que adem\u00e1s tiene las mismas competencias profesionales de P. Cl\u00ednica (diagn\u00f3stico y tratamiento).<\/li>\n\n\n\n<li>El MPGS tiene unos condicionantes, tanto te\u00f3ricos como pr\u00e1cticos, recogidos en BOE. Las pr\u00e1cticas son de una duraci\u00f3n superior a las de otros posgrados, y cuentan con unos indicadores de calidad propios. <\/li>\n\n\n\n<li>Existe un problema manifiesto con el<a href=\"https:\/\/institucional.us.es\/encuentropetra\/debates\/oferta-mpgs\/\" data-type=\"page\" data-id=\"40\" target=\"_blank\" rel=\"noreferrer noopener\"> acceso al MPGS<\/a>.<\/li>\n<\/ul>\n\n\n\n<h3 class=\"wp-block-heading\">Riesgos del cambio:<\/h3>\n\n\n\n<ul class=\"wp-block-list\">\n<li>Si la formaci\u00f3n de grado de 300 ECTS se equipara al actual itinerario de grado (240 ECTS) + posgrado (90 ECTS), \u00bftendr\u00e1n la misma consideraci\u00f3n?\n<ul class=\"wp-block-list\">\n<li>Si la respuesta es s\u00ed: \n<ul class=\"wp-block-list\">\n<li>Puede resultar en un agravio para las personas que han realizado 330 ECTS.<\/li>\n\n\n\n<li>\u00bfC\u00f3mo se garantizar\u00eda la igualdad de competencias (por ejemplo, pr\u00e1cticas sanitarias)?<\/li>\n<\/ul>\n<\/li>\n\n\n\n<li>Si la respuesta es no: \n<ul class=\"wp-block-list\">\n<li>\u00bfSe crear\u00eda un nuevo profesional sanitario? \u00bfQu\u00e9 caracter\u00edsticas y encaje tendr\u00eda? <\/li>\n\n\n\n<li>Cabe recordar que Espa\u00f1a tiene una duplicidad (PGS\/Cl\u00ednico) que no existe en los pa\u00edses del entorno.<\/li>\n<\/ul>\n<\/li>\n\n\n\n<li>Desde un punto de vista hist\u00f3rico, es necesario analizar con cuidado c\u00f3mo los licenciado en psicolog\u00eda, los graduados de 4 a\u00f1os (+2 a\u00f1os de MPGS) y los nuevos graduados de 5 a\u00f1os coexistir\u00edan en el terreno profesional. Algunos escenarios ser\u00edan:\n<ul class=\"wp-block-list\">\n<li>Se exigen complementos de formaci\u00f3n a quienes no tienen las competencias sanitarias (oportunidad de un nuevo &#8220;embudo&#8221;).<\/li>\n\n\n\n<li>Se asume que el actual nivel PGS se logra con cualquier grado, de cuatro o cinco a\u00f1os (agravio comparativo).<\/li>\n<\/ul>\n<\/li>\n<\/ul>\n<\/li>\n<\/ul>\n\n\n\n<p class=\"has-white-color has-red-background-color has-text-color has-background has-link-color wp-elements-1c2b16cdabce69d3e2c3ec76faf35c06\">[En construcci\u00f3n]<\/p>\n","protected":false},"excerpt":{"rendered":"<p>Lo que sabemos de momento: Ventajas e inconvenientes del plan actual: Riesgos del cambio: [En construcci\u00f3n]<\/p>\n","protected":false},"author":1,"featured_media":0,"parent":38,"menu_order":2,"comment_status":"closed","ping_status":"closed","template":"","meta":{"iawp_total_views":20,"footnotes":""},"class_list":["post-42","page","type-page","status-publish","hentry"],"_links":{"self":[{"href":"https:\/\/institucional.us.es\/encuentropetra\/wp-json\/wp\/v2\/pages\/42","targetHints":{"allow":["GET"]}}],"collection":[{"href":"https:\/\/institucional.us.es\/encuentropetra\/wp-json\/wp\/v2\/pages"}],"about":[{"href":"https:\/\/institucional.us.es\/encuentropetra\/wp-json\/wp\/v2\/types\/page"}],"author":[{"embeddable":true,"href":"https:\/\/institucional.us.es\/encuentropetra\/wp-json\/wp\/v2\/users\/1"}],"replies":[{"embeddable":true,"href":"https:\/\/institucional.us.es\/encuentropetra\/wp-json\/wp\/v2\/comments?post=42"}],"version-history":[{"count":4,"href":"https:\/\/institucional.us.es\/encuentropetra\/wp-json\/wp\/v2\/pages\/42\/revisions"}],"predecessor-version":[{"id":119,"href":"https:\/\/institucional.us.es\/encuentropetra\/wp-json\/wp\/v2\/pages\/42\/revisions\/119"}],"up":[{"embeddable":true,"href":"https:\/\/institucional.us.es\/encuentropetra\/wp-json\/wp\/v2\/pages\/38"}],"wp:attachment":[{"href":"https:\/\/institucional.us.es\/encuentropetra\/wp-json\/wp\/v2\/media?parent=42"}],"curies":[{"name":"wp","href":"https:\/\/api.w.org\/{rel}","templated":true}]}}

<h3 class="wp-block-heading">Lo que sabemos de momento:</h3>



<ul class="wp-block-list">
<li>Realmente, sabemos muy poco.</li>



<li>La pretensión es lograr el acceso a competencias sanitarias (asimilables al actual PGS) cursando el grado.</li>
</ul>



<h3 class="wp-block-heading">Ventajas e inconvenientes del plan actual:</h3>



<ul class="wp-block-list">
<li>La gran ventaja es que ya disponemos de una vía de acceso a la profesión de MPGS, que además tiene las mismas competencias profesionales de P. Clínica (diagnóstico y tratamiento).</li>



<li>El MPGS tiene unos condicionantes, tanto teóricos como prácticos, recogidos en BOE. Las prácticas son de una duración superior a las de otros posgrados, y cuentan con unos indicadores de calidad propios. </li>



<li>Existe un problema manifiesto con el<a href="https://institucional.us.es/encuentropetra/debates/oferta-mpgs/" data-type="page" data-id="40" target="_blank" rel="noreferrer noopener"> acceso al MPGS</a>.</li>
</ul>



<h3 class="wp-block-heading">Riesgos del cambio:</h3>



<ul class="wp-block-list">
<li>Si la formación de grado de 300 ECTS se equipara al actual itinerario de grado (240 ECTS) + posgrado (90 ECTS), ¿tendrán la misma consideración?
<ul class="wp-block-list">
<li>Si la respuesta es sí: 
<ul class="wp-block-list">
<li>Puede resultar en un agravio para las personas que han realizado 330 ECTS.</li>



<li>¿Cómo se garantizaría la igualdad de competencias (por ejemplo, prácticas sanitarias)?</li>
</ul>
</li>



<li>Si la respuesta es no: 
<ul class="wp-block-list">
<li>¿Se crearía un nuevo profesional sanitario? ¿Qué características y encaje tendría? </li>



<li>Cabe recordar que España tiene una duplicidad (PGS/Clínico) que no existe en los países del entorno.</li>
</ul>
</li>



<li>Desde un punto de vista histórico, es necesario analizar con cuidado cómo los licenciado en psicología, los graduados de 4 años (+2 años de MPGS) y los nuevos graduados de 5 años coexistirían en el terreno profesional. Algunos escenarios serían:
<ul class="wp-block-list">
<li>Se exigen complementos de formación a quienes no tienen las competencias sanitarias (oportunidad de un nuevo &#8220;embudo&#8221;).</li>



<li>Se asume que el actual nivel PGS se logra con cualquier grado, de cuatro o cinco años (agravio comparativo).</li>
</ul>
</li>
</ul>
</li>
</ul>



<p class="has-white-color has-red-background-color has-text-color has-background has-link-color wp-elements-1c2b16cdabce69d3e2c3ec76faf35c06">[En construcción]</p>

<p>Lo que sabemos de momento: Ventajas e inconvenientes del plan actual: Riesgos del cambio: [En construcción]</p>
