{"id":45,"date":"2025-07-08T00:03:32","date_gmt":"2025-07-07T22:03:32","guid":{"rendered":"http:\/\/institucional.us.es\/encuentropetra\/?page_id=45"},"modified":"2025-07-10T13:42:24","modified_gmt":"2025-07-10T11:42:24","slug":"carrera-profesional","status":"publish","type":"page","link":"https:\/\/institucional.us.es\/encuentropetra\/debates\/carrera-profesional\/","title":{"rendered":"Carrera profesional"},"content":{"rendered":"\n<h3 class=\"wp-block-heading\">Lo que sabemos:<\/h3>\n\n\n\n<p>La actual carrera profesional en Psicolog\u00eda se organiza del siguiente modo:<\/p>\n\n\n\n<ul class=\"wp-block-list\">\n<li>La formaci\u00f3n b\u00e1sica se obtiene mediante un Grado de 4 a\u00f1os (240 ECTS).<\/li>\n\n\n\n<li>Las competencias sanitarias referidas a la evaluaci\u00f3n\/diagn\u00f3stico y tratamiento se adquieren mediante un postgrado profesionalizante: el M\u00e1ster en Psicolog\u00eda General Sanitaria (en adelante, MPGS; 90 ECTS).<\/li>\n\n\n\n<li>Existe una especialidad: Psicolog\u00eda Cl\u00ednica. Esta formaci\u00f3n se obtiene v\u00eda PIR (4 a\u00f1os de duraci\u00f3n, &gt;300 plazas\/a\u00f1o en Espa\u00f1a).<\/li>\n\n\n\n<li>El resto de \u00e1mbitos\/especialidades no cuentan con reconocimiento oficial, a pesar de su tradici\u00f3n y presencia social. Esto genera un problema evidente de ordenaci\u00f3n de la carrera profesional.<\/li>\n<\/ul>\n\n\n\n<h3 class=\"wp-block-heading\">Ventajas e inconvenientes del actual dise\u00f1o:<\/h3>\n\n\n\n<ul class=\"wp-block-list\">\n<li>La PGS se reconoce como <strong>salida profesional<\/strong>. <\/li>\n\n\n\n<li>M\u00e1s all\u00e1 de los procedimientos y habilidades propias de un PGS -que pueden ser compartidas parcialmente por otros profesionales-, su reconocimiento protege del intrusismo.<\/li>\n\n\n\n<li>Las competencias del PGS est\u00e1n asimiladas a las competencias cl\u00ednicas en cuanto a diagn\u00f3stico y tratamiento. <a href=\"https:\/\/institucional.us.es\/encuentropetra\/wp-content\/uploads\/2025\/07\/Respuesta-demanda-ANPIR.pdf\" data-type=\"attachment\" data-id=\"102\" target=\"_blank\" rel=\"noreferrer noopener\">[Abogac\u00eda del Estado, 2014]<\/a>. <\/li>\n\n\n\n<li>Otras \u00e1reas de especializaci\u00f3n (P. educativa, comunitaria, etc.) no disponen del mismo reconocimiento, generando problemas de empleabilidad (y saturaci\u00f3n del MPGS).<\/li>\n<\/ul>\n\n\n\n<h3 class=\"wp-block-heading\">Ventajas y riesgos del cambio:<\/h3>\n\n\n\n<ul class=\"wp-block-list\">\n<li>Los nuevos graduados pueden obtener la consideraci\u00f3n sanitaria tras 5 a\u00f1os.<\/li>\n\n\n\n<li>No se sabe si la consideraci\u00f3n sanitaria ser\u00e1 equivalente al PGS.\n<ul class=\"wp-block-list\">\n<li>Si lo son, \u00bfPuede alterar la paridad competencial PGS\/Cl\u00ednica?<\/li>\n\n\n\n<li>Si no lo son, \u00bfRealmente arregla el problema de acceso laboral?<\/li>\n<\/ul>\n<\/li>\n\n\n\n<li>Supone asumir que toda la Psicolog\u00eda Aplicada debe ser sanitaria, antes que social o educativa. \u00bfPuede esto ir en detrimento del reconocimiento de otras vertientes de la Psicolog\u00eda Aplicada?<\/li>\n\n\n\n<li>\u00bfQu\u00e9 ocurrir\u00e1 con los egresados del plan de 4 a\u00f1os que no cuenten con MPGS? \u00bfTendr\u00edan un curso-puente para reciclar la formaci\u00f3n, o se les asimilar\u00eda a una formaci\u00f3n que, hasta ahora, exig\u00eda un m\u00e1ster de 2 a\u00f1os?<\/li>\n<\/ul>\n\n\n\n<p class=\"has-white-color has-red-background-color has-text-color has-background has-link-color wp-elements-c3d0ea787916b4fe23dd640605500157\">[EN CONSTRUCCI\u00d3N]<\/p>\n\n\n\n<p><\/p>\n","protected":false},"excerpt":{"rendered":"<p>Lo que sabemos: La actual carrera profesional en Psicolog\u00eda se organiza del siguiente modo: Ventajas e inconvenientes del actual dise\u00f1o: Ventajas y riesgos del cambio: [EN CONSTRUCCI\u00d3N]<\/p>\n","protected":false},"author":1,"featured_media":0,"parent":38,"menu_order":3,"comment_status":"closed","ping_status":"closed","template":"","meta":{"iawp_total_views":14,"footnotes":""},"class_list":["post-45","page","type-page","status-publish","hentry"],"_links":{"self":[{"href":"https:\/\/institucional.us.es\/encuentropetra\/wp-json\/wp\/v2\/pages\/45","targetHints":{"allow":["GET"]}}],"collection":[{"href":"https:\/\/institucional.us.es\/encuentropetra\/wp-json\/wp\/v2\/pages"}],"about":[{"href":"https:\/\/institucional.us.es\/encuentropetra\/wp-json\/wp\/v2\/types\/page"}],"author":[{"embeddable":true,"href":"https:\/\/institucional.us.es\/encuentropetra\/wp-json\/wp\/v2\/users\/1"}],"replies":[{"embeddable":true,"href":"https:\/\/institucional.us.es\/encuentropetra\/wp-json\/wp\/v2\/comments?post=45"}],"version-history":[{"count":5,"href":"https:\/\/institucional.us.es\/encuentropetra\/wp-json\/wp\/v2\/pages\/45\/revisions"}],"predecessor-version":[{"id":116,"href":"https:\/\/institucional.us.es\/encuentropetra\/wp-json\/wp\/v2\/pages\/45\/revisions\/116"}],"up":[{"embeddable":true,"href":"https:\/\/institucional.us.es\/encuentropetra\/wp-json\/wp\/v2\/pages\/38"}],"wp:attachment":[{"href":"https:\/\/institucional.us.es\/encuentropetra\/wp-json\/wp\/v2\/media?parent=45"}],"curies":[{"name":"wp","href":"https:\/\/api.w.org\/{rel}","templated":true}]}}