{"id":112,"date":"2025-02-28T12:28:24","date_gmt":"2025-02-28T11:28:24","guid":{"rendered":"https:\/\/institucional.us.es\/ieduca\/?page_id=112"},"modified":"2025-06-20T21:16:51","modified_gmt":"2025-06-20T19:16:51","slug":"doctorado","status":"publish","type":"page","link":"https:\/\/institucional.us.es\/ieduca\/doctorado\/","title":{"rendered":"Doctorado"},"content":{"rendered":"<div data-colibri-id=\"112-c1\" class=\"style-689 style-local-112-c1 position-relative\">\n  <!---->\n  <div data-colibri-component=\"section\" data-colibri-id=\"112-c2\" id=\"about\" class=\"h-section h-section-global-spacing d-flex align-items-lg-center align-items-md-center align-items-center style-720 style-local-112-c2 position-relative\">\n    <!---->\n    <!---->\n    <div class=\"h-section-grid-container h-section-boxed-container\">\n      <div data-colibri-id=\"112-c7\" class=\"h-row-container gutters-row-lg-2 gutters-row-md-2 gutters-row-2 gutters-row-v-lg-2 gutters-row-v-md-2 gutters-row-v-2 style-725 style-local-112-c7 position-relative\">\n        <!---->\n        <div class=\"h-row justify-content-lg-center justify-content-md-center justify-content-center align-items-lg-stretch align-items-md-stretch align-items-stretch gutters-col-lg-2 gutters-col-md-2 gutters-col-2 gutters-col-v-lg-2 gutters-col-v-md-2 gutters-col-v-2\">\n          <!---->\n          <div class=\"h-column h-column-container d-flex h-col-lg-auto h-col-md-auto h-col-auto style-726-outer style-local-112-c8-outer\">\n            <div data-colibri-id=\"112-c8\" class=\"d-flex h-flex-basis h-column__inner h-px-lg-2 h-px-md-2 h-px-2 v-inner-lg-2 v-inner-md-2 v-inner-2 style-726 style-local-112-c8 position-relative\">\n              <!---->\n              <!---->\n              <div class=\"w-100 h-y-container h-column__content h-column__v-align flex-basis-100 align-self-lg-start align-self-md-start align-self-start\">\n                <!---->\n                <div data-colibri-id=\"112-c9\" class=\"h-global-transition-all h-heading style-727 style-local-112-c9 position-relative h-element\">\n                  <!---->\n                  <div class=\"h-heading__outer style-727 style-local-112-c9\">\n                    <!---->\n                    <!---->\n                    <h5 class=\"\">IEDU<\/h5>\n                  <\/div>\n                <\/div>\n                <div data-colibri-id=\"112-c10\" class=\"h-global-transition-all h-heading style-736 style-local-112-c10 position-relative h-element\">\n                  <!---->\n                  <div class=\"h-heading__outer style-736 style-local-112-c10\">\n                    <!---->\n                    <!---->\n                    <h2 class=\"\">Programas de Doctorado<em style=\"font-family: &quot;Playfair Display&quot;;\"> <\/em>en <strong>Educaci\u00f3n\ufeff<\/strong><\/h2>\n                  <\/div>\n                <\/div>\n                <div data-colibri-id=\"112-c11\" class=\"h-lead h-text h-text-component style-729 style-local-112-c11 position-relative h-element\">\n                  <!---->\n                  <!---->\n                  <div class=\"\">\n                    <p>El Instituto Interuniversitario Andaluz de Investigaci\u00f3n Educativa ofrece dos programas de doctorado en educaci\u00f3n:<\/p>\n                  <\/div>\n                <\/div>\n              <\/div>\n            <\/div>\n          <\/div>\n        <\/div>\n      <\/div>\n      <div data-colibri-id=\"112-c3\" class=\"h-row-container gutters-row-lg-0 gutters-row-md-0 gutters-row-0 gutters-row-v-lg-0 gutters-row-v-md-0 gutters-row-v-0 style-721 style-local-112-c3 h-overflow-hidden position-relative\">\n        <!---->\n        <div class=\"h-row justify-content-lg-center justify-content-md-center justify-content-center align-items-lg-end align-items-md-end align-items-end gutters-col-lg-0 gutters-col-md-0 gutters-col-0 gutters-col-v-lg-0 gutters-col-v-md-0 gutters-col-v-0\">\n          <!---->\n          <div class=\"h-column h-column-container d-flex h-col-lg-auto h-col-md-auto h-col-auto align-self-lg-end align-self-md-end align-self-end style-722-outer style-local-112-c4-outer\">\n            <div data-colibri-id=\"112-c4\" class=\"d-flex h-flex-basis h-column__inner h-ui-empty-state-container h-px-lg-0 h-px-md-0 h-px-0 v-inner-lg-0 v-inner-md-0 v-inner-0 style-722 style-local-112-c4 position-relative\">\n              <!---->\n              <!---->\n              <div class=\"w-100 h-y-container h-column__content h-column__v-align flex-basis-100\">\n                <!---->\n              <\/div>\n            <\/div>\n          <\/div>\n          <div class=\"h-column h-column-container d-flex h-col-lg-auto h-col-md-auto h-col-auto align-self-lg-end align-self-md-end align-self-end style-723-outer style-local-112-c5-outer\">\n            <div data-colibri-id=\"112-c5\" class=\"d-flex h-flex-basis h-column__inner h-ui-empty-state-container h-px-lg-0 h-px-md-0 h-px-0 v-inner-lg-0 v-inner-md-0 v-inner-0 style-723 style-local-112-c5 position-relative\">\n              <!---->\n              <!---->\n              <div class=\"w-100 h-y-container h-column__content h-column__v-align flex-basis-100\">\n                <!---->\n              <\/div>\n            <\/div>\n          <\/div>\n          <div class=\"h-column h-column-container d-flex h-col-lg-auto h-col-md-auto h-col-auto align-self-lg-end align-self-md-end align-self-end style-724-outer style-local-112-c6-outer\">\n            <div data-colibri-id=\"112-c6\" class=\"d-flex h-flex-basis h-column__inner h-ui-empty-state-container h-px-lg-0 h-px-md-0 h-px-0 v-inner-lg-0 v-inner-md-0 v-inner-0 style-724 style-local-112-c6 position-relative\">\n              <!---->\n              <!---->\n              <div class=\"w-100 h-y-container h-column__content h-column__v-align flex-basis-100\">\n                <!---->\n              <\/div>\n            <\/div>\n          <\/div>\n        <\/div>\n      <\/div>\n    <\/div>\n  <\/div>\n  <div data-colibri-component=\"section\" data-colibri-id=\"112-c12\" id=\"features\" class=\"h-section h-section-global-spacing d-flex align-items-lg-center align-items-md-center align-items-center style-739 style-local-112-c12 position-relative\">\n    <!---->\n    <!---->\n    <div class=\"h-section-grid-container h-section-boxed-container\">\n      <!---->\n      <div data-colibri-id=\"112-c13\" class=\"h-row-container gutters-row-lg-2 gutters-row-md-2 gutters-row-2 gutters-row-v-lg-2 gutters-row-v-md-2 gutters-row-v-2 style-740 style-local-112-c13 position-relative\">\n        <!---->\n        <div class=\"h-row justify-content-lg-center justify-content-md-center justify-content-center align-items-lg-stretch align-items-md-stretch align-items-stretch gutters-col-lg-2 gutters-col-md-2 gutters-col-2 gutters-col-v-lg-2 gutters-col-v-md-2 gutters-col-v-2\">\n          <!---->\n          <div class=\"h-column h-column-container d-flex h-col-lg-6 h-col-md-6 h-col-12 style-741-outer style-local-112-c14-outer\">\n            <div data-colibri-id=\"112-c14\" class=\"d-flex h-flex-basis h-column__inner h-px-lg-0 h-px-md-0 h-px-0 v-inner-lg-0 v-inner-md-0 v-inner-0 style-741 style-local-112-c14 position-relative\">\n              <!---->\n              <!---->\n              <div class=\"w-100 h-y-container h-column__content h-column__v-align flex-basis-100 align-self-lg-start align-self-md-start align-self-start\">\n                <!---->\n                <div data-colibri-id=\"112-c15\" class=\"d-block style-742 style-local-112-c15 position-relative h-element\">\n                  <!---->\n                  <div class=\"h-image__frame-container-outer\">\n                    <a href=\"https:\/\/institucional.us.es\/educacion\/\" target=\"_blank\" h-use-smooth-scroll=\"true\" class=\"image-link\">\n                      <div class=\"h-image__frame-container\">\n                        <!---->\n                        <!---->\n                        <img loading=\"lazy\" decoding=\"async\" width=\"1206\" height=\"627\" src=\"https:\/\/institucional.us.es\/ieduca\/wp-content\/uploads\/2025\/03\/US-marca-digital_0.png\" class=\"wp-image-3020 style-742-image style-local-112-c15-image\" alt=\"\" srcset=\"https:\/\/institucional.us.es\/ieduca\/wp-content\/uploads\/2025\/03\/US-marca-digital_0.png 1206w, https:\/\/institucional.us.es\/ieduca\/wp-content\/uploads\/2025\/03\/US-marca-digital_0-300x156.png 300w, https:\/\/institucional.us.es\/ieduca\/wp-content\/uploads\/2025\/03\/US-marca-digital_0-1024x532.png 1024w, https:\/\/institucional.us.es\/ieduca\/wp-content\/uploads\/2025\/03\/US-marca-digital_0-768x399.png 768w\" sizes=\"auto, (max-width: 1206px) 100vw, 1206px\" \/>\n                        <div class=\"h-image__frame h-hide-lg h-hide-md h-hide-sm style-742-frameImage style-local-112-c15-frameImage\"><\/div>\n                      <\/div>\n                    <\/a>\n                  <\/div>\n                <\/div>\n                <div data-colibri-id=\"112-c16\" class=\"h-row-container gutters-row-lg-0 gutters-row-md-0 gutters-row-2 gutters-row-v-lg-0 gutters-row-v-md-0 gutters-row-v-2 style-743 style-local-112-c16 position-relative\">\n                  <!---->\n                  <div class=\"h-row justify-content-lg-center justify-content-md-center justify-content-center align-items-lg-stretch align-items-md-stretch align-items-stretch gutters-col-lg-0 gutters-col-md-0 gutters-col-2 gutters-col-v-lg-0 gutters-col-v-md-0 gutters-col-v-2\">\n                    <!---->\n                    <div class=\"h-column h-column-container d-flex h-col-lg-auto h-col-md-auto h-col-auto style-744-outer style-local-112-c17-outer\">\n                      <div data-colibri-id=\"112-c17\" class=\"d-flex h-flex-basis h-column__inner h-px-lg-2 h-px-md-3 h-px-2 v-inner-lg-2 v-inner-md-3 v-inner-2 style-744 style-local-112-c17 position-relative\">\n                        <!---->\n                        <!---->\n                        <div class=\"w-100 h-y-container h-column__content h-column__v-align flex-basis-100 align-self-lg-start align-self-md-start align-self-start\">\n                          <!---->\n                          <div data-colibri-id=\"112-c18\" class=\"h-global-transition-all h-heading style-745 style-local-112-c18 position-relative h-element\">\n                            <!---->\n                            <div class=\"h-heading__outer style-745 style-local-112-c18\">\n                              <!---->\n                              <!---->\n                              <h4 class=\"\">Programa de doctorado en Educaci\u00f3n por la Universidad de Sevilla<\/h4>\n                            <\/div>\n                          <\/div>\n                          <div data-colibri-id=\"112-c19\" class=\"h-text h-text-component style-746 style-local-112-c19 position-relative h-element\">\n                            <!---->\n                            <!---->\n                            <div class=\"\">\n                              <p>El programa de doctorado en Educaci\u00f3n de la Universidad de Sevilla representa un esfuerzo de coordinaci\u00f3n de diferentes grupos de investigaci\u00f3n pertenecientes a la Facultad de Ciencias de la Educaci\u00f3n de la Universidad de\n                                Sevilla&#8230;<\/p>\n                            <\/div>\n                          <\/div>\n                          <div data-colibri-id=\"112-c20\" class=\"h-x-container style-934 style-local-112-c20 position-relative h-element\">\n                            <!---->\n                            <div class=\"h-x-container-inner style-dynamic-112-c20-group style-934-spacing style-local-112-c20-spacing\"><span class=\"h-link__outer style-935-outer style-local-112-c21-outer d-inline-flex h-element\"><a h-use-smooth-scroll=\"true\" href=\"https:\/\/institucional.us.es\/educacion\/\"  data-colibri-id=\"112-c21\" class=\"d-flex w-100 align-items-center h-link style-935 style-local-112-c21 position-relative\"><!----><!----> <span>Seguir leyendo<\/span>                              <span class=\"h-svg-icon h-link__icon style-935-icon style-local-112-c21-icon\"><!--Icon by Icons8 Line Awesome (https:\/\/icons8.com\/line-awesome)--><svg version=\"1.1\" xmlns=\"http:\/\/www.w3.org\/2000\/svg\" xmlns:xlink=\"http:\/\/www.w3.org\/1999\/xlink\" id=\"arrow-circle-o-right\" viewBox=\"0 0 512 545.5\"><path d=\"M256 80c114.686 0 208 93.314 208 208s-93.314 208-208 208S48 402.686 48 288 141.314 80 256 80zm0 32c-97.392 0-176 78.608-176 176s78.608 176 176 176 176-78.608 176-176-78.608-176-176-176zm11.5 73.5l91 91L370 288l-11.5 11.5-91 91-23-22.5 64-64H144v-32h164.5l-64-64z\"><\/path><\/svg><\/span><\/a>\n                              <\/span>\n                            <\/div>\n                          <\/div>\n                        <\/div>\n                      <\/div>\n                    <\/div>\n                  <\/div>\n                <\/div>\n              <\/div>\n            <\/div>\n          <\/div>\n          <div class=\"h-column h-column-container d-flex h-col-lg-6 h-col-md-6 h-col-12 style-741-outer style-local-112-c22-outer\">\n            <div data-colibri-id=\"112-c22\" class=\"d-flex h-flex-basis h-column__inner h-px-lg-0 h-px-md-0 h-px-0 v-inner-lg-0 v-inner-md-0 v-inner-0 style-741 style-local-112-c22 position-relative\">\n              <!---->\n              <!---->\n              <div class=\"w-100 h-y-container h-column__content h-column__v-align flex-basis-100 align-self-lg-start align-self-md-start align-self-start\">\n                <!---->\n                <div data-colibri-id=\"112-c23\" class=\"d-block style-742 style-local-112-c23 position-relative h-element\">\n                  <!---->\n                  <div class=\"h-image__frame-container-outer\">\n                    <a href=\"https:\/\/doctorados.ugr.es\/cienciaseducacion\/\" target=\"_blank\" h-use-smooth-scroll=\"true\" class=\"image-link\">\n                      <div class=\"h-image__frame-container\">\n                        <!---->\n                        <!---->\n                        <img loading=\"lazy\" decoding=\"async\" width=\"1206\" height=\"627\" src=\"https:\/\/institucional.us.es\/ieduca\/wp-content\/uploads\/2025\/03\/UGR-02-color.png\" class=\"wp-image-3024 style-742-image style-local-112-c23-image\" alt=\"\" srcset=\"https:\/\/institucional.us.es\/ieduca\/wp-content\/uploads\/2025\/03\/UGR-02-color.png 1206w, https:\/\/institucional.us.es\/ieduca\/wp-content\/uploads\/2025\/03\/UGR-02-color-300x156.png 300w, https:\/\/institucional.us.es\/ieduca\/wp-content\/uploads\/2025\/03\/UGR-02-color-1024x532.png 1024w, https:\/\/institucional.us.es\/ieduca\/wp-content\/uploads\/2025\/03\/UGR-02-color-768x399.png 768w\" sizes=\"auto, (max-width: 1206px) 100vw, 1206px\" \/>\n                        <div class=\"h-image__frame h-hide-lg h-hide-md h-hide-sm style-742-frameImage style-local-112-c23-frameImage\"><\/div>\n                      <\/div>\n                    <\/a>\n                  <\/div>\n                <\/div>\n                <div data-colibri-id=\"112-c24\" class=\"h-row-container gutters-row-lg-0 gutters-row-md-0 gutters-row-2 gutters-row-v-lg-0 gutters-row-v-md-0 gutters-row-v-2 style-743 style-local-112-c24 position-relative\">\n                  <!---->\n                  <div class=\"h-row justify-content-lg-center justify-content-md-center justify-content-center align-items-lg-stretch align-items-md-stretch align-items-stretch gutters-col-lg-0 gutters-col-md-0 gutters-col-2 gutters-col-v-lg-0 gutters-col-v-md-0 gutters-col-v-2\">\n                    <!---->\n                    <div class=\"h-column h-column-container d-flex h-col-lg-auto h-col-md-auto h-col-auto style-744-outer style-local-112-c25-outer\">\n                      <div data-colibri-id=\"112-c25\" class=\"d-flex h-flex-basis h-column__inner h-px-lg-2 h-px-md-3 h-px-2 v-inner-lg-2 v-inner-md-3 v-inner-2 style-744 style-local-112-c25 position-relative\">\n                        <!---->\n                        <!---->\n                        <div class=\"w-100 h-y-container h-column__content h-column__v-align flex-basis-100 align-self-lg-start align-self-md-start align-self-start\">\n                          <!---->\n                          <div data-colibri-id=\"112-c26\" class=\"h-global-transition-all h-heading style-745 style-local-112-c26 position-relative h-element\">\n                            <!---->\n                            <div class=\"h-heading__outer style-745 style-local-112-c26\">\n                              <!---->\n                              <!---->\n                              <h4 class=\"\">Programa de doctorado en Ciencias de la Educaci\u00f3n por la Universidad de Granada<\/h4>\n                            <\/div>\n                          <\/div>\n                          <div data-colibri-id=\"112-c27\" class=\"h-text h-text-component style-746 style-local-112-c27 position-relative h-element\">\n                            <!---->\n                            <!---->\n                            <div class=\"\">\n                              <p>El \u00e1rea de Ciencias de la Educaci\u00f3n es un sector variado y sujeto a una r\u00e1pida expansi\u00f3n, diversificaci\u00f3n y profesionalizaci\u00f3n. En esta l\u00ednea, la innovaci\u00f3n curricular, la formaci\u00f3n inicial del profesorado, el desarrollo\n                                profesional continuo y&#8230;<\/p>\n                            <\/div>\n                          <\/div>\n                          <div data-colibri-id=\"112-c28\" class=\"h-x-container style-936 style-local-112-c28 position-relative h-element\">\n                            <!---->\n                            <div class=\"h-x-container-inner style-dynamic-112-c28-group style-936-spacing style-local-112-c28-spacing\"><span class=\"h-link__outer style-937-outer style-local-112-c29-outer d-inline-flex h-element\"><a h-use-smooth-scroll=\"true\" href=\"https:\/\/doctorados.ugr.es\/cienciaseducacion\/\"  data-colibri-id=\"112-c29\" class=\"d-flex w-100 align-items-center h-link style-937 style-local-112-c29 position-relative\"><!----><!----> <span>Seguir leyendo<\/span>                              <span class=\"h-svg-icon h-link__icon style-937-icon style-local-112-c29-icon\"><!--Icon by Icons8 Line Awesome (https:\/\/icons8.com\/line-awesome)--><svg version=\"1.1\" xmlns=\"http:\/\/www.w3.org\/2000\/svg\" xmlns:xlink=\"http:\/\/www.w3.org\/1999\/xlink\" id=\"arrow-circle-o-right\" viewBox=\"0 0 512 545.5\"><path d=\"M256 80c114.686 0 208 93.314 208 208s-93.314 208-208 208S48 402.686 48 288 141.314 80 256 80zm0 32c-97.392 0-176 78.608-176 176s78.608 176 176 176 176-78.608 176-176-78.608-176-176-176zm11.5 73.5l91 91L370 288l-11.5 11.5-91 91-23-22.5 64-64H144v-32h164.5l-64-64z\"><\/path><\/svg><\/span><\/a>\n                              <\/span>\n                            <\/div>\n                          <\/div>\n                        <\/div>\n                      <\/div>\n                    <\/div>\n                  <\/div>\n                <\/div>\n              <\/div>\n            <\/div>\n          <\/div>\n        <\/div>\n      <\/div>\n    <\/div>\n  <\/div>\n<\/div>","protected":false},"excerpt":{"rendered":"<p>IEDU Programas de Doctorado en Educaci\u00f3n\ufeff El Instituto Interuniversitario Andaluz de Investigaci\u00f3n Educativa ofrece dos programas de doctorado en educaci\u00f3n: Programa de doctorado en Educaci\u00f3n por la Universidad de Sevilla El programa de doctorado en Educaci\u00f3n de la Universidad de Sevilla representa un esfuerzo de coordinaci\u00f3n de diferentes grupos de investigaci\u00f3n pertenecientes a la Facultad [&hellip;]<\/p>\n","protected":false},"author":1,"featured_media":0,"parent":0,"menu_order":0,"comment_status":"closed","ping_status":"closed","template":"page-templates\/full-width-page.php","meta":{"_acf_changed":false,"footnotes":""},"class_list":["post-112","page","type-page","status-publish","hentry"],"acf":[],"_links":{"self":[{"href":"https:\/\/institucional.us.es\/ieduca\/wp-json\/wp\/v2\/pages\/112","targetHints":{"allow":["GET"]}}],"collection":[{"href":"https:\/\/institucional.us.es\/ieduca\/wp-json\/wp\/v2\/pages"}],"about":[{"href":"https:\/\/institucional.us.es\/ieduca\/wp-json\/wp\/v2\/types\/page"}],"author":[{"embeddable":true,"href":"https:\/\/institucional.us.es\/ieduca\/wp-json\/wp\/v2\/users\/1"}],"replies":[{"embeddable":true,"href":"https:\/\/institucional.us.es\/ieduca\/wp-json\/wp\/v2\/comments?post=112"}],"version-history":[{"count":17,"href":"https:\/\/institucional.us.es\/ieduca\/wp-json\/wp\/v2\/pages\/112\/revisions"}],"predecessor-version":[{"id":3816,"href":"https:\/\/institucional.us.es\/ieduca\/wp-json\/wp\/v2\/pages\/112\/revisions\/3816"}],"wp:attachment":[{"href":"https:\/\/institucional.us.es\/ieduca\/wp-json\/wp\/v2\/media?parent=112"}],"curies":[{"name":"wp","href":"https:\/\/api.w.org\/{rel}","templated":true}]}}