{"id":3151,"date":"2025-04-06T10:38:47","date_gmt":"2025-04-06T08:38:47","guid":{"rendered":"https:\/\/institucional.us.es\/ieduca\/?page_id=3151"},"modified":"2026-04-09T17:57:44","modified_gmt":"2026-04-09T15:57:44","slug":"aprendizaje-curriculum-e-innovacion-educativa","status":"publish","type":"page","link":"https:\/\/institucional.us.es\/ieduca\/aprendizaje-curriculum-e-innovacion-educativa\/","title":{"rendered":"Aprendizaje, curriculum e innovaci\u00f3n educativa"},"content":{"rendered":"<div data-colibri-id=\"3151-c1\" class=\"style-769 style-local-3151-c1 position-relative\">\n  <!---->\n  <div data-colibri-component=\"section\" data-colibri-id=\"3151-c2\" id=\"about\" class=\"h-section h-section-global-spacing d-flex align-items-lg-center align-items-md-center align-items-center style-770 style-local-3151-c2 position-relative\">\n    <!---->\n    <!---->\n    <div class=\"h-section-grid-container h-section-boxed-container\">\n      <!---->\n      <div data-colibri-id=\"3151-c3\" class=\"h-row-container gutters-row-lg-0 gutters-row-md-0 gutters-row-0 gutters-row-v-lg-0 gutters-row-v-md-0 gutters-row-v-0 style-771 style-local-3151-c3 position-relative\">\n        <!---->\n        <div class=\"h-row justify-content-lg-center justify-content-md-center justify-content-center align-items-lg-stretch align-items-md-stretch align-items-stretch gutters-col-lg-0 gutters-col-md-0 gutters-col-0 gutters-col-v-lg-0 gutters-col-v-md-0 gutters-col-v-0\">\n          <!---->\n          <div class=\"h-column h-column-container d-flex h-col-lg-auto h-col-md-auto h-col-auto style-772-outer style-local-3151-c4-outer\">\n            <div data-colibri-id=\"3151-c4\" class=\"d-flex h-flex-basis h-column__inner h-ui-empty-state-container h-px-lg-0 h-px-md-0 h-px-0 v-inner-lg-0 v-inner-md-0 v-inner-0 style-772 style-local-3151-c4 position-relative\">\n              <!---->\n              <!---->\n              <div class=\"w-100 h-y-container h-column__content h-column__v-align flex-basis-100\">\n                <!---->\n              <\/div>\n            <\/div>\n          <\/div>\n          <div class=\"h-column h-column-container d-flex h-col-lg-auto h-col-md-auto h-col-auto style-773-outer style-local-3151-c5-outer\">\n            <div data-colibri-id=\"3151-c5\" class=\"d-flex h-flex-basis h-column__inner h-px-lg-2 h-px-md-2 h-px-2 v-inner-lg-2 v-inner-md-2 v-inner-2 style-773 style-local-3151-c5 position-relative\">\n              <!---->\n              <!---->\n              <div class=\"w-100 h-y-container h-column__content h-column__v-align flex-basis-100 align-self-lg-start align-self-md-start align-self-start\">\n                <!---->\n                <div data-colibri-id=\"3151-c6\" class=\"h-global-transition-all h-heading style-774 style-local-3151-c6 position-relative h-element\">\n                  <!---->\n                  <div class=\"h-heading__outer style-774 style-local-3151-c6\">\n                    <!---->\n                    <!---->\n                    <h5 class=\"\">L\u00ednea de investigaci\u00f3n \u00b7 IEDU<\/h5>\n                  <\/div>\n                <\/div>\n                <div data-colibri-id=\"3151-c7\" class=\"h-global-transition-all h-heading style-775 style-local-3151-c7 position-relative h-element\">\n                  <!---->\n                  <div class=\"h-heading__outer style-775 style-local-3151-c7\">\n                    <!---->\n                    <!---->\n                    <h2 class=\"\">Aprendizaje, curriculum e innovaci\u00f3n educativa<\/h2>\n                  <\/div>\n                <\/div>\n                <div data-colibri-id=\"3151-c8\" class=\"h-text h-text-component style-776 style-local-3151-c8 position-relative h-element\">\n                  <!---->\n                  <!---->\n                  <div class=\"\">\n                    <p><strong>Coordinan:<\/strong>&nbsp;Francisco Gonz\u00e1lez Garc\u00eda y Alejandra Pacheco Costa.<\/p>\n                    <p><strong>Palabras clave<\/strong>: Desarrollo institucional del curriculum; dise\u00f1o\/desarrollo curricular; implementaci\u00f3n curricular; pr\u00e1ctica pedag\u00f3gica; trabajo colaborativo; trabajo en cooperaci\u00f3n; investigaci\u00f3n de la pr\u00e1ctica; innovaci\u00f3n\n                      did\u00e1ctica; alfabetizaci\u00f3n; did\u00e1ctica espec\u00edfica de la matem\u00e1tica; did\u00e1ctica espec\u00edfica de las ciencias experimentales; did\u00e1ctica espec\u00edfica de la lengua y multiling\u00fcismo; did\u00e1ctica espec\u00edfica de las ciencias sociales.<\/p>\n                  <\/div>\n                <\/div>\n              <\/div>\n            <\/div>\n          <\/div>\n        <\/div>\n      <\/div>\n    <\/div>\n  <\/div>\n  <div data-colibri-component=\"section\" data-colibri-id=\"3151-c9\" id=\"custom\" class=\"h-section h-section-global-spacing d-flex align-items-lg-center align-items-md-center align-items-center style-777 style-local-3151-c9 position-relative\">\n    <!---->\n    <!---->\n    <div class=\"h-section-grid-container h-section-boxed-container\">\n      <!---->\n      <div data-colibri-id=\"3151-c10\" class=\"h-row-container gutters-row-lg-2 gutters-row-md-2 gutters-row-0 gutters-row-v-lg-2 gutters-row-v-md-2 gutters-row-v-2 style-778 style-local-3151-c10 position-relative\">\n        <!---->\n        <div class=\"h-row justify-content-lg-center justify-content-md-center justify-content-center align-items-lg-stretch align-items-md-stretch align-items-stretch gutters-col-lg-2 gutters-col-md-2 gutters-col-0 gutters-col-v-lg-2 gutters-col-v-md-2 gutters-col-v-2\">\n          <!---->\n          <div class=\"h-column h-column-container d-flex h-col-lg-auto h-col-md-auto h-col-auto style-779-outer style-local-3151-c11-outer\">\n            <div data-colibri-id=\"3151-c11\" class=\"d-flex h-flex-basis h-column__inner h-px-lg-2 h-px-md-2 h-px-2 v-inner-lg-2 v-inner-md-2 v-inner-2 style-779 style-local-3151-c11 position-relative\">\n              <!---->\n              <!---->\n              <div class=\"w-100 h-y-container h-column__content h-column__v-align flex-basis-100 align-self-lg-start align-self-md-start align-self-start\">\n                <!---->\n                <div data-colibri-id=\"3151-c12\" class=\"h-global-transition-all h-heading style-780 style-local-3151-c12 position-relative h-element\">\n                  <!---->\n                  <div class=\"h-heading__outer style-780 style-local-3151-c12\">\n                    <!---->\n                    <!---->\n                    <h4 class=\"\">Objetivos<\/h4>\n                  <\/div>\n                <\/div>\n                <div data-colibri-id=\"3151-c13\" class=\"icon-list d-flex justify-content-lg-start justify-content-md-start justify-content-start style-781 style-local-3151-c13 position-relative h-element\">\n                  <!---->\n                  <ul class=\"ul-list-icon vertical-on-desktop vertical-on-tablet vertical-on-mobile justify-content-lg-start justify-content-md-start justify-content-start\">\n                    <!---->\n                    <li class=\"list-item no-gutters\">\n                      <!---->\n                      <div class=\"list-container-divider d-flex justify-content-lg-start justify-content-md-start justify-content-start first-el-spacer\"><\/div> <span class=\"item-link no-gutters\"><div class=\"d-flex h-col no-gutters align-items-lg-center align-items-md-center align-items-center list-item-text-wrapper\"><div class=\"d-flex\"><span  class=\"h-svg-icon style-781-icon style-local-3151-c13-icon\"><!--Icon by Font Awesome (https:\/\/fontawesome.com)-->\n    <svg version=\"1.1\" xmlns=\"http:\/\/www.w3.org\/2000\/svg\" xmlns:xlink=\"http:\/\/www.w3.org\/1999\/xlink\" id=\"check\" viewBox=\"0 0 1792 1896.0833\">\n      <path d=\"M1671 566q0 40-28 68l-724 724-136 136q-28 28-68 28t-68-28l-136-136-362-362q-28-28-28-68t28-68l136-136q28-28 68-28t68 28l294 295 656-657q28-28 68-28t68 28l136 136q28 28 28 68z\"><\/path>\n    <\/svg><\/span><\/div> <span class=\"list-text d-block\"><span>Promover el desarrollo institucional del curriculum en las etapas obligatorias.<\/span><\/span>\n              <\/div>\n              <\/span>\n              <div class=\"list-container-divider d-flex justify-content-lg-start justify-content-md-start justify-content-start\">\n                <!---->\n              <\/div>\n              <\/li>\n              <li class=\"list-item no-gutters\">\n                <!---->\n                <!----><span class=\"item-link no-gutters\"><div class=\"d-flex h-col no-gutters align-items-lg-center align-items-md-center align-items-center list-item-text-wrapper\"><div class=\"d-flex\"><span  class=\"h-svg-icon style-781-icon style-local-3151-c13-icon\"><!--Icon by Font Awesome (https:\/\/fontawesome.com)-->\n    <svg version=\"1.1\" xmlns=\"http:\/\/www.w3.org\/2000\/svg\" xmlns:xlink=\"http:\/\/www.w3.org\/1999\/xlink\" id=\"check\" viewBox=\"0 0 1792 1896.0833\">\n      <path d=\"M1671 566q0 40-28 68l-724 724-136 136q-28 28-68 28t-68-28l-136-136-362-362q-28-28-28-68t28-68l136-136q28-28 68-28t68 28l294 295 656-657q28-28 68-28t68 28l136 136q28 28 28 68z\"><\/path>\n    <\/svg><\/span><\/div> <span class=\"list-text d-block\"><span>Dise\u00f1ar e implementar el curriculum integrando pr\u00e1cticas pedag\u00f3gicas innovadoras.<\/span><\/span>\n          <\/div>\n          <\/span>\n          <div class=\"list-container-divider d-flex justify-content-lg-start justify-content-md-start justify-content-start\">\n            <!---->\n          <\/div>\n          <\/li>\n          <li class=\"list-item no-gutters\">\n            <!---->\n            <!----><span class=\"item-link no-gutters\"><div class=\"d-flex h-col no-gutters align-items-lg-center align-items-md-center align-items-center list-item-text-wrapper\"><div class=\"d-flex\"><span  class=\"h-svg-icon style-781-icon style-local-3151-c13-icon\"><!--Icon by Font Awesome (https:\/\/fontawesome.com)-->\n    <svg version=\"1.1\" xmlns=\"http:\/\/www.w3.org\/2000\/svg\" xmlns:xlink=\"http:\/\/www.w3.org\/1999\/xlink\" id=\"check\" viewBox=\"0 0 1792 1896.0833\">\n      <path d=\"M1671 566q0 40-28 68l-724 724-136 136q-28 28-68 28t-68-28l-136-136-362-362q-28-28-28-68t28-68l136-136q28-28 68-28t68 28l294 295 656-657q28-28 68-28t68 28l136 136q28 28 28 68z\"><\/path>\n    <\/svg><\/span><\/div> <span class=\"list-text d-block\"><span>Evaluar la implementaci\u00f3n y los efectos de los modelos de desarrollo curricular.<\/span><\/span>\n      <\/div>\n      <\/span>\n      <div class=\"list-container-divider d-flex justify-content-lg-start justify-content-md-start justify-content-start\">\n        <!---->\n      <\/div>\n      <\/li>\n      <li class=\"list-item no-gutters\">\n        <!---->\n        <!----><span class=\"item-link no-gutters\"><div class=\"d-flex h-col no-gutters align-items-lg-center align-items-md-center align-items-center list-item-text-wrapper\"><div class=\"d-flex\"><span  class=\"h-svg-icon style-781-icon style-local-3151-c13-icon\"><!--Icon by Font Awesome (https:\/\/fontawesome.com)-->\n    <svg version=\"1.1\" xmlns=\"http:\/\/www.w3.org\/2000\/svg\" xmlns:xlink=\"http:\/\/www.w3.org\/1999\/xlink\" id=\"check\" viewBox=\"0 0 1792 1896.0833\">\n      <path d=\"M1671 566q0 40-28 68l-724 724-136 136q-28 28-68 28t-68-28l-136-136-362-362q-28-28-28-68t28-68l136-136q28-28 68-28t68 28l294 295 656-657q28-28 68-28t68 28l136 136q28 28 28 68z\"><\/path>\n    <\/svg><\/span><\/div> <span class=\"list-text d-block\"><span>Analizar los procesos de diagn\u00f3stico escolar para la mejora y la innovaci\u00f3n curricular, docente y organizativa.<\/span><\/span>\n  <\/div>\n  <\/span>\n  <div class=\"list-container-divider d-flex justify-content-lg-start justify-content-md-start justify-content-start\">\n    <!---->\n  <\/div>\n  <\/li>\n  <li class=\"list-item no-gutters\">\n    <!---->\n    <!----><span class=\"item-link no-gutters\"><div class=\"d-flex h-col no-gutters align-items-lg-center align-items-md-center align-items-center list-item-text-wrapper\"><div class=\"d-flex\"><span  class=\"h-svg-icon style-781-icon style-local-3151-c13-icon\"><!--Icon by Font Awesome (https:\/\/fontawesome.com)-->\n    <svg version=\"1.1\" xmlns=\"http:\/\/www.w3.org\/2000\/svg\" xmlns:xlink=\"http:\/\/www.w3.org\/1999\/xlink\" id=\"check\" viewBox=\"0 0 1792 1896.0833\">\n      <path d=\"M1671 566q0 40-28 68l-724 724-136 136q-28 28-68 28t-68-28l-136-136-362-362q-28-28-28-68t28-68l136-136q28-28 68-28t68 28l294 295 656-657q28-28 68-28t68 28l136 136q28 28 28 68z\"><\/path>\n    <\/svg><\/span><\/div> <span class=\"list-text d-block\"><span>Dise\u00f1ar y evaluar materiales, estrategias y recursos para el aprendizaje de alfabetizaciones b\u00e1sicas (Ciencias, Matem\u00e1ticas y Lenguaje) en las etapas educativas obligatorias.<\/span><\/span>\n<\/div>\n<\/span>\n<div class=\"list-container-divider d-flex justify-content-lg-start justify-content-md-start justify-content-start\">\n  <!---->\n<\/div>\n<\/li>\n<li class=\"list-item no-gutters\">\n  <!---->\n  <!----><span class=\"item-link no-gutters\"><div class=\"d-flex h-col no-gutters align-items-lg-center align-items-md-center align-items-center list-item-text-wrapper\"><div class=\"d-flex\"><span  class=\"h-svg-icon style-781-icon style-local-3151-c13-icon\"><!--Icon by Font Awesome (https:\/\/fontawesome.com)-->\n    <svg version=\"1.1\" xmlns=\"http:\/\/www.w3.org\/2000\/svg\" xmlns:xlink=\"http:\/\/www.w3.org\/1999\/xlink\" id=\"check\" viewBox=\"0 0 1792 1896.0833\">\n      <path d=\"M1671 566q0 40-28 68l-724 724-136 136q-28 28-68 28t-68-28l-136-136-362-362q-28-28-28-68t28-68l136-136q28-28 68-28t68 28l294 295 656-657q28-28 68-28t68 28l136 136q28 28 28 68z\"><\/path>\n    <\/svg><\/span><\/div> <span class=\"list-text d-block\"><span>Dise\u00f1ar y evaluar materiales, estrategias y recursos para el aprendizaje de las Ciencias Experimentales y las Ciencias Sociales en las etapas educativas obligatorias.<\/span><\/span>\n  <\/div>\n  <\/span>\n  <div class=\"list-container-divider d-flex justify-content-lg-start justify-content-md-start justify-content-start\">\n    <!---->\n  <\/div>\n<\/li>\n<li class=\"list-item no-gutters\">\n  <!---->\n  <!----><span class=\"item-link no-gutters\"><div class=\"d-flex h-col no-gutters align-items-lg-center align-items-md-center align-items-center list-item-text-wrapper\"><div class=\"d-flex\"><span  class=\"h-svg-icon style-781-icon style-local-3151-c13-icon\"><!--Icon by Font Awesome (https:\/\/fontawesome.com)-->\n    <svg version=\"1.1\" xmlns=\"http:\/\/www.w3.org\/2000\/svg\" xmlns:xlink=\"http:\/\/www.w3.org\/1999\/xlink\" id=\"check\" viewBox=\"0 0 1792 1896.0833\">\n      <path d=\"M1671 566q0 40-28 68l-724 724-136 136q-28 28-68 28t-68-28l-136-136-362-362q-28-28-28-68t28-68l136-136q28-28 68-28t68 28l294 295 656-657q28-28 68-28t68 28l136 136q28 28 28 68z\"><\/path>\n    <\/svg><\/span><\/div> <span class=\"list-text d-block\"><span>Dise\u00f1ar programas y m\u00e9todos innovadores de formaci\u00f3n continua para docentes sobre la evaluaci\u00f3n formativa de las alfabetizaciones b\u00e1sicas (Ciencias, Matem\u00e1ticas y Lenguaje) y otras como las Ciencias Experimentales, las Ciencias Sociales o la Lengua extranjera.<\/span><\/span>\n  <\/div>\n  <\/span>\n  <div class=\"list-container-divider d-flex justify-content-lg-start justify-content-md-start justify-content-start\">\n    <!---->\n  <\/div>\n<\/li>\n<li class=\"list-item no-gutters\">\n  <!---->\n  <!----><span class=\"item-link no-gutters\"><div class=\"d-flex h-col no-gutters align-items-lg-center align-items-md-center align-items-center list-item-text-wrapper\"><div class=\"d-flex\"><span  class=\"h-svg-icon style-781-icon style-local-3151-c13-icon\"><!--Icon by Font Awesome (https:\/\/fontawesome.com)-->\n    <svg version=\"1.1\" xmlns=\"http:\/\/www.w3.org\/2000\/svg\" xmlns:xlink=\"http:\/\/www.w3.org\/1999\/xlink\" id=\"check\" viewBox=\"0 0 1792 1896.0833\">\n      <path d=\"M1671 566q0 40-28 68l-724 724-136 136q-28 28-68 28t-68-28l-136-136-362-362q-28-28-28-68t28-68l136-136q28-28 68-28t68 28l294 295 656-657q28-28 68-28t68 28l136 136q28 28 28 68z\"><\/path>\n    <\/svg><\/span><\/div> <span class=\"list-text d-block\"><span>Aplicar y evaluar programas de formaci\u00f3n orientados a la mejora de la evaluaci\u00f3n de la alfabetizaci\u00f3n.<\/span><\/span>\n  <\/div>\n  <\/span>\n  <div class=\"list-container-divider d-flex justify-content-lg-start justify-content-md-start justify-content-start\">\n    <!---->\n  <\/div>\n<\/li>\n<li class=\"list-item no-gutters\">\n  <!---->\n  <!----><span class=\"item-link no-gutters\"><div class=\"d-flex h-col no-gutters align-items-lg-center align-items-md-center align-items-center list-item-text-wrapper\"><div class=\"d-flex\"><span  class=\"h-svg-icon style-781-icon style-local-3151-c13-icon\"><!--Icon by Font Awesome (https:\/\/fontawesome.com)-->\n    <svg version=\"1.1\" xmlns=\"http:\/\/www.w3.org\/2000\/svg\" xmlns:xlink=\"http:\/\/www.w3.org\/1999\/xlink\" id=\"check\" viewBox=\"0 0 1792 1896.0833\">\n      <path d=\"M1671 566q0 40-28 68l-724 724-136 136q-28 28-68 28t-68-28l-136-136-362-362q-28-28-28-68t28-68l136-136q28-28 68-28t68 28l294 295 656-657q28-28 68-28t68 28l136 136q28 28 28 68z\"><\/path>\n    <\/svg><\/span><\/div> <span class=\"list-text d-block\"><span>Elaborar modelos de aprendizaje de la lengua extranjera en sistemas educativos multiling\u00fces.<\/span><\/span>\n  <\/div>\n  <\/span>\n  <div class=\"list-container-divider d-flex justify-content-lg-start justify-content-md-start justify-content-start\">\n    <!---->\n  <\/div>\n<\/li>\n<li class=\"list-item no-gutters\">\n  <!---->\n  <!----><span class=\"item-link no-gutters\"><div class=\"d-flex h-col no-gutters align-items-lg-center align-items-md-center align-items-center list-item-text-wrapper\"><div class=\"d-flex\"><span  class=\"h-svg-icon style-781-icon style-local-3151-c13-icon\"><!--Icon by Font Awesome (https:\/\/fontawesome.com)-->\n    <svg version=\"1.1\" xmlns=\"http:\/\/www.w3.org\/2000\/svg\" xmlns:xlink=\"http:\/\/www.w3.org\/1999\/xlink\" id=\"check\" viewBox=\"0 0 1792 1896.0833\">\n      <path d=\"M1671 566q0 40-28 68l-724 724-136 136q-28 28-68 28t-68-28l-136-136-362-362q-28-28-28-68t28-68l136-136q28-28 68-28t68 28l294 295 656-657q28-28 68-28t68 28l136 136q28 28 28 68z\"><\/path>\n    <\/svg><\/span><\/div> <span class=\"list-text d-block\"><span>Analizar la incidencia del uso de herramientas y aplicaci\u00f3n de programas innovadores de ense\u00f1anza de la lengua extranjera en sistemas multiling\u00fces.<\/span><\/span>\n  <\/div>\n  <\/span>\n  <div class=\"list-container-divider d-flex justify-content-lg-start justify-content-md-start justify-content-start\" style=\"display: none;\">\n    <!---->\n  <\/div>\n  <div class=\"list-container-divider d-flex justify-content-lg-start justify-content-md-start justify-content-start last-el-spacer\"><\/div>\n<\/li>\n<\/ul>\n<\/div>\n<div data-colibri-id=\"3151-c14\" class=\"h-global-transition-all h-heading style-982 style-local-3151-c14 position-relative h-element\">\n  <!---->\n  <div class=\"h-heading__outer style-982 style-local-3151-c14\">\n    <!---->\n    <!---->\n    <h3 class=\"\">Proyectos de investigaci\u00f3n actuales<\/h3>\n  <\/div>\n<\/div>\n<div data-colibri-id=\"3151-c15\" class=\"h-text h-text-component style-985 style-local-3151-c15 position-relative h-element\">\n  <!---->\n  <!---->\n  <div class=\"\">\n    <p>T\u00edtulo: <strong>Formaci\u00f3n del profesorado de ciencias en el enfoque did\u00e1ctico basado en pr\u00e1cticas cient\u00edficas<\/strong><\/p>\n    <ul>\n      <li>IP: Antonio Garc\u00eda Carmona, Universidad de Sevilla<\/li>\n      <li>Entidad financiadora: Agencia Estatal de Investigaci\u00f3n (Ministerio de Ciencia, Innovaci\u00f3n y Universidades)<\/li>\n      <li>Fechas de inicio y final: 1\/9\/23 &#8211; 31\/8\/27<\/li>\n    <\/ul>\n    <p>T\u00edtulo: <strong>Razonamiento proporcional y algebraico en la ense\u00f1anza y aprendizaje de la probabilidad<\/strong><\/p>\n    <ul>\n      <li>IP: Mar\u00eda Burgos, Universidad de Granada<\/li>\n      <li>Entidad financiadora: Ministerio de Ciencia e Innovaci\u00f3n<\/li>\n      <li>Fechas de inicio y final: 1\/9\/23 &#8211; 31\/8\/27<\/li>\n    <\/ul>\n    <p>T\u00edtulo: <strong>Entornos de alfabetizaci\u00f3n multimodal familiar en la infancia. Un an\u00e1lisis interseccional a partir de un proyecto piloto colaborativo<\/strong><\/p>\n    <ul>\n      <li>IPs: Fernando Guzm\u00e1n Sim\u00f3n y Eduardo Garc\u00eda Jim\u00e9nez, Universidad de Sevilla<\/li>\n      <li>Entidad financiadora: Ministerio de Ciencia, Innovaci\u00f3n y Universidades<\/li>\n      <li>Fechas de inicio y final: 1\/9\/24 &#8211; 30\/6\/27<\/li>\n    <\/ul>\n    <p>T\u00edtulo:&nbsp;<strong>Efectos de la aplicaci\u00f3n de un programa de actividades asistidas con perros (AAP) sobre los niveles de estr\u00e9s acad\u00e9mico en estudiantes universitarios<\/strong><\/p>\n    <ul>\n      <li>IPs: Jos\u00e9 Gij\u00f3n Puerta, Universidad de Granada<\/li>\n      <li>Entidad financiadora: Ministerio de Ciencia, Innovaci\u00f3n y Universidades<\/li>\n      <li>Fechas de inicio y final: 1\/9\/21 &#8211; 31\/8\/26<\/li>\n    <\/ul>\n  <\/div>\n<\/div>\n<\/div>\n<\/div>\n<\/div>\n<\/div>\n<\/div>\n<\/div>\n<\/div>\n<\/div>","protected":false},"excerpt":{"rendered":"<p>L\u00ednea de investigaci\u00f3n \u00b7 IEDU Aprendizaje, curriculum e innovaci\u00f3n educativa Coordinan:&nbsp;Francisco Gonz\u00e1lez Garc\u00eda y Alejandra Pacheco Costa. Palabras clave: Desarrollo institucional del curriculum; dise\u00f1o\/desarrollo curricular; implementaci\u00f3n curricular; pr\u00e1ctica pedag\u00f3gica; trabajo colaborativo; trabajo en cooperaci\u00f3n; investigaci\u00f3n de la pr\u00e1ctica; innovaci\u00f3n did\u00e1ctica; alfabetizaci\u00f3n; did\u00e1ctica espec\u00edfica de la matem\u00e1tica; did\u00e1ctica espec\u00edfica de las ciencias experimentales; did\u00e1ctica espec\u00edfica de [&hellip;]<\/p>\n","protected":false},"author":1,"featured_media":0,"parent":0,"menu_order":0,"comment_status":"closed","ping_status":"closed","template":"page-templates\/full-width-page.php","meta":{"_acf_changed":false,"footnotes":""},"class_list":["post-3151","page","type-page","status-publish","hentry"],"acf":[],"_links":{"self":[{"href":"https:\/\/institucional.us.es\/ieduca\/wp-json\/wp\/v2\/pages\/3151","targetHints":{"allow":["GET"]}}],"collection":[{"href":"https:\/\/institucional.us.es\/ieduca\/wp-json\/wp\/v2\/pages"}],"about":[{"href":"https:\/\/institucional.us.es\/ieduca\/wp-json\/wp\/v2\/types\/page"}],"author":[{"embeddable":true,"href":"https:\/\/institucional.us.es\/ieduca\/wp-json\/wp\/v2\/users\/1"}],"replies":[{"embeddable":true,"href":"https:\/\/institucional.us.es\/ieduca\/wp-json\/wp\/v2\/comments?post=3151"}],"version-history":[{"count":19,"href":"https:\/\/institucional.us.es\/ieduca\/wp-json\/wp\/v2\/pages\/3151\/revisions"}],"predecessor-version":[{"id":4259,"href":"https:\/\/institucional.us.es\/ieduca\/wp-json\/wp\/v2\/pages\/3151\/revisions\/4259"}],"wp:attachment":[{"href":"https:\/\/institucional.us.es\/ieduca\/wp-json\/wp\/v2\/media?parent=3151"}],"curies":[{"name":"wp","href":"https:\/\/api.w.org\/{rel}","templated":true}]}}