{"id":3249,"date":"2025-04-06T12:12:21","date_gmt":"2025-04-06T10:12:21","guid":{"rendered":"https:\/\/institucional.us.es\/ieduca\/?page_id=3249"},"modified":"2025-07-01T10:21:16","modified_gmt":"2025-07-01T08:21:16","slug":"estudios-de-las-mujeres-y-de-genero-en-educacion","status":"publish","type":"page","link":"https:\/\/institucional.us.es\/ieduca\/estudios-de-las-mujeres-y-de-genero-en-educacion\/","title":{"rendered":"Estudios de las mujeres y de g\u00e9nero en educaci\u00f3n"},"content":{"rendered":"<div data-colibri-id=\"3249-c1\" class=\"style-808 style-local-3249-c1 position-relative\">\n  <!---->\n  <div data-colibri-component=\"section\" data-colibri-id=\"3249-c2\" id=\"about\" class=\"h-section h-section-global-spacing d-flex align-items-lg-center align-items-md-center align-items-center style-809 style-local-3249-c2 position-relative\">\n    <!---->\n    <!---->\n    <div class=\"h-section-grid-container h-section-boxed-container\">\n      <!---->\n      <div data-colibri-id=\"3249-c3\" class=\"h-row-container gutters-row-lg-0 gutters-row-md-0 gutters-row-0 gutters-row-v-lg-0 gutters-row-v-md-0 gutters-row-v-0 style-810 style-local-3249-c3 position-relative\">\n        <!---->\n        <div class=\"h-row justify-content-lg-center justify-content-md-center justify-content-center align-items-lg-stretch align-items-md-stretch align-items-stretch gutters-col-lg-0 gutters-col-md-0 gutters-col-0 gutters-col-v-lg-0 gutters-col-v-md-0 gutters-col-v-0\">\n          <!---->\n          <div class=\"h-column h-column-container d-flex h-col-lg-auto h-col-md-auto h-col-auto style-811-outer style-local-3249-c4-outer\">\n            <div data-colibri-id=\"3249-c4\" class=\"d-flex h-flex-basis h-column__inner h-ui-empty-state-container h-px-lg-0 h-px-md-0 h-px-0 v-inner-lg-0 v-inner-md-0 v-inner-0 style-811 style-local-3249-c4 position-relative\">\n              <!---->\n              <!---->\n              <div class=\"w-100 h-y-container h-column__content h-column__v-align flex-basis-100\">\n                <!---->\n              <\/div>\n            <\/div>\n          <\/div>\n          <div class=\"h-column h-column-container d-flex h-col-lg-auto h-col-md-auto h-col-auto style-812-outer style-local-3249-c5-outer\">\n            <div data-colibri-id=\"3249-c5\" class=\"d-flex h-flex-basis h-column__inner h-px-lg-2 h-px-md-2 h-px-2 v-inner-lg-2 v-inner-md-2 v-inner-2 style-812 style-local-3249-c5 position-relative\">\n              <!---->\n              <!---->\n              <div class=\"w-100 h-y-container h-column__content h-column__v-align flex-basis-100 align-self-lg-start align-self-md-start align-self-start\">\n                <!---->\n                <div data-colibri-id=\"3249-c6\" class=\"h-global-transition-all h-heading style-813 style-local-3249-c6 position-relative h-element\">\n                  <!---->\n                  <div class=\"h-heading__outer style-813 style-local-3249-c6\">\n                    <!---->\n                    <!---->\n                    <h5 class=\"\">L\u00ednea de investigaci\u00f3n \u00b7 IEDU<\/h5>\n                  <\/div>\n                <\/div>\n                <div data-colibri-id=\"3249-c7\" class=\"h-global-transition-all h-heading style-814 style-local-3249-c7 position-relative h-element\">\n                  <!---->\n                  <div class=\"h-heading__outer style-814 style-local-3249-c7\">\n                    <!---->\n                    <!---->\n                    <h2 class=\"\">Estudios de las mujeres y de g\u00e9nero en educaci\u00f3n<\/h2>\n                  <\/div>\n                <\/div>\n                <div data-colibri-id=\"3249-c8\" class=\"h-text h-text-component style-815 style-local-3249-c8 position-relative h-element\">\n                  <!---->\n                  <!---->\n                  <div class=\"\">\n                    <p><strong>Coordinan:<\/strong>&nbsp;\u00c1ngeles Rebollo Catal\u00e1n (Universidad de Sevilla y Mercedes Cuevas L\u00f3pez (Universidad de Granada).&nbsp;<\/p>\n                    <p><strong>Palabras clave<\/strong>: G\u00e9nero (en) igualdad en la educaci\u00f3n; coeducaci\u00f3n; formaci\u00f3n docente y desarrollo profesional para la ense\u00f1anza sensible al g\u00e9nero; elecciones educativas de g\u00e9nero; pol\u00edtica sobre la igualdad de g\u00e9nero\n                      en la educaci\u00f3n.<\/p>\n                  <\/div>\n                <\/div>\n              <\/div>\n            <\/div>\n          <\/div>\n        <\/div>\n      <\/div>\n    <\/div>\n  <\/div>\n  <div data-colibri-component=\"section\" data-colibri-id=\"3249-c9\" id=\"custom\" class=\"h-section h-section-global-spacing d-flex align-items-lg-center align-items-md-center align-items-center style-816 style-local-3249-c9 position-relative\">\n    <!---->\n    <!---->\n    <div class=\"h-section-grid-container h-section-boxed-container\">\n      <!---->\n      <div data-colibri-id=\"3249-c10\" class=\"h-row-container gutters-row-lg-2 gutters-row-md-2 gutters-row-0 gutters-row-v-lg-2 gutters-row-v-md-2 gutters-row-v-2 style-817 style-local-3249-c10 position-relative\">\n        <!---->\n        <div class=\"h-row justify-content-lg-center justify-content-md-center justify-content-center align-items-lg-stretch align-items-md-stretch align-items-stretch gutters-col-lg-2 gutters-col-md-2 gutters-col-0 gutters-col-v-lg-2 gutters-col-v-md-2 gutters-col-v-2\">\n          <!---->\n          <div class=\"h-column h-column-container d-flex h-col-lg-auto h-col-md-auto h-col-auto style-818-outer style-local-3249-c11-outer\">\n            <div data-colibri-id=\"3249-c11\" class=\"d-flex h-flex-basis h-column__inner h-px-lg-2 h-px-md-2 h-px-2 v-inner-lg-2 v-inner-md-2 v-inner-2 style-818 style-local-3249-c11 position-relative\">\n              <!---->\n              <!---->\n              <div class=\"w-100 h-y-container h-column__content h-column__v-align flex-basis-100 align-self-lg-start align-self-md-start align-self-start\">\n                <!---->\n                <div data-colibri-id=\"3249-c12\" class=\"h-global-transition-all h-heading style-819 style-local-3249-c12 position-relative h-element\">\n                  <!---->\n                  <div class=\"h-heading__outer style-819 style-local-3249-c12\">\n                    <!---->\n                    <!---->\n                    <h4 class=\"\">Objetivos<\/h4>\n                  <\/div>\n                <\/div>\n                <div data-colibri-id=\"3249-c13\" class=\"icon-list d-flex justify-content-lg-start justify-content-md-start justify-content-start style-820 style-local-3249-c13 position-relative h-element\">\n                  <!---->\n                  <ul class=\"ul-list-icon vertical-on-desktop vertical-on-tablet vertical-on-mobile justify-content-lg-start justify-content-md-start justify-content-start\">\n                    <!---->\n                    <li class=\"list-item no-gutters\">\n                      <!---->\n                      <div class=\"list-container-divider d-flex justify-content-lg-start justify-content-md-start justify-content-start first-el-spacer\"><\/div> <span class=\"item-link no-gutters\"><div class=\"d-flex h-col no-gutters align-items-lg-center align-items-md-center align-items-center list-item-text-wrapper\"><div class=\"d-flex\"><span  class=\"h-svg-icon style-820-icon style-local-3249-c13-icon\"><!--Icon by Font Awesome (https:\/\/fontawesome.com)-->\n    <svg version=\"1.1\" xmlns=\"http:\/\/www.w3.org\/2000\/svg\" xmlns:xlink=\"http:\/\/www.w3.org\/1999\/xlink\" id=\"check\" viewBox=\"0 0 1792 1896.0833\">\n      <path d=\"M1671 566q0 40-28 68l-724 724-136 136q-28 28-68 28t-68-28l-136-136-362-362q-28-28-28-68t28-68l136-136q28-28 68-28t68 28l294 295 656-657q28-28 68-28t68 28l136 136q28 28 28 68z\"><\/path>\n    <\/svg><\/span><\/div> <span class=\"list-text d-block\"><span>Impulsar una investigaci\u00f3n cient\u00edfica de calidad en el \u00e1rea de estudios de g\u00e9nero.<\/span><\/span>\n              <\/div>\n              <\/span>\n              <div class=\"list-container-divider d-flex justify-content-lg-start justify-content-md-start justify-content-start\">\n                <!---->\n              <\/div>\n              <\/li>\n              <li class=\"list-item no-gutters\">\n                <!---->\n                <!----><span class=\"item-link no-gutters\"><div class=\"d-flex h-col no-gutters align-items-lg-center align-items-md-center align-items-center list-item-text-wrapper\"><div class=\"d-flex\"><span  class=\"h-svg-icon style-820-icon style-local-3249-c13-icon\"><!--Icon by Font Awesome (https:\/\/fontawesome.com)-->\n    <svg version=\"1.1\" xmlns=\"http:\/\/www.w3.org\/2000\/svg\" xmlns:xlink=\"http:\/\/www.w3.org\/1999\/xlink\" id=\"check\" viewBox=\"0 0 1792 1896.0833\">\n      <path d=\"M1671 566q0 40-28 68l-724 724-136 136q-28 28-68 28t-68-28l-136-136-362-362q-28-28-28-68t28-68l136-136q28-28 68-28t68 28l294 295 656-657q28-28 68-28t68 28l136 136q28 28 28 68z\"><\/path>\n    <\/svg><\/span><\/div> <span class=\"list-text d-block\"><span>Fomentar y transversalizar la formaci\u00f3n en perspectiva de g\u00e9nero en Grados y Postgrados.<\/span><\/span>\n          <\/div>\n          <\/span>\n          <div class=\"list-container-divider d-flex justify-content-lg-start justify-content-md-start justify-content-start\">\n            <!---->\n          <\/div>\n          <\/li>\n          <li class=\"list-item no-gutters\">\n            <!---->\n            <!----><span class=\"item-link no-gutters\"><div class=\"d-flex h-col no-gutters align-items-lg-center align-items-md-center align-items-center list-item-text-wrapper\"><div class=\"d-flex\"><span  class=\"h-svg-icon style-820-icon style-local-3249-c13-icon\"><!--Icon by Font Awesome (https:\/\/fontawesome.com)-->\n    <svg version=\"1.1\" xmlns=\"http:\/\/www.w3.org\/2000\/svg\" xmlns:xlink=\"http:\/\/www.w3.org\/1999\/xlink\" id=\"check\" viewBox=\"0 0 1792 1896.0833\">\n      <path d=\"M1671 566q0 40-28 68l-724 724-136 136q-28 28-68 28t-68-28l-136-136-362-362q-28-28-28-68t28-68l136-136q28-28 68-28t68 28l294 295 656-657q28-28 68-28t68 28l136 136q28 28 28 68z\"><\/path>\n    <\/svg><\/span><\/div> <span class=\"list-text d-block\"><span>Contribuir a la difusi\u00f3n de publicaciones de impacto para la divulgaci\u00f3n del conocimiento producido por el \u00e1rea de estudios de g\u00e9nero.<\/span><\/span>\n      <\/div>\n      <\/span>\n      <div class=\"list-container-divider d-flex justify-content-lg-start justify-content-md-start justify-content-start\">\n        <!---->\n      <\/div>\n      <\/li>\n      <li class=\"list-item no-gutters\">\n        <!---->\n        <!----><span class=\"item-link no-gutters\"><div class=\"d-flex h-col no-gutters align-items-lg-center align-items-md-center align-items-center list-item-text-wrapper\"><div class=\"d-flex\"><span  class=\"h-svg-icon style-820-icon style-local-3249-c13-icon\"><!--Icon by Font Awesome (https:\/\/fontawesome.com)-->\n    <svg version=\"1.1\" xmlns=\"http:\/\/www.w3.org\/2000\/svg\" xmlns:xlink=\"http:\/\/www.w3.org\/1999\/xlink\" id=\"check\" viewBox=\"0 0 1792 1896.0833\">\n      <path d=\"M1671 566q0 40-28 68l-724 724-136 136q-28 28-68 28t-68-28l-136-136-362-362q-28-28-28-68t28-68l136-136q28-28 68-28t68 28l294 295 656-657q28-28 68-28t68 28l136 136q28 28 28 68z\"><\/path>\n    <\/svg><\/span><\/div> <span class=\"list-text d-block\"><span>Crear y colaborar con redes que permitan internacionalizar la actividad del \u00e1rea de investigaci\u00f3n en estudios de g\u00e9nero.<\/span><\/span>\n  <\/div>\n  <\/span>\n  <div class=\"list-container-divider d-flex justify-content-lg-start justify-content-md-start justify-content-start\">\n    <!---->\n  <\/div>\n  <\/li>\n  <li class=\"list-item no-gutters\">\n    <!---->\n    <!----><span class=\"item-link no-gutters\"><div class=\"d-flex h-col no-gutters align-items-lg-center align-items-md-center align-items-center list-item-text-wrapper\"><div class=\"d-flex\"><span  class=\"h-svg-icon style-820-icon style-local-3249-c13-icon\"><!--Icon by Font Awesome (https:\/\/fontawesome.com)-->\n    <svg version=\"1.1\" xmlns=\"http:\/\/www.w3.org\/2000\/svg\" xmlns:xlink=\"http:\/\/www.w3.org\/1999\/xlink\" id=\"check\" viewBox=\"0 0 1792 1896.0833\">\n      <path d=\"M1671 566q0 40-28 68l-724 724-136 136q-28 28-68 28t-68-28l-136-136-362-362q-28-28-28-68t28-68l136-136q28-28 68-28t68 28l294 295 656-657q28-28 68-28t68 28l136 136q28 28 28 68z\"><\/path>\n    <\/svg><\/span><\/div> <span class=\"list-text d-block\"><span>Ofrecer asesoramiento t\u00e9cnico especializado en materia de g\u00e9nero a instituciones p\u00fablicas y privadas y, de manera especial a las agencias encargadas de la evaluaci\u00f3n de la formaci\u00f3n, la docencia y la investigaci\u00f3n (AGAE, ANECA, CNEAI, ANEP).<\/span><\/span>\n<\/div>\n<\/span>\n<div class=\"list-container-divider d-flex justify-content-lg-start justify-content-md-start justify-content-start\" style=\"display: none;\">\n  <!---->\n<\/div>\n<div class=\"list-container-divider d-flex justify-content-lg-start justify-content-md-start justify-content-start last-el-spacer\"><\/div>\n<\/li>\n<\/ul>\n<\/div>\n<div data-colibri-id=\"3249-c14\" class=\"h-global-transition-all h-heading style-1001 style-local-3249-c14 position-relative h-element\">\n  <!---->\n  <div class=\"h-heading__outer style-1001 style-local-3249-c14\">\n    <!---->\n    <!---->\n    <h3 class=\"\">Proyectos de investigaci\u00f3n actuales<\/h3>\n  <\/div>\n<\/div>\n<div data-colibri-id=\"3249-c15\" class=\"h-text h-text-component style-1004 style-local-3249-c15 position-relative h-element\">\n  <!---->\n  <!---->\n  <div class=\"\">\n    <p>T\u00edtulo: <strong>Alfabetizaci\u00f3n cr\u00edtica feminista en la formaci\u00f3n inicial docente para abordar los discursos multimodales de la cultura medi\u00e1tica y el metaverso<\/strong><\/p>\n    <ul>\n      <li>IP: Roc\u00edo Jim\u00e9nez Cort\u00e9s, Universidad de Sevilla<\/li>\n      <li>Entidad financiadora: Ministerio de Ciencia, Innovaci\u00f3n y Universidades<\/li>\n      <li>Fechas de inicio y final: 1\/9\/2023-30\/9\/2027<\/li>\n    <\/ul>\n    <p>T\u00edtulo: <strong style=\"font-size: 16px; font-family: &quot;Open Sans&quot;; color: rgb(85, 85, 85);\">Inclusi\u00f3n laboral femenina en las profesionales STEAM: an\u00e1lisis de los discursos sobre las mujeres en el \u00e1mbito STEAM en la manual\u00edstica escolar de la Espa\u00f1a democr\u00e1tica. fabetizaci\u00f3n<\/strong><\/p>\n    <ul>\n      <li>IP: Virginia Guichot Reina, Universidad de Sevilla<\/li>\n      <li>Entidad financiadora: Ministerio de Ciencia, Innovaci\u00f3n y Universidades<\/li>\n      <li>Fechas de inicio y final: 1\/9\/2024-31\/8\/2027<\/li>\n    <\/ul>\n    <p>T\u00edtulo:&nbsp;<strong style=\"color: rgb(85, 85, 85); font-family: &quot;Open Sans&quot;; font-size: 16px;\">Hacia un curriculum sensible al g\u00e9nero en la formaci\u00f3n inicial del profesorado<\/strong><\/p>\n    <ul>\n      <li>IP: \u00c1ngeles Rebollo Catal\u00e1n, Universidad de Sevilla<\/li>\n      <li>Entidad financiadora: Ministerio de Ciencia, Innovaci\u00f3n y Universidades<\/li>\n      <li>Fechas de inicio y final: 1\/9\/2022-31\/8\/2026<\/li>\n    <\/ul>\n    <p>\n      <br>\n    <\/p>\n  <\/div>\n<\/div>\n<\/div>\n<\/div>\n<\/div>\n<\/div>\n<\/div>\n<\/div>\n<\/div>\n<\/div>","protected":false},"excerpt":{"rendered":"<p>L\u00ednea de investigaci\u00f3n \u00b7 IEDU Estudios de las mujeres y de g\u00e9nero en educaci\u00f3n Coordinan:&nbsp;\u00c1ngeles Rebollo Catal\u00e1n (Universidad de Sevilla y Mercedes Cuevas L\u00f3pez (Universidad de Granada).&nbsp; Palabras clave: G\u00e9nero (en) igualdad en la educaci\u00f3n; coeducaci\u00f3n; formaci\u00f3n docente y desarrollo profesional para la ense\u00f1anza sensible al g\u00e9nero; elecciones educativas de g\u00e9nero; pol\u00edtica sobre la igualdad [&hellip;]<\/p>\n","protected":false},"author":1,"featured_media":0,"parent":0,"menu_order":0,"comment_status":"closed","ping_status":"closed","template":"page-templates\/full-width-page.php","meta":{"_acf_changed":false,"footnotes":""},"class_list":["post-3249","page","type-page","status-publish","hentry"],"acf":[],"_links":{"self":[{"href":"https:\/\/institucional.us.es\/ieduca\/wp-json\/wp\/v2\/pages\/3249","targetHints":{"allow":["GET"]}}],"collection":[{"href":"https:\/\/institucional.us.es\/ieduca\/wp-json\/wp\/v2\/pages"}],"about":[{"href":"https:\/\/institucional.us.es\/ieduca\/wp-json\/wp\/v2\/types\/page"}],"author":[{"embeddable":true,"href":"https:\/\/institucional.us.es\/ieduca\/wp-json\/wp\/v2\/users\/1"}],"replies":[{"embeddable":true,"href":"https:\/\/institucional.us.es\/ieduca\/wp-json\/wp\/v2\/comments?post=3249"}],"version-history":[{"count":11,"href":"https:\/\/institucional.us.es\/ieduca\/wp-json\/wp\/v2\/pages\/3249\/revisions"}],"predecessor-version":[{"id":3996,"href":"https:\/\/institucional.us.es\/ieduca\/wp-json\/wp\/v2\/pages\/3249\/revisions\/3996"}],"wp:attachment":[{"href":"https:\/\/institucional.us.es\/ieduca\/wp-json\/wp\/v2\/media?parent=3249"}],"curies":[{"name":"wp","href":"https:\/\/api.w.org\/{rel}","templated":true}]}}