{"id":18,"date":"2026-03-17T12:02:39","date_gmt":"2026-03-17T11:02:39","guid":{"rendered":"http:\/\/newlabdicole.local\/?page_id=18"},"modified":"2026-03-19T11:35:25","modified_gmt":"2026-03-19T10:35:25","slug":"conocenos","status":"publish","type":"page","link":"https:\/\/institucional.us.es\/newlabdicole\/","title":{"rendered":"Con\u00f3cenos"},"content":{"rendered":"\n<p class=\"has-text-align-center\">Si est\u00e1s interesado\/a en saber nuestros \u00e1mbitos de actuaci\u00f3n en el Laboratorio de Diversidad, Cognici\u00f3n y Lenguaje, visiona este video para conocer a los miembros del equipo que conforman dicho grupo, as\u00ed como nuestras l\u00edneas de investigaci\u00f3n.<\/p>\n\n\n\n<p class=\"has-text-align-center\"><\/p>\n\n\n\n<figure class=\"wp-block-embed is-type-video is-provider-youtube wp-block-embed-youtube wp-embed-aspect-16-9 wp-has-aspect-ratio\"><div class=\"wp-block-embed__wrapper\">\n<iframe loading=\"lazy\" title=\"LABDICOLE. V\u00eddeo de presentaci\u00f3n.\" width=\"960\" height=\"540\" src=\"https:\/\/www.youtube.com\/embed\/vqwOcYlF5oo?feature=oembed\" frameborder=\"0\" allow=\"accelerometer; autoplay; clipboard-write; encrypted-media; gyroscope; picture-in-picture; web-share\" referrerpolicy=\"strict-origin-when-cross-origin\" allowfullscreen><\/iframe>\n<\/div><\/figure>\n\n\n\n<div class=\"wp-block-buttons is-content-justification-center is-layout-flex wp-container-core-buttons-is-layout-16018d1d wp-block-buttons-is-layout-flex\">\n<div class=\"wp-block-button is-style-outline is-style-outline--1\"><a class=\"wp-block-button__link wp-element-button\" href=\"https:\/\/youtube.com\/@laboratoriodediversidadcog7231?si=rWMdWVjrk-48MN0A\" target=\"_blank\" rel=\"noreferrer noopener\">M\u00e1s en nuestro canal de YouTube<\/a><\/div>\n<\/div>\n\n\n\n<p><\/p>\n","protected":false},"excerpt":{"rendered":"<p>Si est\u00e1s interesado\/a en saber nuestros \u00e1mbitos de actuaci\u00f3n en el Laboratorio de Diversidad, Cognici\u00f3n y Lenguaje, visiona este video para conocer a los miembros del equipo que conforman dicho grupo, as\u00ed como nuestras l\u00edneas de investigaci\u00f3n.<\/p>\n","protected":false},"author":1,"featured_media":0,"parent":0,"menu_order":0,"comment_status":"closed","ping_status":"closed","template":"","meta":{"_mc_calendar":[],"footnotes":""},"class_list":["post-18","page","type-page","status-publish","hentry"],"_links":{"self":[{"href":"https:\/\/institucional.us.es\/newlabdicole\/wp-json\/wp\/v2\/pages\/18","targetHints":{"allow":["GET"]}}],"collection":[{"href":"https:\/\/institucional.us.es\/newlabdicole\/wp-json\/wp\/v2\/pages"}],"about":[{"href":"https:\/\/institucional.us.es\/newlabdicole\/wp-json\/wp\/v2\/types\/page"}],"author":[{"embeddable":true,"href":"https:\/\/institucional.us.es\/newlabdicole\/wp-json\/wp\/v2\/users\/1"}],"replies":[{"embeddable":true,"href":"https:\/\/institucional.us.es\/newlabdicole\/wp-json\/wp\/v2\/comments?post=18"}],"version-history":[{"count":13,"href":"https:\/\/institucional.us.es\/newlabdicole\/wp-json\/wp\/v2\/pages\/18\/revisions"}],"predecessor-version":[{"id":257,"href":"https:\/\/institucional.us.es\/newlabdicole\/wp-json\/wp\/v2\/pages\/18\/revisions\/257"}],"wp:attachment":[{"href":"https:\/\/institucional.us.es\/newlabdicole\/wp-json\/wp\/v2\/media?parent=18"}],"curies":[{"name":"wp","href":"https:\/\/api.w.org\/{rel}","templated":true}]}}