{"id":237,"date":"2026-03-19T11:00:19","date_gmt":"2026-03-19T10:00:19","guid":{"rendered":"https:\/\/institucional.us.es\/newlabdicole\/?page_id=237"},"modified":"2026-03-19T11:06:02","modified_gmt":"2026-03-19T10:06:02","slug":"catedra-autismo","status":"publish","type":"page","link":"https:\/\/institucional.us.es\/newlabdicole\/catedra-autismo\/","title":{"rendered":"C\u00e1tedra Autismo"},"content":{"rendered":"<div class=\"wp-block-image\">\n<figure class=\"alignleft is-resized\"><img loading=\"lazy\" decoding=\"async\" width=\"768\" height=\"85\" src=\"https:\/\/institucional.us.es\/newlabdicole\/wp-content\/uploads\/2026\/03\/logocatedra-768x85-1.png\" alt=\"\" class=\"wp-image-226\" style=\"width:398px;height:auto\" srcset=\"https:\/\/institucional.us.es\/newlabdicole\/wp-content\/uploads\/2026\/03\/logocatedra-768x85-1.png 768w, https:\/\/institucional.us.es\/newlabdicole\/wp-content\/uploads\/2026\/03\/logocatedra-768x85-1-300x33.png 300w\" sizes=\"auto, (max-width: 768px) 100vw, 768px\" \/><\/figure>\n<\/div>\n\n<div class=\"wp-block-image\">\n<figure class=\"alignleft is-resized\"><img decoding=\"async\" src=\"https:\/\/institucional.us.es\/newlabdicole\/wp-content\/uploads\/2026\/03\/1200px-Befesa-Logo.svg_-300x80-1.png\" alt=\"\" class=\"wp-image-228\" style=\"aspect-ratio:3.750206327372765;width:164px;height:auto\"\/><\/figure>\n<\/div>\n\n\n<figure class=\"wp-block-image size-full\"><img decoding=\"async\" src=\"https:\/\/institucional.us.es\/newlabdicole\/wp-content\/uploads\/2026\/03\/konecta-300x80-1-e1773914522340.png\" alt=\"\" class=\"wp-image-229\"\/><\/figure>\n\n\n\n<p id=\"block-5b3337e8-504c-47eb-b243-82518af4aadf\">La C\u00e1tedra de Autismo de la Universidad de Sevilla&nbsp;tiene por objetivo fundamental la promoci\u00f3n de actividades docentes y de investigaci\u00f3n interdisciplinar vinculada a los trastornos del espectro del autismo. Dentro de este \u00e1mbito se establecen los siguientes objetivos generales:<\/p>\n\n\n\n<ul id=\"block-4c4b8f5f-44a1-436c-90ab-f207120ecc6e\" class=\"wp-block-list\">\n<li>El impulso a actividades de I+D+i, que aborden las necesidades identificadas desde las personas con autismo y sus familias y orientadas a lograr un impacto relevante y significativo en su calidad de vida.<\/li>\n\n\n\n<li>La promoci\u00f3n de actividades y cursos de formaci\u00f3n en el seno de la Universidad de Sevilla para la mejora de la capacitaci\u00f3n del alumnado en este campo.<\/li>\n\n\n\n<li>La organizaci\u00f3n de foros de encuentro entre personas del mundo acad\u00e9mico, de las instituciones p\u00fablicas y privadas, empresas, el sector asociativo, estudiantes y\/o cualesquiera otras personas o entidades directa o indirectamente relacionadas con el autismo.<\/li>\n\n\n\n<li>El asesoramiento y apoyo a la Universidad de Sevilla en la atenci\u00f3n al alumnado con autismo, as\u00ed como facilitar su acceso a la educaci\u00f3n superior y su salida hacia el mercado laboral.<\/li>\n<\/ul>\n\n\n\n<p id=\"block-fef3c884-0662-4c45-a4f1-110e25513044\">Esta C\u00e1tedra se encuentra vinculada&nbsp;a nuestro grupo de investigaci\u00f3n,&nbsp;y est\u00e1 auspiciada por Autismo Sevilla y financiada por Fundaci\u00f3n Konecta y BEFESA.<\/p>\n\n\n\n<p id=\"block-884e521c-d3f9-45c2-9f42-8ac57da56f1b\">Para m\u00e1s informaci\u00f3n, pod\u00e9is visitar la p\u00e1gina web:&nbsp;<a href=\"https:\/\/catedra.us.es\/catedraautismo\/\">https:\/\/catedra.us.es\/catedraautismo\/&nbsp;<\/a><\/p>\n","protected":false},"excerpt":{"rendered":"<p>La C\u00e1tedra de Autismo de la Universidad de Sevilla&nbsp;tiene por objetivo fundamental la promoci\u00f3n de actividades docentes y de investigaci\u00f3n interdisciplinar vinculada a los trastornos del espectro del autismo. Dentro de este \u00e1mbito se establecen los siguientes objetivos generales: Esta C\u00e1tedra se encuentra vinculada&nbsp;a nuestro grupo de investigaci\u00f3n,&nbsp;y est\u00e1 auspiciada por Autismo Sevilla y financiada por Fundaci\u00f3n Konecta y BEFESA. Para m\u00e1s informaci\u00f3n, pod\u00e9is visitar la p\u00e1gina web:&nbsp;https:\/\/catedra.us.es\/catedraautismo\/&nbsp;<\/p>\n","protected":false},"author":1,"featured_media":0,"parent":0,"menu_order":0,"comment_status":"closed","ping_status":"closed","template":"","meta":{"_mc_calendar":[],"footnotes":""},"class_list":["post-237","page","type-page","status-publish","hentry"],"_links":{"self":[{"href":"https:\/\/institucional.us.es\/newlabdicole\/wp-json\/wp\/v2\/pages\/237","targetHints":{"allow":["GET"]}}],"collection":[{"href":"https:\/\/institucional.us.es\/newlabdicole\/wp-json\/wp\/v2\/pages"}],"about":[{"href":"https:\/\/institucional.us.es\/newlabdicole\/wp-json\/wp\/v2\/types\/page"}],"author":[{"embeddable":true,"href":"https:\/\/institucional.us.es\/newlabdicole\/wp-json\/wp\/v2\/users\/1"}],"replies":[{"embeddable":true,"href":"https:\/\/institucional.us.es\/newlabdicole\/wp-json\/wp\/v2\/comments?post=237"}],"version-history":[{"count":3,"href":"https:\/\/institucional.us.es\/newlabdicole\/wp-json\/wp\/v2\/pages\/237\/revisions"}],"predecessor-version":[{"id":244,"href":"https:\/\/institucional.us.es\/newlabdicole\/wp-json\/wp\/v2\/pages\/237\/revisions\/244"}],"wp:attachment":[{"href":"https:\/\/institucional.us.es\/newlabdicole\/wp-json\/wp\/v2\/media?parent=237"}],"curies":[{"name":"wp","href":"https:\/\/api.w.org\/{rel}","templated":true}]}}