{"id":19,"date":"2024-10-24T12:51:14","date_gmt":"2024-10-24T10:51:14","guid":{"rendered":"http:\/\/institucional.us.es\/nextrom\/?page_id=19"},"modified":"2024-11-06T19:32:00","modified_gmt":"2024-11-06T18:32:00","slug":"quienes-somos","status":"publish","type":"page","link":"https:\/\/institucional.us.es\/nextrom\/quienes-somos\/","title":{"rendered":"Qui\u00e9nes somos"},"content":{"rendered":"\n<div class=\"wp-block-columns is-layout-flex wp-container-core-columns-is-layout-1 wp-block-columns-is-layout-flex\">\n<div class=\"wp-block-column is-layout-flow wp-block-column-is-layout-flow\" style=\"flex-basis:33.33%\">\n<figure class=\"wp-block-image size-full is-resized\"><img loading=\"lazy\" decoding=\"async\" width=\"382\" height=\"272\" src=\"http:\/\/institucional.us.es\/nextrom\/wp-content\/uploads\/2024\/11\/cespydUS.jpg\" alt=\"\" class=\"wp-image-177\" style=\"width:277px;height:auto\"\/><\/figure>\n<\/div>\n\n\n\n<div class=\"wp-block-column is-layout-flow wp-block-column-is-layout-flow\" style=\"flex-basis:66.66%\">\n<div class=\"wp-block-uagb-advanced-heading uagb-block-79d38d71\"><h2 class=\"uagb-heading-text\">UNIVERSIDAD DE SEVILLA<br>Centro de investigaci\u00f3n y acci\u00f3n comunitaria<\/h2><\/div>\n\n\n\n<ul class=\"wp-block-list\">\n<li><a href=\"https:\/\/investigacion.us.es\/sisius\/sis_showpub.php?idpers=1228\">Manuel Garc\u00eda Ram\u00edrez<\/a> (Investigador Principal 1) (magarcia@us.es)<\/li>\n\n\n\n<li><a href=\"https:\/\/investigacion.us.es\/sisius\/sis_showpub.php?idpers=13882\">Virginia Paloma Castro<\/a> (Investigadora Principal 2) (vpaloma@us.es)<\/li>\n\n\n\n<li><a href=\"https:\/\/investigacion.us.es\/sisius\/sis_showpub.php?idpers=3940\">Isabel Mar\u00eda Herrera S\u00e1nchez<\/a>&nbsp;(alta: 19\/07\/2024)<\/li>\n\n\n\n<li><a href=\"https:\/\/investigacion.us.es\/sisius\/sis_showpub.php?idpers=11606\">Luc\u00eda Jim\u00e9nez Garc\u00eda<\/a><\/li>\n\n\n\n<li><a href=\"https:\/\/investigacion.us.es\/sisius\/sis_showpub.php?idpers=25286\">Daniela E. Miranda<\/a><\/li>\n\n\n\n<li><a href=\"https:\/\/prisma.us.es\/investigador\/7006\">Bel\u00e9n Soto-Ponce<\/a><\/li>\n\n\n\n<li><a href=\"https:\/\/prisma.us.es\/investigador\/8923\">Valeria Ter\u00e1n-Tinedo<\/a><\/li>\n\n\n\n<li><a href=\"https:\/\/investigacion.us.es\/sisius\/sis_showpub.php?idpers=7070\">Mar\u00eda Jes\u00fas Albar Mar\u00edn<\/a>&nbsp;(baja: 01\/04\/2024)<\/li>\n<\/ul>\n<\/div>\n<\/div>\n\n\n\n<hr class=\"wp-block-separator has-alpha-channel-opacity\"\/>\n\n\n\n<div class=\"wp-block-columns is-layout-flex wp-container-core-columns-is-layout-2 wp-block-columns-is-layout-flex\">\n<div class=\"wp-block-column is-layout-flow wp-block-column-is-layout-flow\" style=\"flex-basis:33.33%\">\n<figure class=\"wp-block-image size-full is-resized\"><img loading=\"lazy\" decoding=\"async\" width=\"196\" height=\"103\" src=\"http:\/\/institucional.us.es\/nextrom\/wp-content\/uploads\/2024\/11\/upna.png\" alt=\"\" class=\"wp-image-179\" style=\"width:276px;height:auto\"\/><\/figure>\n<\/div>\n\n\n\n<div class=\"wp-block-column is-layout-flow wp-block-column-is-layout-flow\" style=\"flex-basis:66.66%\">\n<div class=\"wp-block-uagb-advanced-heading uagb-block-8c3e59ff\"><h2 class=\"uagb-heading-text\">UNIVERSIDAD P\u00daBLICA DE NAVARRA<\/h2><\/div>\n\n\n\n<ul class=\"wp-block-list\">\n<li><a href=\"https:\/\/www.unavarra.es\/pdi?uid=9671\">Nerea Zugasti Mutilva<\/a><\/li>\n\n\n\n<li><a href=\"https:\/\/www.unavarra.es\/pdi?uid=811118\">V\u00edctor S\u00e1nchez Salmer\u00f3n<\/a> (alta: 19\/07\/2024)<\/li>\n\n\n\n<li><a href=\"https:\/\/orcid.org\/0000-0003-4961-0160\">Javier Arza Porras<\/a> (baja: 01\/07\/2023)<\/li>\n<\/ul>\n<\/div>\n<\/div>\n\n\n\n<hr class=\"wp-block-separator has-alpha-channel-opacity\"\/>\n\n\n\n<div class=\"wp-block-columns is-layout-flex wp-container-core-columns-is-layout-3 wp-block-columns-is-layout-flex\">\n<div class=\"wp-block-column is-layout-flow wp-block-column-is-layout-flow\" style=\"flex-basis:33.33%\">\n<figure class=\"wp-block-image size-full is-resized\"><img loading=\"lazy\" decoding=\"async\" width=\"296\" height=\"98\" src=\"http:\/\/institucional.us.es\/nextrom\/wp-content\/uploads\/2024\/11\/lfp.png\" alt=\"\" class=\"wp-image-180\" style=\"width:280px;height:auto\"\/><\/figure>\n<\/div>\n\n\n\n<div class=\"wp-block-column is-layout-flow wp-block-column-is-layout-flow\" style=\"flex-basis:66.66%\">\n<div class=\"wp-block-uagb-advanced-heading uagb-block-64e6ee04\"><h2 class=\"uagb-heading-text\">LA FRAGUA PROJECTS<\/h2><\/div>\n\n\n\n<ul class=\"wp-block-list\">\n<li><a href=\"https:\/\/lafraguaprojects.org\/inaki-vazquez-arencon\/\">I\u00f1aki V\u00e1zquez Arenc\u00f3n<\/a><\/li>\n\n\n\n<li><a href=\"https:\/\/lafraguaprojects.org\/celia-montoya-montoya\/\">Celia Montoya Montoya<\/a><\/li>\n<\/ul>\n<\/div>\n<\/div>\n\n\n\n<hr class=\"wp-block-separator has-alpha-channel-opacity\"\/>\n\n\n\n<div class=\"wp-block-columns is-layout-flex wp-container-core-columns-is-layout-4 wp-block-columns-is-layout-flex\">\n<div class=\"wp-block-column is-layout-flow wp-block-column-is-layout-flow\" style=\"flex-basis:33.33%\">\n<figure class=\"wp-block-image size-full is-resized\"><img loading=\"lazy\" decoding=\"async\" width=\"208\" height=\"130\" src=\"http:\/\/institucional.us.es\/nextrom\/wp-content\/uploads\/2024\/11\/gaz.png\" alt=\"\" class=\"wp-image-181\" style=\"width:254px;height:auto\"\/><\/figure>\n<\/div>\n\n\n\n<div class=\"wp-block-column is-layout-flow wp-block-column-is-layout-flow\" style=\"flex-basis:66.66%\">\n<div class=\"wp-block-uagb-advanced-heading uagb-block-d20f4538\"><h2 class=\"uagb-heading-text\">Federaci\u00f3n de asociaciones gitanas de navarra gaz kal\u00f3<\/h2><\/div>\n\n\n\n<ul class=\"wp-block-list\">\n<li><a href=\"https:\/\/www.linkedin.com\/in\/rikardohj\/?originalSubdomain=es\">Ricardo Hern\u00e1ndez Jim\u00e9nez<\/a><\/li>\n\n\n\n<li>Bruno Jim\u00e9nez<\/li>\n<\/ul>\n<\/div>\n<\/div>\n\n\n\n<hr class=\"wp-block-separator has-alpha-channel-opacity\"\/>\n\n\n\n<div class=\"wp-block-columns is-layout-flex wp-container-core-columns-is-layout-5 wp-block-columns-is-layout-flex\">\n<div class=\"wp-block-column is-layout-flow wp-block-column-is-layout-flow\" style=\"flex-basis:33.33%\">\n<figure class=\"wp-block-image size-full is-resized\"><img loading=\"lazy\" decoding=\"async\" width=\"179\" height=\"92\" src=\"http:\/\/institucional.us.es\/nextrom\/wp-content\/uploads\/2024\/11\/yilo.png\" alt=\"\" class=\"wp-image-182\" style=\"width:244px;height:auto\"\/><\/figure>\n<\/div>\n\n\n\n<div class=\"wp-block-column is-layout-flow wp-block-column-is-layout-flow\" style=\"flex-basis:66.66%\">\n<div class=\"wp-block-uagb-advanced-heading uagb-block-e27cce7d\"><h2 class=\"uagb-heading-text\">yil\u00f3<\/h2><\/div>\n\n\n\n<ul class=\"wp-block-list\">\n<li><a href=\"https:\/\/www.diariodesevilla.es\/sevilla\/corazon-Mil-rostro-mujer_0_1656734953.html\">Raquel Gabarre Borja<\/a><\/li>\n<\/ul>\n<\/div>\n<\/div>\n\n\n\n<p><\/p>\n","protected":false},"excerpt":{"rendered":"<p>UNIVERSIDAD DE SEVILLACentro de investigaci\u00f3n y acci\u00f3n comunitaria UNIVERSIDAD P\u00daBLICA DE NAVARRA LA FRAGUA PROJECTS Federaci\u00f3n de asociaciones gitanas de navarra gaz kal\u00f3 yil\u00f3<\/p>\n","protected":false},"author":1,"featured_media":0,"parent":0,"menu_order":0,"comment_status":"closed","ping_status":"closed","template":"","meta":{"_editorskit_title_hidden":false,"_editorskit_reading_time":0,"_editorskit_is_block_options_detached":false,"_editorskit_block_options_position":"{}","_uag_custom_page_level_css":"","_kad_post_transparent":"disable","_kad_post_title":"hide","_kad_post_layout":"","_kad_post_sidebar_id":"","_kad_post_content_style":"","_kad_post_vertical_padding":"","_kad_post_feature":"","_kad_post_feature_position":"","_kad_post_header":false,"_kad_post_footer":true,"footnotes":""},"class_list":["post-19","page","type-page","status-publish","hentry"],"uagb_featured_image_src":{"full":false,"thumbnail":false,"medium":false,"medium_large":false,"large":false,"1536x1536":false,"2048x2048":false},"uagb_author_info":{"display_name":"nextrom","author_link":"https:\/\/institucional.us.es\/nextrom\/author\/nextrom\/"},"uagb_comment_info":0,"uagb_excerpt":"UNIVERSIDAD DE SEVILLACentro de investigaci\u00f3n y acci\u00f3n comunitaria UNIVERSIDAD P\u00daBLICA DE NAVARRA LA FRAGUA PROJECTS Federaci\u00f3n de asociaciones gitanas de navarra gaz kal\u00f3 yil\u00f3","_links":{"self":[{"href":"https:\/\/institucional.us.es\/nextrom\/wp-json\/wp\/v2\/pages\/19","targetHints":{"allow":["GET"]}}],"collection":[{"href":"https:\/\/institucional.us.es\/nextrom\/wp-json\/wp\/v2\/pages"}],"about":[{"href":"https:\/\/institucional.us.es\/nextrom\/wp-json\/wp\/v2\/types\/page"}],"author":[{"embeddable":true,"href":"https:\/\/institucional.us.es\/nextrom\/wp-json\/wp\/v2\/users\/1"}],"replies":[{"embeddable":true,"href":"https:\/\/institucional.us.es\/nextrom\/wp-json\/wp\/v2\/comments?post=19"}],"version-history":[{"count":9,"href":"https:\/\/institucional.us.es\/nextrom\/wp-json\/wp\/v2\/pages\/19\/revisions"}],"predecessor-version":[{"id":212,"href":"https:\/\/institucional.us.es\/nextrom\/wp-json\/wp\/v2\/pages\/19\/revisions\/212"}],"wp:attachment":[{"href":"https:\/\/institucional.us.es\/nextrom\/wp-json\/wp\/v2\/media?parent=19"}],"curies":[{"name":"wp","href":"https:\/\/api.w.org\/{rel}","templated":true}]}}