{"id":1319,"date":"2019-05-09T11:17:46","date_gmt":"2019-05-09T11:17:46","guid":{"rendered":"http:\/\/institucional.us.es\/orquesta\/?page_id=1319"},"modified":"2019-05-22T10:31:31","modified_gmt":"2019-05-22T10:31:31","slug":"plantilla-t8-4","status":"publish","type":"page","link":"https:\/\/institucional.us.es\/orquesta\/plantilla-t8-4\/","title":{"rendered":"PLANTILLA T8 #4"},"content":{"rendered":"<h1>PROGRAMA<\/h1>\n<p><strong>Anton\u00edn L. Dvo\u0159\u00e1k (1841\u20131904)<\/strong><br \/>\n<em>Concierto para violonchelo y orquesta en si menor, op.104<\/em> <em>\u00a0<\/em> <em>\u00a0<\/em><\/p>\n<p><strong>Ludwig van Beethoven\u00a0(1770-1827) <\/strong><br \/>\n<em>Elegischer Gesang, op.118<\/em><br \/>\n<em>Sinfon\u00eda n\u00ba 2 en Re mayor, op.36<\/em><\/p>\n<p>&nbsp;<\/p>\n<h1>PLANTILLA<\/h1>\n<p><b><span style=\"font-size: medium;\">FLAUTAS <\/span><\/b><\/p>\n<p>Sergio Rodr\u00edguez, Ana Bel\u00e9n \u00c1rbol, Julia Collins<\/p>\n<p>&nbsp;<\/p>\n<p align=\"LEFT\"><b><span style=\"font-size: medium;\">OBOES <\/span><\/b><\/p>\n<p>Francisco J. Guti\u00e9rrez, Francisco J. Alvarez, Marta Mart\u00edn<\/p>\n<p>&nbsp;<\/p>\n<p align=\"LEFT\"><b><span style=\"font-size: medium;\">CLARINETES <\/span><\/b><\/p>\n<p>Andrea Cano, Beatriz Parrilla, V\u00edctor Torralbo, Mateo Alfonso Ruiz<\/p>\n<p>&nbsp;<\/p>\n<p align=\"LEFT\"><b><span style=\"font-size: medium;\">FAGOTES <\/span><\/b><\/p>\n<p>Irene Camacho, Jes\u00fas Moreno<\/p>\n<p>&nbsp;<\/p>\n<p><b><span style=\"font-size: medium;\">TROMPAS <\/span><\/b><\/p>\n<p>Jes\u00fas Moreno, Alejandro Mart\u00edn, Mar\u00eda Arrocha<\/p>\n<p>&nbsp;<\/p>\n<p><b><span style=\"font-size: medium;\">TROMPETAS<\/span><\/b><\/p>\n<p><b><\/b> Manuel Cirera,\u00a0\u00c1lvaro Olmo, Francisco de Paula Montes, Manuel P\u00e9rez Mac\u00edas <b><\/b><\/p>\n<p>&nbsp;<\/p>\n<p><b><span style=\"font-size: medium;\">TROMBONES<\/span><\/b><\/p>\n<p>Jes\u00fas Beldades, Gin\u00e9s Rosa S\u00e1nchez, Javier Rodr\u00edguez Lizana<\/p>\n<p>&nbsp;<\/p>\n<p><b><span style=\"font-size: medium;\">TUBA<\/span><\/b><\/p>\n<p>Blanca Le\u00f3n<\/p>\n<p>&nbsp;<\/p>\n<p><b><span style=\"font-size: medium;\">TIMBALES Y PERCUSI\u00d3N<\/span><\/b><\/p>\n<p>Abel Mart\u00edn Dom\u00ednguez, Francisco Joaqu\u00edn Capel Garc\u00eda<\/p>\n<p>&nbsp;<\/p>\n<p><b><span style=\"font-size: medium;\">VIOLINES I<\/span><\/b><\/p>\n<p>Sandra Bravo, Laura L\u00f3pez, Carlos Crespo Rodr\u00edguez,\u00a0H\u00e9ctor Infante, Carmen de Vega,\u00a0Ana Mar\u00edn Albero,\u00a0Marta Jim\u00e9nez, Luc\u00eda Rodr\u00edguez Checa, Alejandro Moreno Gonz\u00e1lez, Ricardo Jes\u00fas Riscardo, Paloma Rold\u00e1n Salas, Antonio V\u00e1zquez P\u00e9rez, Aitor Gabriel Schwader,\u00a0Alfonso Cuevas, Alicia Rodr\u00edguez, Raquel Garc\u00eda D\u00edaz, Teresa Gamaza<\/p>\n<p>&nbsp;<\/p>\n<p><b><span style=\"font-size: medium;\">VIOLINES II<\/span><\/b><\/p>\n<p>Libia Olivera Dur\u00e1n, Candela Schlatter, Claudia S\u00e1nchez Polonio, Mario Jim\u00e9nez Gonz\u00e1lez, Juan Mar\u00eda Sojo L\u00f3pez, Siria Ram\u00edrez Quintero, Raquel Mar\u00eda Reina, Francisco Manuel Ruiz, Iria Griselda Reyes, Mariana Reynier, Celia Vicente Guerra, Jos\u00e9 Silverio Jer\u00f3nimo<\/p>\n<p>&nbsp;<\/p>\n<p><b><span style=\"font-size: medium;\">VIOLAS<\/span><\/b><\/p>\n<p>Alberto Garc\u00eda P\u00e9rez, Jairo Mu\u00f1oz S\u00e1nchez, Jes\u00fas Miguel Navas, Mar\u00eda del Mar Ochavo, Antonio David Moreno Jim\u00e9nez, Roc\u00edo Lauri\u00f1o, Ismael Hamido, Mar\u00eda Jos\u00e9 Minuesa, David P\u00e9rez Fern\u00e1ndez, Juan Antonio Rubio Platero, Marina S\u00e1nchez Lozano, Nadia Carmona, Johanna Marci<\/p>\n<p>&nbsp;<\/p>\n<p><b><span style=\"font-size: medium;\">VIOLONCHELOS<\/span><\/b><\/p>\n<p>Gabriel Gonz\u00e1lez Rodero, Julia Elena N\u00fa\u00f1ez,\u00a0Clara S\u00e1nchez,\u00a0Laura Coll Cort\u00e9s, Blanca S\u00e1nchez, Jos\u00e9 \u00c1ngel Nieto, Julia Misas, Gabriel Fued C\u00f3rdoba, Manuel Bancanero, Leticia L\u00f3pez, Elena Montes, Ainhoa Bandr\u00e9s,\u00a0\u00a0 Ricardo Huete, Candela Fern\u00e1ndez, Omar Faiz<\/p>\n<p>&nbsp;<\/p>\n<p><b><span style=\"font-size: medium;\">CONTRABAJOS<\/span><\/b><\/p>\n<p>Marco Serrato, Irene S\u00e1nchez, Xavier Boixader, Mar\u00eda Jes\u00fas G\u00e1lvez, Pablo Centeno<\/p>\n<p>&nbsp;<\/p>\n<p><b><span style=\"font-size: medium;\">CORO DE C\u00c1MARA DEL CSM MANUEL CASTILLO<\/span><\/b><\/p>\n<p>SOPRANOS: Aurora Gal\u00e1n, Soraya M\u00e9ndez, Paula Ram\u00edrez, Alba R\u00edos \u00b7 CONTRALTOS: Andrea Caro, Eva Ivars, Leticia L\u00f3pez \u00b7 TENORES: Vicente Bujalance, Ma\u00ebl Medina, Miguel \u00c1ngel Rodr\u00edguez \u00b7 BAJOS: Manuel Emilio Mar\u00ed, Amando Mart\u00edn, Javier Jim\u00e9nez<\/p>\n<p>&nbsp;<\/p>\n","protected":false},"excerpt":{"rendered":"<p>PROGRAMA Anton\u00edn L. Dvo\u0159\u00e1k (1841\u20131904) Concierto para violonchelo y orquesta en si menor, op.104 \u00a0 \u00a0 Ludwig van Beethoven\u00a0(1770-1827) Elegischer Gesang, op.118 Sinfon\u00eda n\u00ba 2 en Re mayor, op.36 &nbsp; PLANTILLA FLAUTAS Sergio Rodr\u00edguez, Ana Bel\u00e9n \u00c1rbol, Julia Collins &nbsp; OBOES Francisco J. Guti\u00e9rrez, Francisco J. Alvarez, Marta Mart\u00edn &nbsp; CLARINETES Andrea Cano, Beatriz Parrilla, [&hellip;]<\/p>\n","protected":false},"author":5,"featured_media":0,"parent":0,"menu_order":0,"comment_status":"closed","ping_status":"open","template":"","meta":{"site-sidebar-layout":"default","site-content-layout":"","ast-site-content-layout":"default","site-content-style":"default","site-sidebar-style":"default","ast-global-header-display":"","ast-banner-title-visibility":"","ast-main-header-display":"","ast-hfb-above-header-display":"","ast-hfb-below-header-display":"","ast-hfb-mobile-header-display":"","site-post-title":"","ast-breadcrumbs-content":"","ast-featured-img":"","footer-sml-layout":"","ast-disable-related-posts":"","theme-transparent-header-meta":"","adv-header-id-meta":"","stick-header-meta":"","header-above-stick-meta":"","header-main-stick-meta":"","header-below-stick-meta":"","astra-migrate-meta-layouts":"default","ast-page-background-enabled":"default","ast-page-background-meta":{"desktop":{"background-color":"","background-image":"","background-repeat":"repeat","background-position":"center center","background-size":"auto","background-attachment":"scroll","background-type":"","background-media":"","overlay-type":"","overlay-color":"","overlay-opacity":"","overlay-gradient":""},"tablet":{"background-color":"","background-image":"","background-repeat":"repeat","background-position":"center center","background-size":"auto","background-attachment":"scroll","background-type":"","background-media":"","overlay-type":"","overlay-color":"","overlay-opacity":"","overlay-gradient":""},"mobile":{"background-color":"","background-image":"","background-repeat":"repeat","background-position":"center center","background-size":"auto","background-attachment":"scroll","background-type":"","background-media":"","overlay-type":"","overlay-color":"","overlay-opacity":"","overlay-gradient":""}},"ast-content-background-meta":{"desktop":{"background-color":"var(--ast-global-color-5)","background-image":"","background-repeat":"repeat","background-position":"center center","background-size":"auto","background-attachment":"scroll","background-type":"","background-media":"","overlay-type":"","overlay-color":"","overlay-opacity":"","overlay-gradient":""},"tablet":{"background-color":"var(--ast-global-color-5)","background-image":"","background-repeat":"repeat","background-position":"center center","background-size":"auto","background-attachment":"scroll","background-type":"","background-media":"","overlay-type":"","overlay-color":"","overlay-opacity":"","overlay-gradient":""},"mobile":{"background-color":"var(--ast-global-color-5)","background-image":"","background-repeat":"repeat","background-position":"center center","background-size":"auto","background-attachment":"scroll","background-type":"","background-media":"","overlay-type":"","overlay-color":"","overlay-opacity":"","overlay-gradient":""}},"footnotes":""},"class_list":["post-1319","page","type-page","status-publish","hentry"],"_links":{"self":[{"href":"https:\/\/institucional.us.es\/orquesta\/wp-json\/wp\/v2\/pages\/1319","targetHints":{"allow":["GET"]}}],"collection":[{"href":"https:\/\/institucional.us.es\/orquesta\/wp-json\/wp\/v2\/pages"}],"about":[{"href":"https:\/\/institucional.us.es\/orquesta\/wp-json\/wp\/v2\/types\/page"}],"author":[{"embeddable":true,"href":"https:\/\/institucional.us.es\/orquesta\/wp-json\/wp\/v2\/users\/5"}],"replies":[{"embeddable":true,"href":"https:\/\/institucional.us.es\/orquesta\/wp-json\/wp\/v2\/comments?post=1319"}],"version-history":[{"count":8,"href":"https:\/\/institucional.us.es\/orquesta\/wp-json\/wp\/v2\/pages\/1319\/revisions"}],"predecessor-version":[{"id":1343,"href":"https:\/\/institucional.us.es\/orquesta\/wp-json\/wp\/v2\/pages\/1319\/revisions\/1343"}],"wp:attachment":[{"href":"https:\/\/institucional.us.es\/orquesta\/wp-json\/wp\/v2\/media?parent=1319"}],"curies":[{"name":"wp","href":"https:\/\/api.w.org\/{rel}","templated":true}]}}