{"id":1475,"date":"2019-09-18T15:10:13","date_gmt":"2019-09-18T15:10:13","guid":{"rendered":"http:\/\/institucional.us.es\/orquesta\/?page_id=1475"},"modified":"2019-09-18T15:10:21","modified_gmt":"2019-09-18T15:10:21","slug":"plantilla-t6-1","status":"publish","type":"page","link":"https:\/\/institucional.us.es\/orquesta\/plantilla-t6-1\/","title":{"rendered":"PLANTILLA T6 #1"},"content":{"rendered":"<h1>PLANTILLA TEMPORADA VI CONCIERTO #1<\/h1>\n<p><strong>FLAUTAS<\/strong><\/p>\n<p>Paula Garc\u00eda-Arcic\u00f3llar<\/p>\n<p>Enelin Vaisinen<\/p>\n<p>Juan R.Bres<\/p>\n<p>Ver\u00f3nica M\u00e9ndez<\/p>\n<p>Alba Escobar<\/p>\n<p>&nbsp;<\/p>\n<p><strong>OBOES<\/strong><\/p>\n<p>J. Carlos \u00c1lvarez<\/p>\n<p>Marta Mart\u00edn<\/p>\n<p>M\u00aa Carmen Dom\u00ednguez<\/p>\n<p>Alberto Guill\u00e9n<\/p>\n<p>Carlos \u00c1lvarez de Cienfuegos.<\/p>\n<p>&nbsp;<\/p>\n<p><strong>CLARINETES<\/strong><\/p>\n<p>Christian Okawara<\/p>\n<p>Luc\u00eda Camacho<\/p>\n<p>Jos\u00e9 M\u00aa<\/p>\n<p>S\u00e1nchez Bonet<\/p>\n<p>Mar\u00eda Dorado.<\/p>\n<p>&nbsp;<\/p>\n<p><strong>FAGOTES<\/strong><\/p>\n<p>Mario S\u00e1nchez Pe\u00f1a<\/p>\n<p>Carmen Cabello<\/p>\n<p>Jes\u00fas Moreno<\/p>\n<p>Rebeca Garc\u00eda<\/p>\n<p>Mois\u00e9s Lorenzo.<\/p>\n<p>&nbsp;<\/p>\n<p><strong>TROMPAS<\/strong><\/p>\n<p>Antonio J. Lasheras<\/p>\n<p>Alejandro Huete<\/p>\n<p>Joaqu\u00edn Guti\u00e9rrez<\/p>\n<p>Francisco J. Monge<\/p>\n<p>Erik Ant\u00fanez<\/p>\n<p>Roc\u00edo Moreno<\/p>\n<p>&nbsp;<\/p>\n<p><strong>TROMPETAS<\/strong><\/p>\n<p>Pablo Fadrique<\/p>\n<p>Francisco J. Gallego<\/p>\n<p>Marta Lucas<\/p>\n<p>Jes\u00fas Iglesias.<\/p>\n<p>&nbsp;<\/p>\n<p><strong>TROMBONES<\/strong><\/p>\n<p>Miguel A. Navarro<\/p>\n<p>Ignacio Navarro<\/p>\n<p>Alejandro L\u00f3pez<\/p>\n<p>&nbsp;<\/p>\n<p><strong>TUBA<\/strong><\/p>\n<p>Blanca Le\u00f3n<\/p>\n<p>&nbsp;<\/p>\n<p><strong>TIMBALES<\/strong><\/p>\n<p>Antonio J. P\u00e9rez<\/p>\n<p>Alejandro Tur<\/p>\n<p>&nbsp;<\/p>\n<p><strong>VIOLINES I<\/strong><\/p>\n<p>Claudia Gallardo<\/p>\n<p>Irene Morales<\/p>\n<p>Laura L\u00f3pez<\/p>\n<p>Sandra Bravo<\/p>\n<p>Ricardo Riscardo<\/p>\n<p>Alba Catal\u00e1n<\/p>\n<p>Iria Griselda Reyes<\/p>\n<p>Sara Vega<\/p>\n<p>Daniel Fern\u00e1ndez<\/p>\n<p>Ra\u00fal Escudero<\/p>\n<p>Mar\u00eda Gonz\u00e1lez Comesa\u00f1a<\/p>\n<p>Raquel Garc\u00eda D\u00edaz<\/p>\n<p>Cristina Dom\u00ednguez<\/p>\n<p>Colette Babiaud.<\/p>\n<p>&nbsp;<\/p>\n<p><strong>VIOLINES II<\/strong><\/p>\n<p>Fernando Pina Mu\u00f1oz<\/p>\n<p>Nerea Garc\u00eda Su\u00e1rez<\/p>\n<p>Marta Jim\u00e9nez<\/p>\n<p>Alejandro M. Moreno<\/p>\n<p>Sergio Vall\u00e9s<\/p>\n<p>Laura Ortega<\/p>\n<p>\u00c1ngel Garc\u00eda-Pelayo<\/p>\n<p>Teresa Bartolom\u00e9<\/p>\n<p>Antonio V\u00e1zquez<\/p>\n<p>Mar\u00eda Salas<\/p>\n<p>Carmen Moreno<\/p>\n<p>Celia Vi\u00f1olo<\/p>\n<p>Juan M. C\u00f3rdoba<\/p>\n<p>Teresa Vizca\u00edno.<\/p>\n<p>&nbsp;<\/p>\n<p><strong>VIOLAS<\/strong><\/p>\n<p>Jos\u00e9 \u00c1ngel Esteban<\/p>\n<p>Alberto Garc\u00eda P\u00e9rez<\/p>\n<p>Carlos Erbez<\/p>\n<p>Gloria Fern\u00e1ndez<\/p>\n<p>David P\u00e9rez<\/p>\n<p>Miriam Gallardo<\/p>\n<p>Alejandro Parra Gonz\u00e1lez<\/p>\n<p>Isabel Romero<\/p>\n<p>Ismael Hamido<\/p>\n<p>Mar\u00eda del Roc\u00edo Lauri\u00f1o<\/p>\n<p>Mar\u00eda del Mar Ochavo<\/p>\n<p>Francisco M. Dom\u00ednguez<\/p>\n<p>Jes\u00fas Alfonso Vela<\/p>\n<p>Ainhoa Franco<\/p>\n<p>Jairo Mu\u00f1oz<\/p>\n<p>\u00c1ngela M\u00aa Jim\u00e9nez<\/p>\n<p>M\u00aa Esperanza Gonz\u00e1lez Navarro<\/p>\n<p>Antonio V\u00e1zquez.<\/p>\n<p>&nbsp;<\/p>\n<p><strong>VIOLONCHELOS<\/strong><\/p>\n<p>Fabio R. Arias<\/p>\n<p>Sergio Garrido<\/p>\n<p>Andrea Trillo<\/p>\n<p>Generoso Juan Arcos<\/p>\n<p>Gabriel Sevilla<\/p>\n<p>Marta \u00c1lvarez<\/p>\n<p>Jos\u00e9 M\u00aa Rodr\u00edguez<\/p>\n<p>Laura Mar\u00edn<\/p>\n<p>Pedro A. Aliaga<\/p>\n<p>Juan Lim\u00f3n<\/p>\n<p>Ricardo Huete<\/p>\n<p>Andrea Membrilla<\/p>\n<p>Gabriel Gonz\u00e1lez Rodero<\/p>\n<p>Rosa de V. Garc\u00eda Varela<\/p>\n<p>Araceli Carmona<\/p>\n<p>Guillermo Villas\u00e1n<\/p>\n<p>Omar Faiz<\/p>\n<p>Marta \u00c1lvarez<\/p>\n<p>Gonzalo S\u00e1nchez<\/p>\n<p>&nbsp;<\/p>\n<p><strong>CONTRABAJOS<\/strong><\/p>\n<p>Rafael Baena<\/p>\n<p>Elena Ferrater<\/p>\n<p>Xavier Boixader<\/p>\n<p>Pablo Centeno<\/p>\n<p>Eduardo Rodr\u00edguez.<\/p>\n","protected":false},"excerpt":{"rendered":"<p>PLANTILLA TEMPORADA VI CONCIERTO #1 FLAUTAS Paula Garc\u00eda-Arcic\u00f3llar Enelin Vaisinen Juan R.Bres Ver\u00f3nica M\u00e9ndez Alba Escobar &nbsp; OBOES J. Carlos \u00c1lvarez Marta Mart\u00edn M\u00aa Carmen Dom\u00ednguez Alberto Guill\u00e9n Carlos \u00c1lvarez de Cienfuegos. &nbsp; CLARINETES Christian Okawara Luc\u00eda Camacho Jos\u00e9 M\u00aa S\u00e1nchez Bonet Mar\u00eda Dorado. &nbsp; FAGOTES Mario S\u00e1nchez Pe\u00f1a Carmen Cabello Jes\u00fas Moreno Rebeca Garc\u00eda [&hellip;]<\/p>\n","protected":false},"author":5,"featured_media":0,"parent":0,"menu_order":0,"comment_status":"closed","ping_status":"open","template":"","meta":{"site-sidebar-layout":"default","site-content-layout":"","ast-site-content-layout":"default","site-content-style":"default","site-sidebar-style":"default","ast-global-header-display":"","ast-banner-title-visibility":"","ast-main-header-display":"","ast-hfb-above-header-display":"","ast-hfb-below-header-display":"","ast-hfb-mobile-header-display":"","site-post-title":"","ast-breadcrumbs-content":"","ast-featured-img":"","footer-sml-layout":"","ast-disable-related-posts":"","theme-transparent-header-meta":"","adv-header-id-meta":"","stick-header-meta":"","header-above-stick-meta":"","header-main-stick-meta":"","header-below-stick-meta":"","astra-migrate-meta-layouts":"default","ast-page-background-enabled":"default","ast-page-background-meta":{"desktop":{"background-color":"","background-image":"","background-repeat":"repeat","background-position":"center center","background-size":"auto","background-attachment":"scroll","background-type":"","background-media":"","overlay-type":"","overlay-color":"","overlay-opacity":"","overlay-gradient":""},"tablet":{"background-color":"","background-image":"","background-repeat":"repeat","background-position":"center center","background-size":"auto","background-attachment":"scroll","background-type":"","background-media":"","overlay-type":"","overlay-color":"","overlay-opacity":"","overlay-gradient":""},"mobile":{"background-color":"","background-image":"","background-repeat":"repeat","background-position":"center center","background-size":"auto","background-attachment":"scroll","background-type":"","background-media":"","overlay-type":"","overlay-color":"","overlay-opacity":"","overlay-gradient":""}},"ast-content-background-meta":{"desktop":{"background-color":"var(--ast-global-color-5)","background-image":"","background-repeat":"repeat","background-position":"center center","background-size":"auto","background-attachment":"scroll","background-type":"","background-media":"","overlay-type":"","overlay-color":"","overlay-opacity":"","overlay-gradient":""},"tablet":{"background-color":"var(--ast-global-color-5)","background-image":"","background-repeat":"repeat","background-position":"center center","background-size":"auto","background-attachment":"scroll","background-type":"","background-media":"","overlay-type":"","overlay-color":"","overlay-opacity":"","overlay-gradient":""},"mobile":{"background-color":"var(--ast-global-color-5)","background-image":"","background-repeat":"repeat","background-position":"center center","background-size":"auto","background-attachment":"scroll","background-type":"","background-media":"","overlay-type":"","overlay-color":"","overlay-opacity":"","overlay-gradient":""}},"footnotes":""},"class_list":["post-1475","page","type-page","status-publish","hentry"],"_links":{"self":[{"href":"https:\/\/institucional.us.es\/orquesta\/wp-json\/wp\/v2\/pages\/1475","targetHints":{"allow":["GET"]}}],"collection":[{"href":"https:\/\/institucional.us.es\/orquesta\/wp-json\/wp\/v2\/pages"}],"about":[{"href":"https:\/\/institucional.us.es\/orquesta\/wp-json\/wp\/v2\/types\/page"}],"author":[{"embeddable":true,"href":"https:\/\/institucional.us.es\/orquesta\/wp-json\/wp\/v2\/users\/5"}],"replies":[{"embeddable":true,"href":"https:\/\/institucional.us.es\/orquesta\/wp-json\/wp\/v2\/comments?post=1475"}],"version-history":[{"count":2,"href":"https:\/\/institucional.us.es\/orquesta\/wp-json\/wp\/v2\/pages\/1475\/revisions"}],"predecessor-version":[{"id":1480,"href":"https:\/\/institucional.us.es\/orquesta\/wp-json\/wp\/v2\/pages\/1475\/revisions\/1480"}],"wp:attachment":[{"href":"https:\/\/institucional.us.es\/orquesta\/wp-json\/wp\/v2\/media?parent=1475"}],"curies":[{"name":"wp","href":"https:\/\/api.w.org\/{rel}","templated":true}]}}