{"id":1506,"date":"2019-09-18T15:26:34","date_gmt":"2019-09-18T15:26:34","guid":{"rendered":"http:\/\/institucional.us.es\/orquesta\/?page_id=1506"},"modified":"2019-09-18T15:26:34","modified_gmt":"2019-09-18T15:26:34","slug":"plantilla-t7-2","status":"publish","type":"page","link":"https:\/\/institucional.us.es\/orquesta\/plantilla-t7-2\/","title":{"rendered":"PLANTILLA T7 #2"},"content":{"rendered":"<h1>PLANTILLA TEMPORADA VII #2<\/h1>\n<p><strong>FLAUTAS <\/strong><\/p>\n<p>Paula Garc\u00eda-Arcic\u00f3llar<\/p>\n<p>Enelin Vaisinen<\/p>\n<p>Ver\u00f3nica M\u00e9ndez<\/p>\n<p>Alba Escobar<\/p>\n<p>Laura Soto<\/p>\n<p>Alba Jim\u00e9nez<\/p>\n<p>&nbsp;<\/p>\n<p><strong>OBOES <\/strong><\/p>\n<p>Juan C. \u00c1lvarez<\/p>\n<p>Marta Mart\u00edn<\/p>\n<p>M\u00aa Carmen Dom\u00ednguez<\/p>\n<p>Alberto Guill\u00e9n<\/p>\n<p>Carlos \u00c1lvarez<\/p>\n<p>&nbsp;<\/p>\n<p><strong>CLARINETES <\/strong><\/p>\n<p>Andr\u00e9s Garc\u00eda<\/p>\n<p>Antonio D. Rodr\u00edguez<\/p>\n<p>Sergio D\u00edaz<\/p>\n<p>Francisco de Paula Garc\u00eda<\/p>\n<p>Norma Estela Garc\u00eda<\/p>\n<p>Omar Hamido<\/p>\n<p>Christian Okawara.<\/p>\n<p>&nbsp;<\/p>\n<p><strong>SAXOF\u00d3N <\/strong><\/p>\n<p>Pepe Aguilar<\/p>\n<p>&nbsp;<\/p>\n<p><strong>FAGOTES <\/strong><\/p>\n<p>Carmen Cabello<\/p>\n<p>Mois\u00e9s Lorenzo<\/p>\n<p>Jes\u00fas M. Moreno<\/p>\n<p>Raquel M\u00e1rquez<\/p>\n<p>&nbsp;<\/p>\n<p><strong>TROMPAS<\/strong><\/p>\n<p>Antonio J. Lasheras<\/p>\n<p>M\u00edriam Rodr\u00edguez<\/p>\n<p>Alejandro Huete<\/p>\n<p>Joaqu\u00edn Guti\u00e9rrez<\/p>\n<p>Francisco J. Monge<\/p>\n<p>Erik Ant\u00fanez<\/p>\n<p>Roc\u00edo Moreno<\/p>\n<p>&nbsp;<\/p>\n<p><strong>TROMPETAS<\/strong><\/p>\n<p>Pablo Fadrique<\/p>\n<p>Francisco J. Gallego<\/p>\n<p>Marta Lucas<\/p>\n<p>Jes\u00fas Iglesias<\/p>\n<p>Alfonso Cabrera<\/p>\n<p>Fernando Sariego<\/p>\n<p>Joaqu\u00edn D. Mart\u00edn<\/p>\n<p>&nbsp;<\/p>\n<p><strong>TROMBONES <\/strong><\/p>\n<p>Miguel \u00c1. Navarro<\/p>\n<p>Ignacio Navarro<\/p>\n<p>Alejandro L\u00f3pez<\/p>\n<p>Antonio G. Rodr\u00edguez<\/p>\n<p>&nbsp;<\/p>\n<p><strong>TUBA<\/strong><\/p>\n<p>Jes\u00fas Di\u00e9guez<\/p>\n<p>&nbsp;<\/p>\n<p><strong>TIMBALES Y PERCUSI\u00d3N <\/strong><\/p>\n<p>Alejandro Tur<\/p>\n<p>Antonio J. P\u00e9rez<\/p>\n<p>Melquior Lortet<\/p>\n<p>Carlos Ventura<\/p>\n<p>Isaac Reina<\/p>\n<p>Marisa del Toro<\/p>\n<p>Loris Mazza<\/p>\n<p>&nbsp;<\/p>\n<p><strong>ARPA <\/strong><\/p>\n<p>Mavi Diego<\/p>\n<p>&nbsp;<\/p>\n<p><strong>PIANO <\/strong><\/p>\n<p>Laura Verdejo<\/p>\n<p>&nbsp;<\/p>\n<p><strong>CELESTA <\/strong><\/p>\n<p>David Iglesias<\/p>\n<p>&nbsp;<\/p>\n<p><strong>VIOLINES I <\/strong><\/p>\n<p>Claudia Gallardo<\/p>\n<p>Irene Morales<\/p>\n<p>Laura L\u00f3pez<\/p>\n<p>Ricardo Riscardo<\/p>\n<p>Alba Catal\u00e1n<\/p>\n<p>Iria G. Reyes<\/p>\n<p>Clara I. Gris<\/p>\n<p>Sara Vega Moreno<\/p>\n<p>Daniel Fern\u00e1ndez<\/p>\n<p>Ra\u00fal Escudero<\/p>\n<p>Mar\u00eda Gonz\u00e1lez<\/p>\n<p>Raquel Garc\u00eda D\u00edaz<\/p>\n<p>Lara Sans\u00f3n<\/p>\n<p>Irene Ortega<\/p>\n<p>&nbsp;<\/p>\n<p><strong>VIOLINES II <\/strong><\/p>\n<p>Fernando Pina<\/p>\n<p>Nerea Garc\u00eda Su\u00e1rez<\/p>\n<p>Marta Jim\u00e9nez<\/p>\n<p>Alejandro M. Moreno<\/p>\n<p>Sergio Vall\u00e9s<\/p>\n<p>Laura Ortega<\/p>\n<p>Teresa Bartolom\u00e9<\/p>\n<p>Antonio V\u00e1zquez<\/p>\n<p>Mar\u00eda Salas<\/p>\n<p>Carmen Moreno<\/p>\n<p>Alicia Rodr\u00edguez Garc\u00eda<\/p>\n<p>Mar\u00eda Gracia del Saz<\/p>\n<p>Juan Manuel C\u00f3rdoba<\/p>\n<p>&nbsp;<\/p>\n<p><strong>VIOLAS <\/strong><\/p>\n<p>Alberto Garc\u00eda P\u00e9rez<\/p>\n<p>Alejandro Parra<\/p>\n<p>Bel\u00e9n S\u00e1nchez<\/p>\n<p>David P\u00e9rez<\/p>\n<p>Miriam Gallardo<\/p>\n<p>Francisco M. Dom\u00ednguez<\/p>\n<p>Ismael Hamido<\/p>\n<p>M\u00aa del Roc\u00edo Lauri\u00f1o<\/p>\n<p>\u00c1ngela Jim\u00e9nez<\/p>\n<p>Gloria Fern\u00e1ndez<\/p>\n<p>Jes\u00fas A. Vela<\/p>\n<p>Ainhoa Franco<\/p>\n<p>Mar\u00eda del Mar Ochavo<\/p>\n<p>Jairo Mu\u00f1oz<\/p>\n<p>Mar\u00eda Dolores Mu\u00f1oz<\/p>\n<p>&nbsp;<\/p>\n<p><strong>VIOLONCHELOS <\/strong><\/p>\n<p>Fabio R. Arias<\/p>\n<p>Andrea Trillo<\/p>\n<p>Sergio Garrido<\/p>\n<p>Gabriel Gonz\u00e1lez Rodero<\/p>\n<p>Generoso Juan Arcos<\/p>\n<p>Omar Faiz<\/p>\n<p>Araceli Carmona<\/p>\n<p>Jos\u00e9 M\u00aa Rodr\u00edguez<\/p>\n<p>Laura Mar\u00edn<\/p>\n<p>Pedro \u00c1. Aliaga<\/p>\n<p>Juan Lim\u00f3n<\/p>\n<p>Ricardo Huete<\/p>\n<p>Rosa de Valme Garc\u00eda<\/p>\n<p>Gabriel Sevilla<\/p>\n<p>Guillermo Villas\u00e1n<\/p>\n<p>Jos\u00e9 L. Dar\u00edn<\/p>\n<p>&nbsp;<\/p>\n<p><strong>CONTRABAJOS <\/strong><\/p>\n<p>Rafael Baena<\/p>\n<p>Elena Farratell<\/p>\n<p>Xavier Boixader<\/p>\n<p>Pablo Centeno<\/p>\n<p>Eduardo Rodr\u00edguez<\/p>\n<p>Ventura Rico<\/p>\n","protected":false},"excerpt":{"rendered":"<p>PLANTILLA TEMPORADA VII #2 FLAUTAS Paula Garc\u00eda-Arcic\u00f3llar Enelin Vaisinen Ver\u00f3nica M\u00e9ndez Alba Escobar Laura Soto Alba Jim\u00e9nez &nbsp; OBOES Juan C. \u00c1lvarez Marta Mart\u00edn M\u00aa Carmen Dom\u00ednguez Alberto Guill\u00e9n Carlos \u00c1lvarez &nbsp; CLARINETES Andr\u00e9s Garc\u00eda Antonio D. Rodr\u00edguez Sergio D\u00edaz Francisco de Paula Garc\u00eda Norma Estela Garc\u00eda Omar Hamido Christian Okawara. &nbsp; SAXOF\u00d3N Pepe Aguilar [&hellip;]<\/p>\n","protected":false},"author":5,"featured_media":0,"parent":0,"menu_order":0,"comment_status":"closed","ping_status":"open","template":"","meta":{"site-sidebar-layout":"default","site-content-layout":"","ast-site-content-layout":"default","site-content-style":"default","site-sidebar-style":"default","ast-global-header-display":"","ast-banner-title-visibility":"","ast-main-header-display":"","ast-hfb-above-header-display":"","ast-hfb-below-header-display":"","ast-hfb-mobile-header-display":"","site-post-title":"","ast-breadcrumbs-content":"","ast-featured-img":"","footer-sml-layout":"","ast-disable-related-posts":"","theme-transparent-header-meta":"","adv-header-id-meta":"","stick-header-meta":"","header-above-stick-meta":"","header-main-stick-meta":"","header-below-stick-meta":"","astra-migrate-meta-layouts":"default","ast-page-background-enabled":"default","ast-page-background-meta":{"desktop":{"background-color":"","background-image":"","background-repeat":"repeat","background-position":"center center","background-size":"auto","background-attachment":"scroll","background-type":"","background-media":"","overlay-type":"","overlay-color":"","overlay-opacity":"","overlay-gradient":""},"tablet":{"background-color":"","background-image":"","background-repeat":"repeat","background-position":"center center","background-size":"auto","background-attachment":"scroll","background-type":"","background-media":"","overlay-type":"","overlay-color":"","overlay-opacity":"","overlay-gradient":""},"mobile":{"background-color":"","background-image":"","background-repeat":"repeat","background-position":"center center","background-size":"auto","background-attachment":"scroll","background-type":"","background-media":"","overlay-type":"","overlay-color":"","overlay-opacity":"","overlay-gradient":""}},"ast-content-background-meta":{"desktop":{"background-color":"var(--ast-global-color-5)","background-image":"","background-repeat":"repeat","background-position":"center center","background-size":"auto","background-attachment":"scroll","background-type":"","background-media":"","overlay-type":"","overlay-color":"","overlay-opacity":"","overlay-gradient":""},"tablet":{"background-color":"var(--ast-global-color-5)","background-image":"","background-repeat":"repeat","background-position":"center center","background-size":"auto","background-attachment":"scroll","background-type":"","background-media":"","overlay-type":"","overlay-color":"","overlay-opacity":"","overlay-gradient":""},"mobile":{"background-color":"var(--ast-global-color-5)","background-image":"","background-repeat":"repeat","background-position":"center center","background-size":"auto","background-attachment":"scroll","background-type":"","background-media":"","overlay-type":"","overlay-color":"","overlay-opacity":"","overlay-gradient":""}},"footnotes":""},"class_list":["post-1506","page","type-page","status-publish","hentry"],"_links":{"self":[{"href":"https:\/\/institucional.us.es\/orquesta\/wp-json\/wp\/v2\/pages\/1506","targetHints":{"allow":["GET"]}}],"collection":[{"href":"https:\/\/institucional.us.es\/orquesta\/wp-json\/wp\/v2\/pages"}],"about":[{"href":"https:\/\/institucional.us.es\/orquesta\/wp-json\/wp\/v2\/types\/page"}],"author":[{"embeddable":true,"href":"https:\/\/institucional.us.es\/orquesta\/wp-json\/wp\/v2\/users\/5"}],"replies":[{"embeddable":true,"href":"https:\/\/institucional.us.es\/orquesta\/wp-json\/wp\/v2\/comments?post=1506"}],"version-history":[{"count":1,"href":"https:\/\/institucional.us.es\/orquesta\/wp-json\/wp\/v2\/pages\/1506\/revisions"}],"predecessor-version":[{"id":1510,"href":"https:\/\/institucional.us.es\/orquesta\/wp-json\/wp\/v2\/pages\/1506\/revisions\/1510"}],"wp:attachment":[{"href":"https:\/\/institucional.us.es\/orquesta\/wp-json\/wp\/v2\/media?parent=1506"}],"curies":[{"name":"wp","href":"https:\/\/api.w.org\/{rel}","templated":true}]}}