{"id":2340,"date":"2022-10-20T09:47:47","date_gmt":"2022-10-20T09:47:47","guid":{"rendered":"http:\/\/institucional.us.es\/orquesta\/?page_id=2340"},"modified":"2022-10-20T13:00:42","modified_gmt":"2022-10-20T13:00:42","slug":"plantilla-concierto4-temporada-x-osc","status":"publish","type":"page","link":"https:\/\/institucional.us.es\/orquesta\/plantilla-concierto4-temporada-x-osc\/","title":{"rendered":"Plantilla Concierto#4 Temporada X OSC"},"content":{"rendered":"<p>&nbsp;<\/p>\n<p><strong>Plantilla<\/strong> Concierto#4 Temporada X OSC<\/p>\n<p>mi\u00e9rcoles 28 de abril, 2021 \/ 18:00 h<br \/>\nIglesia de la Anunciaci\u00f3n<\/p>\n<p>Juan Garc\u00eda Rodr\u00edguez \u00b7 director (alumnos de direcci\u00f3n: Amelia Mar\u00edn, Juan Ignacio Perea y Agust\u00edn Maestre)<\/p>\n<p>Francisco Cant\u00f3 \u00b7 clarinete<br \/>\n&nbsp;<br \/>\n<strong>Violines I<\/strong><br \/>\n\u00c1ngela Sojo<br \/>\nPauline Sch\u00f6ner<br \/>\nSiria Ram\u00edrez<br \/>\nEsther L\u00f3pez<br \/>\nMario Jim\u00e9nez<br \/>\nBlanca Molina<br \/>\nFrancisco V\u00e1zquez<br \/>\nFrancisco Ruiz<br \/>\n&nbsp;<br \/>\n<strong>Violines II<\/strong><br \/>\nCelia Vicente<br \/>\nPedro Bravo<br \/>\nMar\u00eda Asensio<br \/>\nBlanca Garc\u00eda<br \/>\nFrancisco M\u00e1rquez<br \/>\nShaoke Zhon<br \/>\nJos\u00e9 \u00c1ngel Buz\u00f3n<br \/>\n&nbsp;<br \/>\n<strong>Violas<\/strong><br \/>\nPedro Villena<br \/>\nNadia Carmona<br \/>\nDiego Zagalaz<br \/>\nFlorentina P\u00e9rez<br \/>\nMarta Alfaro<br \/>\nPablo Barrera<br \/>\n&nbsp;<br \/>\n<strong>Violonchelos<\/strong><br \/>\nCristina Fern\u00e1ndez<br \/>\nManuel Bancalero<br \/>\nLaura Alonso<br \/>\nMarina Martos<br \/>\nPatricia Zamora<br \/>\n&nbsp;<br \/>\n<strong>Contrabajos<\/strong><br \/>\nMar\u00eda Jes\u00fas G\u00e1lvez<br \/>\nMalin Boeckers<br \/>\nMar\u00eda Lomas<br \/>\n&nbsp;<br \/>\nEste concierto presenta la singularidad de incidir igualmente en el formato de taller de direcci\u00f3n, contando la OSC con la intervenci\u00f3n de los alumnos de direcci\u00f3n: Amelia Mar\u00edn, Juan Ignacio Perea y Agust\u00edn Maestre<\/p>\n","protected":false},"excerpt":{"rendered":"<p>&nbsp; Plantilla Concierto#4 Temporada X OSC mi\u00e9rcoles 28 de abril, 2021 \/ 18:00 h Iglesia de la Anunciaci\u00f3n Juan Garc\u00eda Rodr\u00edguez \u00b7 director (alumnos de direcci\u00f3n: Amelia Mar\u00edn, Juan Ignacio Perea y Agust\u00edn Maestre) Francisco Cant\u00f3 \u00b7 clarinete &nbsp; Violines I \u00c1ngela Sojo Pauline Sch\u00f6ner Siria Ram\u00edrez Esther L\u00f3pez Mario Jim\u00e9nez Blanca Molina Francisco V\u00e1zquez [&hellip;]<\/p>\n","protected":false},"author":3,"featured_media":0,"parent":0,"menu_order":0,"comment_status":"closed","ping_status":"open","template":"","meta":{"site-sidebar-layout":"default","site-content-layout":"","ast-site-content-layout":"default","site-content-style":"default","site-sidebar-style":"default","ast-global-header-display":"","ast-banner-title-visibility":"","ast-main-header-display":"","ast-hfb-above-header-display":"","ast-hfb-below-header-display":"","ast-hfb-mobile-header-display":"","site-post-title":"","ast-breadcrumbs-content":"","ast-featured-img":"","footer-sml-layout":"","ast-disable-related-posts":"","theme-transparent-header-meta":"","adv-header-id-meta":"","stick-header-meta":"","header-above-stick-meta":"","header-main-stick-meta":"","header-below-stick-meta":"","astra-migrate-meta-layouts":"default","ast-page-background-enabled":"default","ast-page-background-meta":{"desktop":{"background-color":"","background-image":"","background-repeat":"repeat","background-position":"center center","background-size":"auto","background-attachment":"scroll","background-type":"","background-media":"","overlay-type":"","overlay-color":"","overlay-opacity":"","overlay-gradient":""},"tablet":{"background-color":"","background-image":"","background-repeat":"repeat","background-position":"center center","background-size":"auto","background-attachment":"scroll","background-type":"","background-media":"","overlay-type":"","overlay-color":"","overlay-opacity":"","overlay-gradient":""},"mobile":{"background-color":"","background-image":"","background-repeat":"repeat","background-position":"center center","background-size":"auto","background-attachment":"scroll","background-type":"","background-media":"","overlay-type":"","overlay-color":"","overlay-opacity":"","overlay-gradient":""}},"ast-content-background-meta":{"desktop":{"background-color":"var(--ast-global-color-5)","background-image":"","background-repeat":"repeat","background-position":"center center","background-size":"auto","background-attachment":"scroll","background-type":"","background-media":"","overlay-type":"","overlay-color":"","overlay-opacity":"","overlay-gradient":""},"tablet":{"background-color":"var(--ast-global-color-5)","background-image":"","background-repeat":"repeat","background-position":"center center","background-size":"auto","background-attachment":"scroll","background-type":"","background-media":"","overlay-type":"","overlay-color":"","overlay-opacity":"","overlay-gradient":""},"mobile":{"background-color":"var(--ast-global-color-5)","background-image":"","background-repeat":"repeat","background-position":"center center","background-size":"auto","background-attachment":"scroll","background-type":"","background-media":"","overlay-type":"","overlay-color":"","overlay-opacity":"","overlay-gradient":""}},"footnotes":""},"class_list":["post-2340","page","type-page","status-publish","hentry"],"_links":{"self":[{"href":"https:\/\/institucional.us.es\/orquesta\/wp-json\/wp\/v2\/pages\/2340","targetHints":{"allow":["GET"]}}],"collection":[{"href":"https:\/\/institucional.us.es\/orquesta\/wp-json\/wp\/v2\/pages"}],"about":[{"href":"https:\/\/institucional.us.es\/orquesta\/wp-json\/wp\/v2\/types\/page"}],"author":[{"embeddable":true,"href":"https:\/\/institucional.us.es\/orquesta\/wp-json\/wp\/v2\/users\/3"}],"replies":[{"embeddable":true,"href":"https:\/\/institucional.us.es\/orquesta\/wp-json\/wp\/v2\/comments?post=2340"}],"version-history":[{"count":3,"href":"https:\/\/institucional.us.es\/orquesta\/wp-json\/wp\/v2\/pages\/2340\/revisions"}],"predecessor-version":[{"id":2455,"href":"https:\/\/institucional.us.es\/orquesta\/wp-json\/wp\/v2\/pages\/2340\/revisions\/2455"}],"wp:attachment":[{"href":"https:\/\/institucional.us.es\/orquesta\/wp-json\/wp\/v2\/media?parent=2340"}],"curies":[{"name":"wp","href":"https:\/\/api.w.org\/{rel}","templated":true}]}}