{"id":2375,"date":"2022-10-20T10:29:11","date_gmt":"2022-10-20T10:29:11","guid":{"rendered":"http:\/\/institucional.us.es\/orquesta\/?page_id=2375"},"modified":"2022-10-26T11:04:41","modified_gmt":"2022-10-26T11:04:41","slug":"plantilla-concierto2-temporada-xi","status":"publish","type":"page","link":"https:\/\/institucional.us.es\/orquesta\/plantilla-concierto2-temporada-xi\/","title":{"rendered":"PLANTILLA CONCIERTO#2 TEMPORADA XI"},"content":{"rendered":"<p>CONCIERTO#2 TEMPORADA XI OSC<\/p>\n<p>28 ENERO 2022 \u00b7 ETS INGENIER\u00cdA<br \/>\n&nbsp;<br \/>\n<strong>PLANTILLA<\/strong><\/p>\n<p><strong>FLAUTAS<\/strong><br \/>\nCristina Ba\u00f1os<br \/>\nNatalia Manzano<br \/>\nAure Boichar<br \/>\nMar\u00eda<br \/>\n\u00c1ngeles Cabrera<br \/>\nMarina Cejudo<\/p>\n<p><strong>OBOES<\/strong><br \/>\nFrancisco J. \u00c1lvarez<br \/>\nVictoria Montes<br \/>\nAgust\u00edn Heredia<\/p>\n<p><strong>FAGOTES<\/strong><br \/>\nFelipe Rodr\u00edguez Barrenas<br \/>\nManuel Mart\u00edn<\/p>\n<p><strong>CLARINETES<\/strong><br \/>\nDavid Alba<br \/>\nPedro Iglesias<br \/>\nMarina Minch\u00f3n<br \/>\nJaime Jim\u00e9nez<br \/>\nRoc\u00edo Cabello<br \/>\nMar\u00eda Castillo<br \/>\nCristina Quesada<br \/>\nJos\u00e9 Carlos Rojas<br \/>\nAlberto Chac\u00f3n<\/p>\n<p><strong>SAXOFONES<\/strong><br \/>\nAaron Gonz\u00e1lez Blanco<br \/>\nLuc\u00eda Mart\u00edn<br \/>\nAlberto Reinoso<br \/>\nLuc\u00eda Garc\u00eda Bravo<br \/>\nAlejandro P\u00e9rez M\u00e1rquez<br \/>\nDavid Fern\u00e1ndez Moral<\/p>\n<p><strong>TROMPETAS<\/strong><br \/>\nManuel V\u00e1zquez<br \/>\nBeatriz Gonz\u00e1lez Padial<br \/>\nJoaqu\u00edn Amador \u00c1lvarez<br \/>\nRafael Romero<br \/>\nSebasti\u00e1n Aguilar<br \/>\nNuria Cantero<br \/>\nJaime Gonz\u00e1lez Gonz\u00e1lez<br \/>\nJuan Miguel Chamizo<\/p>\n<p><strong>TROMPAS<\/strong><br \/>\nMagdalena Rold\u00e1n<br \/>\nMar\u00eda Hoya<br \/>\nLaura Ruiz<br \/>\nLuc\u00eda Gonz\u00e1lez Guerrero<\/p>\n<p><strong>TROMBONES<\/strong><br \/>\nMar\u00eda Ben\u00edtez<br \/>\nFernando Jos\u00e9 Le\u00f3n<br \/>\nRafael Carballar<br \/>\nGonzalo Luque<br \/>\nJuan Lagares<\/p>\n<p><strong>BOMBARDINO<\/strong><br \/>\nDiego Lagares<\/p>\n<p><strong>TUBAS<\/strong><br \/>\nEnrique Sanjuan Carbonell<br \/>\nSalvador Gonz\u00e1lez Castro<\/p>\n<p><strong>PERCUSI\u00d3N<\/strong><br \/>\nJuan Hern\u00e1ndez<br \/>\nBruno Moreno<br \/>\nPablo Nieto<br \/>\nAndrea Zamora<br \/>\nGerm\u00e1n S\u00e1nchez Guti\u00e9rrez<br \/>\nPablo Badenes<br \/>\nJer\u00f3nimo Morales<\/p>\n<p><strong>ARPA<\/strong><br \/>\nBel\u00e9n Garc\u00eda S\u00e1nchez<\/p>\n<p><strong>PIANO<\/strong><br \/>\nGabriel Salgado<\/p>\n<p><strong>CHELOS Y CONTRABAJOS<\/strong><br \/>\nAdriana C\u00e9saro<br \/>\nAdriana C\u00e1ceres<br \/>\nMar\u00eda Lomas<\/p>\n","protected":false},"excerpt":{"rendered":"<p>CONCIERTO#2 TEMPORADA XI OSC 28 ENERO 2022 \u00b7 ETS INGENIER\u00cdA &nbsp; PLANTILLA FLAUTAS Cristina Ba\u00f1os Natalia Manzano Aure Boichar Mar\u00eda \u00c1ngeles Cabrera Marina Cejudo OBOES Francisco J. \u00c1lvarez Victoria Montes Agust\u00edn Heredia FAGOTES Felipe Rodr\u00edguez Barrenas Manuel Mart\u00edn CLARINETES David Alba Pedro Iglesias Marina Minch\u00f3n Jaime Jim\u00e9nez Roc\u00edo Cabello Mar\u00eda Castillo Cristina Quesada Jos\u00e9 Carlos [&hellip;]<\/p>\n","protected":false},"author":3,"featured_media":0,"parent":0,"menu_order":0,"comment_status":"closed","ping_status":"open","template":"","meta":{"site-sidebar-layout":"default","site-content-layout":"","ast-site-content-layout":"default","site-content-style":"default","site-sidebar-style":"default","ast-global-header-display":"","ast-banner-title-visibility":"","ast-main-header-display":"","ast-hfb-above-header-display":"","ast-hfb-below-header-display":"","ast-hfb-mobile-header-display":"","site-post-title":"","ast-breadcrumbs-content":"","ast-featured-img":"","footer-sml-layout":"","ast-disable-related-posts":"","theme-transparent-header-meta":"","adv-header-id-meta":"","stick-header-meta":"","header-above-stick-meta":"","header-main-stick-meta":"","header-below-stick-meta":"","astra-migrate-meta-layouts":"default","ast-page-background-enabled":"default","ast-page-background-meta":{"desktop":{"background-color":"","background-image":"","background-repeat":"repeat","background-position":"center center","background-size":"auto","background-attachment":"scroll","background-type":"","background-media":"","overlay-type":"","overlay-color":"","overlay-opacity":"","overlay-gradient":""},"tablet":{"background-color":"","background-image":"","background-repeat":"repeat","background-position":"center center","background-size":"auto","background-attachment":"scroll","background-type":"","background-media":"","overlay-type":"","overlay-color":"","overlay-opacity":"","overlay-gradient":""},"mobile":{"background-color":"","background-image":"","background-repeat":"repeat","background-position":"center center","background-size":"auto","background-attachment":"scroll","background-type":"","background-media":"","overlay-type":"","overlay-color":"","overlay-opacity":"","overlay-gradient":""}},"ast-content-background-meta":{"desktop":{"background-color":"var(--ast-global-color-5)","background-image":"","background-repeat":"repeat","background-position":"center center","background-size":"auto","background-attachment":"scroll","background-type":"","background-media":"","overlay-type":"","overlay-color":"","overlay-opacity":"","overlay-gradient":""},"tablet":{"background-color":"var(--ast-global-color-5)","background-image":"","background-repeat":"repeat","background-position":"center center","background-size":"auto","background-attachment":"scroll","background-type":"","background-media":"","overlay-type":"","overlay-color":"","overlay-opacity":"","overlay-gradient":""},"mobile":{"background-color":"var(--ast-global-color-5)","background-image":"","background-repeat":"repeat","background-position":"center center","background-size":"auto","background-attachment":"scroll","background-type":"","background-media":"","overlay-type":"","overlay-color":"","overlay-opacity":"","overlay-gradient":""}},"footnotes":""},"class_list":["post-2375","page","type-page","status-publish","hentry"],"_links":{"self":[{"href":"https:\/\/institucional.us.es\/orquesta\/wp-json\/wp\/v2\/pages\/2375","targetHints":{"allow":["GET"]}}],"collection":[{"href":"https:\/\/institucional.us.es\/orquesta\/wp-json\/wp\/v2\/pages"}],"about":[{"href":"https:\/\/institucional.us.es\/orquesta\/wp-json\/wp\/v2\/types\/page"}],"author":[{"embeddable":true,"href":"https:\/\/institucional.us.es\/orquesta\/wp-json\/wp\/v2\/users\/3"}],"replies":[{"embeddable":true,"href":"https:\/\/institucional.us.es\/orquesta\/wp-json\/wp\/v2\/comments?post=2375"}],"version-history":[{"count":5,"href":"https:\/\/institucional.us.es\/orquesta\/wp-json\/wp\/v2\/pages\/2375\/revisions"}],"predecessor-version":[{"id":2726,"href":"https:\/\/institucional.us.es\/orquesta\/wp-json\/wp\/v2\/pages\/2375\/revisions\/2726"}],"wp:attachment":[{"href":"https:\/\/institucional.us.es\/orquesta\/wp-json\/wp\/v2\/media?parent=2375"}],"curies":[{"name":"wp","href":"https:\/\/api.w.org\/{rel}","templated":true}]}}