{"id":4089,"date":"2023-06-29T11:56:32","date_gmt":"2023-06-29T11:56:32","guid":{"rendered":"https:\/\/institucional.us.es\/orquesta\/?page_id=4089"},"modified":"2023-06-29T11:56:32","modified_gmt":"2023-06-29T11:56:32","slug":"plantilla-concierto7-osc-temporada-xii","status":"publish","type":"page","link":"https:\/\/institucional.us.es\/orquesta\/plantilla-concierto7-osc-temporada-xii\/","title":{"rendered":"Plantilla Concierto#7 OSC \u2013 Temporada XII"},"content":{"rendered":"<header class=\"entry-header ast-no-thumbnail\">\n<h1 class=\"entry-title\">Plantilla Concierto#7 OSC \u2013 Temporada XII \u2013 CONCIERTO CLAUSURA US 22\/23<\/h1>\n<div class=\"entry-meta\"><span class=\"posted-by vcard author\">\u00a0<\/span><\/div>\n<\/header>\n<div class=\"entry-content clear\">\n<p>PLANTILLA CONCIERTO #7 OSC<\/p>\n<p>CONCIERTO CLAUSURA UNIVERSIDAD DE SEVILLA<\/p>\n<p>26 JUNIO 2023 \u2013 TEATRO DE LA MAESTRANZA<\/p>\n<p>&nbsp;<\/p>\n<p><strong>FLAUTAS<\/strong><br \/>\nClaudia Yepes<br \/>\nElisa Gonz\u00e1lez<\/p>\n<p><strong>OBOES<\/strong><br \/>\nVictoria Montes<br \/>\nBernab\u00e9 Arias<\/p>\n<p><strong>CLARINETES<\/strong><br \/>\nMar\u00eda Castillo<br \/>\nAlberto Chac\u00f3n<\/p>\n<p><strong>FAGOTES<\/strong><br \/>\nIrene P\u00e9rez<br \/>\nMar\u00eda Guti\u00e9rrez<br \/>\nPablo Vel\u00e1zquez<br \/>\nV\u00edctor Manuel Fern\u00e1ndez<\/p>\n<p><strong>TROMPAS<\/strong><br \/>\nMar\u00eda Hoya<br \/>\nA\u00edda Tejada<br \/>\nPablo Angulo<br \/>\nMagdalena Rold\u00e1n<\/p>\n<p><strong>TROMPETAS<\/strong><br \/>\nJaime Gonz\u00e1lez<br \/>\nRafael de Tovar<\/p>\n<p><strong>CORNETAS<\/strong><br \/>\nSebasti\u00e1n Aguilar<br \/>\nNuria Cantero Leyva<\/p>\n<p><strong>TROMBONES<\/strong><br \/>\nMar\u00eda Ben\u00edtez<br \/>\nFernando Le\u00f3n<br \/>\nVer\u00f3nica Sariego<\/p>\n<p><strong>TUBAS<\/strong><br \/>\nAlejandro Esquinas<br \/>\nJos\u00e9 Manuel L\u00f3pez<\/p>\n<p><strong>TIMBALES Y <\/strong><strong>PERCUSI\u00d3N<\/strong><br \/>\nJos\u00e9 S\u00e1nchez<br \/>\nPablo Berm\u00fadez<br \/>\nJordi Tur<br \/>\nManuel P\u00e9rez<br \/>\nJos\u00e9 Carlos Romero<\/p>\n<p><strong>ARPAS<\/strong><br \/>\nPaula Gonz\u00e1lez<br \/>\nIke Christine Zwaan<\/p>\n<p><strong>VIOLINES I<\/strong><br \/>\nNelly Romero<br \/>\nAna Ruda<br \/>\nMar\u00eda Barriga<br \/>\n\u00c1ngela Luis<br \/>\nAlejandro Ruiz<br \/>\nPedro Bravo<br \/>\nRafael D\u00edaz<br \/>\nMar\u00eda Merello<br \/>\nCarmen Garc\u00eda<br \/>\nLuc\u00eda L\u00f3pez<br \/>\nBlanca Garc\u00eda<br \/>\nMiguel Dom\u00ednguez<br \/>\nLennart Beck<br \/>\nEloy P\u00e9rez<br \/>\nMiguel Garc\u00eda<br \/>\nCarlos Crespo<\/p>\n<p><strong>VIOLINES II<\/strong><br \/>\nAdriana Puentes<br \/>\nMar\u00eda Manzano<br \/>\nAlejandro Gonz\u00e1lez<br \/>\nFrancisco M\u00e1rquez<br \/>\nCarmen Montes<br \/>\nNuria Chac\u00f3n<br \/>\nFrancisco Jos\u00e9 Campos<br \/>\nBlanca Molina<br \/>\nFrancisco V\u00e1zquez<br \/>\nDenise Valmaseda<br \/>\nAna Albero<br \/>\nJos\u00e9 \u00c1ngel Buz\u00f3n<br \/>\nShaoke Zhou<br \/>\nEsther L\u00f3pez<br \/>\nJonathan Gonz\u00e1lez<\/p>\n<p><strong>VIOLAS<\/strong><br \/>\nDiego Zagalaz<br \/>\nJuli\u00e1n Huete<br \/>\nDaniel Ortiz<br \/>\nAlejandro Mill\u00e1n<br \/>\nRa\u00fal Quesada<br \/>\nPablo Barrera<br \/>\nDesir\u00e9e Mart\u00ednez<br \/>\nFlorentina P\u00e9rez<br \/>\nJos\u00e9 Lastre<br \/>\nMichelangelo Giornetti<br \/>\n\u00c1lvaro Ramos<br \/>\nMar\u00eda Mart\u00ednez<br \/>\nPedro Villena<br \/>\nPablo Garc\u00eda<\/p>\n<p><strong>VIOLONCHELOS<\/strong><br \/>\nMario Camargo<br \/>\nMarina Guti\u00e9rrez<br \/>\nInmaculada Olmo<br \/>\nMarina Garc\u00eda<br \/>\nJaime Martos<br \/>\nPedro Samuel Montaner<br \/>\nLeonel Contreras<br \/>\nJes\u00fas Garc\u00eda<br \/>\nPilar Sheng<br \/>\nAdriana C\u00e9saro<br \/>\nMiguel Romero<\/p>\n<p><strong>CONTRABAJOS<\/strong><br \/>\nJuan Antonio Carmona<br \/>\nLuc\u00eda Rom\u00e1n<br \/>\nIsabel Mart\u00ednez<br \/>\nLorenzo Salas<br \/>\nGuillermo Arrojo<br \/>\nLuc\u00eda S\u00e1nchez<br \/>\nMarta Flores<br \/>\nXavi Boixader<\/p>\n<\/div>\n","protected":false},"excerpt":{"rendered":"<p>Plantilla Concierto#7 OSC \u2013 Temporada XII \u2013 CONCIERTO CLAUSURA US 22\/23 \u00a0 PLANTILLA CONCIERTO #7 OSC CONCIERTO CLAUSURA UNIVERSIDAD DE SEVILLA 26 JUNIO 2023 \u2013 TEATRO DE LA MAESTRANZA &nbsp; FLAUTAS Claudia Yepes Elisa Gonz\u00e1lez OBOES Victoria Montes Bernab\u00e9 Arias CLARINETES Mar\u00eda Castillo Alberto Chac\u00f3n FAGOTES Irene P\u00e9rez Mar\u00eda Guti\u00e9rrez Pablo Vel\u00e1zquez V\u00edctor Manuel Fern\u00e1ndez [&hellip;]<\/p>\n","protected":false},"author":3,"featured_media":0,"parent":0,"menu_order":0,"comment_status":"closed","ping_status":"closed","template":"","meta":{"site-sidebar-layout":"default","site-content-layout":"default","ast-site-content-layout":"default","site-content-style":"default","site-sidebar-style":"default","ast-global-header-display":"","ast-banner-title-visibility":"","ast-main-header-display":"","ast-hfb-above-header-display":"","ast-hfb-below-header-display":"","ast-hfb-mobile-header-display":"","site-post-title":"","ast-breadcrumbs-content":"","ast-featured-img":"","footer-sml-layout":"","ast-disable-related-posts":"","theme-transparent-header-meta":"default","adv-header-id-meta":"","stick-header-meta":"","header-above-stick-meta":"","header-main-stick-meta":"","header-below-stick-meta":"","astra-migrate-meta-layouts":"default","ast-page-background-enabled":"default","ast-page-background-meta":{"desktop":{"background-color":"","background-image":"","background-repeat":"repeat","background-position":"center center","background-size":"auto","background-attachment":"scroll","background-type":"","background-media":"","overlay-type":"","overlay-color":"","overlay-opacity":"","overlay-gradient":""},"tablet":{"background-color":"","background-image":"","background-repeat":"repeat","background-position":"center center","background-size":"auto","background-attachment":"scroll","background-type":"","background-media":"","overlay-type":"","overlay-color":"","overlay-opacity":"","overlay-gradient":""},"mobile":{"background-color":"","background-image":"","background-repeat":"repeat","background-position":"center center","background-size":"auto","background-attachment":"scroll","background-type":"","background-media":"","overlay-type":"","overlay-color":"","overlay-opacity":"","overlay-gradient":""}},"ast-content-background-meta":{"desktop":{"background-color":"var(--ast-global-color-5)","background-image":"","background-repeat":"repeat","background-position":"center center","background-size":"auto","background-attachment":"scroll","background-type":"","background-media":"","overlay-type":"","overlay-color":"","overlay-opacity":"","overlay-gradient":""},"tablet":{"background-color":"var(--ast-global-color-5)","background-image":"","background-repeat":"repeat","background-position":"center center","background-size":"auto","background-attachment":"scroll","background-type":"","background-media":"","overlay-type":"","overlay-color":"","overlay-opacity":"","overlay-gradient":""},"mobile":{"background-color":"var(--ast-global-color-5)","background-image":"","background-repeat":"repeat","background-position":"center center","background-size":"auto","background-attachment":"scroll","background-type":"","background-media":"","overlay-type":"","overlay-color":"","overlay-opacity":"","overlay-gradient":""}},"footnotes":""},"class_list":["post-4089","page","type-page","status-publish","hentry"],"_links":{"self":[{"href":"https:\/\/institucional.us.es\/orquesta\/wp-json\/wp\/v2\/pages\/4089","targetHints":{"allow":["GET"]}}],"collection":[{"href":"https:\/\/institucional.us.es\/orquesta\/wp-json\/wp\/v2\/pages"}],"about":[{"href":"https:\/\/institucional.us.es\/orquesta\/wp-json\/wp\/v2\/types\/page"}],"author":[{"embeddable":true,"href":"https:\/\/institucional.us.es\/orquesta\/wp-json\/wp\/v2\/users\/3"}],"replies":[{"embeddable":true,"href":"https:\/\/institucional.us.es\/orquesta\/wp-json\/wp\/v2\/comments?post=4089"}],"version-history":[{"count":1,"href":"https:\/\/institucional.us.es\/orquesta\/wp-json\/wp\/v2\/pages\/4089\/revisions"}],"predecessor-version":[{"id":4096,"href":"https:\/\/institucional.us.es\/orquesta\/wp-json\/wp\/v2\/pages\/4089\/revisions\/4096"}],"wp:attachment":[{"href":"https:\/\/institucional.us.es\/orquesta\/wp-json\/wp\/v2\/media?parent=4089"}],"curies":[{"name":"wp","href":"https:\/\/api.w.org\/{rel}","templated":true}]}}