{"id":4692,"date":"2023-11-23T12:43:31","date_gmt":"2023-11-23T12:43:31","guid":{"rendered":"https:\/\/institucional.us.es\/orquesta\/?page_id=4692"},"modified":"2023-11-23T12:44:09","modified_gmt":"2023-11-23T12:44:09","slug":"plantilla-concierto1-temporada-xiii-osc","status":"publish","type":"page","link":"https:\/\/institucional.us.es\/orquesta\/plantilla-concierto1-temporada-xiii-osc\/","title":{"rendered":"PLANTILLA CONCIERTO#1 TEMPORADA XIII OSC"},"content":{"rendered":"<p><strong>OSC. CONCIERTO#1 \u00b7 <\/strong>Viernes 17 noviembre 2023 \u00b7 19 h. ETSI<\/p>\n<p>Hugo Dom\u00ednguez Moreno \u00b7 piano<\/p>\n<p>Juan Garc\u00eda Rodr\u00edguez \u00b7 director<\/p>\n<p>&nbsp;<\/p>\n<p><strong>PROGRAMA<\/strong><\/p>\n<p>LIGETI. <em>Atmosph\u00e8res (1961)<\/em>|GERSHWIN.<em>Concerto en Fa para Piano y Orquesta (1925)<\/em>| HAYDN. <em>Sinfon\u00eda n\u00ba 101 Hob.I\/101 \u201cEl Reloj\u201d (1793-94)<\/em><\/p>\n<p>&nbsp;<\/p>\n<p><strong>PLANTILLA EN CONCIERTO<br \/>\n<\/strong><\/p>\n<p><strong>\u00a0<\/strong><\/p>\n<p><strong>FLAUTAS<\/strong><\/p>\n<p>\u00c1ngela Torres<\/p>\n<p>Aurora Reguera<\/p>\n<p>Elvira Cano<\/p>\n<p>Adri\u00e1n J\u00f3dar<\/p>\n<p>Juan Luis Merino<\/p>\n<p>M.\u00aa Pilar Dom\u00ednguez<\/p>\n<p><strong>\u00a0<\/strong><\/p>\n<p><strong>OBOES<\/strong><\/p>\n<p>Victoria Montes<\/p>\n<p>Bernab\u00e9 Arias<\/p>\n<p>Mar\u00eda Angeles Molina<\/p>\n<p>Mar\u00eda Victoria Munuera<\/p>\n<p>Roc\u00edo Dom\u00ednguez<\/p>\n<p>David de Mateo<\/p>\n<p><strong>\u00a0<\/strong><\/p>\n<p><strong>CLARINETES<\/strong><\/p>\n<p>Marco Garrido<\/p>\n<p>Mar\u00eda Gonz\u00e1lez Genil<\/p>\n<p>Pablo Forte<\/p>\n<p>Alfonso Romero<\/p>\n<p><strong>\u00a0<\/strong><\/p>\n<p><strong>FAGOTES<\/strong><\/p>\n<p>Carlos Gonz\u00e1lez Odriozola<\/p>\n<p>Mar\u00eda Guti\u00e9rrez<\/p>\n<p>V\u00edctor Manuel Fern\u00e1ndez<\/p>\n<p>Alberto Mart\u00ednez<\/p>\n<p><strong>\u00a0<\/strong><\/p>\n<p><strong>TROMPAS<\/strong><\/p>\n<p>Antonia G\u00f3mez<\/p>\n<p>Miguel Ortega<\/p>\n<p>Alejandro Barba<\/p>\n<p>Joaqu\u00edn Guti\u00e9rrez<\/p>\n<p>Manuel Moreno<\/p>\n<p>Pablo Moreno<\/p>\n<p><strong>\u00a0<\/strong><\/p>\n<p><strong>TROMPETAS<\/strong><\/p>\n<p>Alejandro Carrasco<\/p>\n<p>Remedios Garc\u00eda Jim\u00e9nez<\/p>\n<p>Antonio P\u00e9rez<\/p>\n<p>Juan Miguel Chamizo<\/p>\n<p>Jos\u00e9 Joaqu\u00edn Fern\u00e1ndez<\/p>\n<p>Manuel V\u00e1zquez<\/p>\n<p>Antonio de la Fe<\/p>\n<p><strong>\u00a0<\/strong><\/p>\n<p><strong>TROMBONES<\/strong><\/p>\n<p>Juan Ramos<\/p>\n<p>\u00c1ngel Rodr\u00edguez Boh\u00f3rquez<\/p>\n<p>Alejandro Luque<\/p>\n<p>Jared Galante<\/p>\n<p><strong>\u00a0<\/strong><\/p>\n<p><strong>TUBAS<\/strong><\/p>\n<p>Alejandro Esquinas<\/p>\n<p>PERCUSI\u00d3N<\/p>\n<p>Juan Antonio Garc\u00eda Gelo<\/p>\n<p>Pablo Jos\u00e9 Berm\u00fadez<\/p>\n<p>V\u00edctor Manzana<\/p>\n<p>Jes\u00fas Merino<\/p>\n<p>Abel Guzm\u00e1n<\/p>\n<p>Francisco Javier Cort\u00e9s<\/p>\n<p>Manuel P\u00e9rez<\/p>\n<p><strong>\u00a0<\/strong><\/p>\n<p><strong>VIOLINES I<\/strong><\/p>\n<p>Nelly Romero<\/p>\n<p>Ana M.\u00aa Crenes<\/p>\n<p>\u00c1ngela Luis Rodr\u00edguez<\/p>\n<p>Alejandro Gonz\u00e1lvez<\/p>\n<p>Rafael D\u00edaz<\/p>\n<p>Mar\u00eda Manzano<\/p>\n<p>Blanca Garc\u00eda Contreras<\/p>\n<p>Julia Rodr\u00edguez<\/p>\n<p>Mar\u00eda Merello<\/p>\n<p>Alejandro Ruiz<\/p>\n<p>Pablo Biruk<\/p>\n<p>Pedro Bravo<\/p>\n<p>Eloy P\u00e9rez<\/p>\n<p>Natalija Ljubotina<\/p>\n<p>Mar\u00eda Barriga<\/p>\n<p>Carmen Garc\u00eda Ruiz<\/p>\n<p>Miguel Dom\u00ednguez<\/p>\n<p>Adriana Puentes<\/p>\n<p><strong>\u00a0<\/strong><\/p>\n<p><strong>VIOLINES II<\/strong><\/p>\n<p>Miguel Garc\u00eda Aguilar<\/p>\n<p>Francisco Jos\u00e9 M\u00e1rquez<\/p>\n<p>Vera Mar\u00eda Germ\u00e1n<\/p>\n<p>Luc\u00eda L\u00f3pez<\/p>\n<p>Denise Valmaseda<\/p>\n<p>Luc\u00eda Lorente<\/p>\n<p>Martina Viana<\/p>\n<p>M\u00aa del Mar Valenciano<\/p>\n<p>Pedro Garc\u00eda Vargas<\/p>\n<p>Shaoke Zhou<\/p>\n<p>Francisco Jos\u00e9 Campos<\/p>\n<p>Nuria Chac\u00f3n<\/p>\n<p>Olga Chernysheva<\/p>\n<p>Pablo S\u00e1nchez Valle<\/p>\n<p>Esther L\u00f3pez<\/p>\n<p><strong>\u00a0<\/strong><\/p>\n<p><strong>VIOLAS<\/strong><\/p>\n<p>Michelangelo Giornetti<\/p>\n<p>Juli\u00e1n Huete<\/p>\n<p>Ra\u00fal Quesada<\/p>\n<p>F\u00e1tima Moga<\/p>\n<p>\u00c1lvaro Ramos<\/p>\n<p>Gloria Espada<\/p>\n<p>Desir\u00e9e Mart\u00ednez<\/p>\n<p>Rosa Mar\u00eda Manzano<\/p>\n<p>Mar\u00eda Mart\u00ednez<\/p>\n<p>Ariadna Carball\u00e1<\/p>\n<p>Daniel Ortiz<\/p>\n<p>\u00c1lvaro Ruiz<\/p>\n<p>Jos\u00e9 Rodr\u00edguez Fuente<\/p>\n<p>Andr\u00e9s G\u00f3mez<\/p>\n<p><strong>\u00a0<\/strong><\/p>\n<p><strong>VIOLONCHELOS<\/strong><\/p>\n<p>Marina Garc\u00eda Donaire<\/p>\n<p>Marina Guti\u00e9rrez<\/p>\n<p>Jaime Garc\u00eda Cant\u00f3<\/p>\n<p>Rafael Guti\u00e9rrez<\/p>\n<p>Silvia Adriana C\u00e9saro<\/p>\n<p>Inmaculada Olmo<\/p>\n<p>Jaime Martos<\/p>\n<p>Jes\u00fas Garc\u00eda de Leaniz<\/p>\n<p>Miguel Romero<\/p>\n<p>Leonel Contreras<\/p>\n<p>Irene Hern\u00e1ndez<\/p>\n<p>&nbsp;<\/p>\n<p><strong>CONTRABAJOS<\/strong><\/p>\n<p>Iv\u00e1n D\u00edaz<\/p>\n<p>Isabel Mart\u00ednez<\/p>\n<p>Jos\u00e9 Lorenzo Salas<\/p>\n<p>Marta Flores<\/p>\n<p>Juan Antonio Carmona<\/p>\n<p>Luc\u00eda L\u00f3pez<\/p>\n<p>Luis Miguel Carrasco<\/p>\n","protected":false},"excerpt":{"rendered":"<p>OSC. CONCIERTO#1 \u00b7 Viernes 17 noviembre 2023 \u00b7 19 h. ETSI Hugo Dom\u00ednguez Moreno \u00b7 piano Juan Garc\u00eda Rodr\u00edguez \u00b7 director &nbsp; PROGRAMA LIGETI. Atmosph\u00e8res (1961)|GERSHWIN.Concerto en Fa para Piano y Orquesta (1925)| HAYDN. Sinfon\u00eda n\u00ba 101 Hob.I\/101 \u201cEl Reloj\u201d (1793-94) &nbsp; PLANTILLA EN CONCIERTO \u00a0 FLAUTAS \u00c1ngela Torres Aurora Reguera Elvira Cano Adri\u00e1n J\u00f3dar [&hellip;]<\/p>\n","protected":false},"author":3,"featured_media":0,"parent":0,"menu_order":0,"comment_status":"closed","ping_status":"closed","template":"","meta":{"site-sidebar-layout":"default","site-content-layout":"","ast-site-content-layout":"default","site-content-style":"default","site-sidebar-style":"default","ast-global-header-display":"","ast-banner-title-visibility":"","ast-main-header-display":"","ast-hfb-above-header-display":"","ast-hfb-below-header-display":"","ast-hfb-mobile-header-display":"","site-post-title":"","ast-breadcrumbs-content":"","ast-featured-img":"","footer-sml-layout":"","ast-disable-related-posts":"","theme-transparent-header-meta":"default","adv-header-id-meta":"","stick-header-meta":"","header-above-stick-meta":"","header-main-stick-meta":"","header-below-stick-meta":"","astra-migrate-meta-layouts":"set","ast-page-background-enabled":"default","ast-page-background-meta":{"desktop":{"background-color":"","background-image":"","background-repeat":"repeat","background-position":"center center","background-size":"auto","background-attachment":"scroll","background-type":"","background-media":"","overlay-type":"","overlay-color":"","overlay-opacity":"","overlay-gradient":""},"tablet":{"background-color":"","background-image":"","background-repeat":"repeat","background-position":"center center","background-size":"auto","background-attachment":"scroll","background-type":"","background-media":"","overlay-type":"","overlay-color":"","overlay-opacity":"","overlay-gradient":""},"mobile":{"background-color":"","background-image":"","background-repeat":"repeat","background-position":"center center","background-size":"auto","background-attachment":"scroll","background-type":"","background-media":"","overlay-type":"","overlay-color":"","overlay-opacity":"","overlay-gradient":""}},"ast-content-background-meta":{"desktop":{"background-color":"var(--ast-global-color-5)","background-image":"","background-repeat":"repeat","background-position":"center center","background-size":"auto","background-attachment":"scroll","background-type":"","background-media":"","overlay-type":"","overlay-color":"","overlay-opacity":"","overlay-gradient":""},"tablet":{"background-color":"var(--ast-global-color-5)","background-image":"","background-repeat":"repeat","background-position":"center center","background-size":"auto","background-attachment":"scroll","background-type":"","background-media":"","overlay-type":"","overlay-color":"","overlay-opacity":"","overlay-gradient":""},"mobile":{"background-color":"var(--ast-global-color-5)","background-image":"","background-repeat":"repeat","background-position":"center center","background-size":"auto","background-attachment":"scroll","background-type":"","background-media":"","overlay-type":"","overlay-color":"","overlay-opacity":"","overlay-gradient":""}},"footnotes":""},"class_list":["post-4692","page","type-page","status-publish","hentry"],"_links":{"self":[{"href":"https:\/\/institucional.us.es\/orquesta\/wp-json\/wp\/v2\/pages\/4692","targetHints":{"allow":["GET"]}}],"collection":[{"href":"https:\/\/institucional.us.es\/orquesta\/wp-json\/wp\/v2\/pages"}],"about":[{"href":"https:\/\/institucional.us.es\/orquesta\/wp-json\/wp\/v2\/types\/page"}],"author":[{"embeddable":true,"href":"https:\/\/institucional.us.es\/orquesta\/wp-json\/wp\/v2\/users\/3"}],"replies":[{"embeddable":true,"href":"https:\/\/institucional.us.es\/orquesta\/wp-json\/wp\/v2\/comments?post=4692"}],"version-history":[{"count":3,"href":"https:\/\/institucional.us.es\/orquesta\/wp-json\/wp\/v2\/pages\/4692\/revisions"}],"predecessor-version":[{"id":4704,"href":"https:\/\/institucional.us.es\/orquesta\/wp-json\/wp\/v2\/pages\/4692\/revisions\/4704"}],"wp:attachment":[{"href":"https:\/\/institucional.us.es\/orquesta\/wp-json\/wp\/v2\/media?parent=4692"}],"curies":[{"name":"wp","href":"https:\/\/api.w.org\/{rel}","templated":true}]}}