{"id":662,"date":"2015-09-03T11:46:38","date_gmt":"2015-09-03T11:46:38","guid":{"rendered":"http:\/\/institucional.us.es\/orquesta\/?page_id=662"},"modified":"2023-02-10T11:42:24","modified_gmt":"2023-02-10T11:42:24","slug":"temporada-20152016","status":"publish","type":"page","link":"https:\/\/institucional.us.es\/orquesta\/programa-de-conciertos\/temporada-20152016\/","title":{"rendered":"TEMPORADA 2015\/2016"},"content":{"rendered":"<h2><span style=\"color: #ff6600;\"><strong><strong>OSC<\/strong><\/strong>. V Temporada 2015-2016<\/span><\/h2>\n<p style=\"text-align: justify;\">Entre las novedades que presenta la OSC en su quinta temporada de conciertos cabe destacar la extensi\u00f3n de las alianzas con otras instituciones, tales como la ESAD (Escuela Superior de Arte Dram\u00e1tico), Conservatorio Profesional de Danza de Sevilla \u201cAntonio Ruiz Soler\u201d o la UNIA (Universidad Internacional de Andaluc\u00eda) y la Fundaci\u00f3n Barenboim-Said. En colaboraci\u00f3n con estas dos \u00faltimas, se celebrar\u00e1 uno de los conciertos que mayor expectaci\u00f3n suscitar\u00e1 con total seguridad, al ser dirigida la orquesta por J. Axelrod, el nuevo director art\u00edstico de la ROSS, interpret\u00e1ndose algunas de las m\u00e1s famosas obras de Leonard Bernstein (este \u00faltimo concierto ser\u00e1 el \u00fanico que no ser\u00e1 de car\u00e1cter gratuito).<\/p>\n<p style=\"text-align: justify;\">Para conocer detalles de cada uno de los conciertos de la temporada, as\u00ed como el procedimiento para adquirir las entradas\/invitaciones, habr\u00e1 de consultarse la agenda de la p\u00e1gina web del CICUS: <span style=\"color: #ff6600;\"><a href=\"http:\/\/www.cicus.us.es\"><span style=\"color: #ff6600;\">www.cicus.us.es<\/span><\/a><\/span><\/p>\n<p>&nbsp;<br \/>\n<span style=\"color: #ff9900;\"><strong>TEMPORADA V. OSC. <\/strong><strong>CURSO 2015-2016<\/strong><\/span><br \/>\nORQUESTA SINF\u00d3NICA CONJUNTA US-CSMS<\/p>\n<p>&nbsp;<\/p>\n<h2><strong><a href=\"https:\/\/cicus.us.es\/evento\/concierto-osc-1\/\" target=\"_blank\" rel=\"noopener\"><span style=\"color: #ff6600;\">CONCIERTO #1<\/span><\/a><\/strong><\/h2>\n<p><a href=\"http:\/\/institucional.us.es\/orquesta\/wp-content\/uploads\/2019\/09\/TEMPORADA-V.jpg\"><img fetchpriority=\"high\" decoding=\"async\" class=\"alignleft wp-image-1674 size-medium\" src=\"http:\/\/institucional.us.es\/orquesta\/wp-content\/uploads\/2019\/09\/TEMPORADA-V-212x300.jpg\" alt=\"TEMPORADA V\" width=\"212\" height=\"300\" srcset=\"https:\/\/institucional.us.es\/orquesta\/wp-content\/uploads\/2019\/09\/TEMPORADA-V-212x300.jpg 212w, https:\/\/institucional.us.es\/orquesta\/wp-content\/uploads\/2019\/09\/TEMPORADA-V.jpg 645w\" sizes=\"(max-width: 212px) 100vw, 212px\" \/><\/a>Viernes 04 diciembre 2015 \u00b7 20 h \u00b7 Auditorio ETS Ingenier\u00eda<\/p>\n<p>ORQUESTA SINF\u00d3NICA CONJUNTA DE LA US-CSMS<\/p>\n<p>Auxiliadora Gil \u00b7 piano<br \/>\nJuan Garc\u00eda Rodr\u00edguez \u00b7 director<br \/>\n&nbsp;<br \/>\n<strong>&#8211; PROGRAMA &#8211;<\/strong><\/p>\n<p><strong>Manuel Castillo\u00a0<\/strong>(1930-2005)<br \/>\n<em>Concierto para piano y orquesta n\u00ba1<\/em><\/p>\n<p><strong>Anton Bruckner\u00a0<\/strong>(1824-1896)<br \/>\n<em>Sinfon\u00eda n\u00ba 2 en do menor <\/em>(2\u00aa versi\u00f3n 1877, Nowak)<\/p>\n<p>&nbsp;<\/p>\n<p>&nbsp;<\/p>\n<p>&nbsp;<\/p>\n<p><strong>Este mismo concierto con la misma plantilla y alguna variante en el programa se repetir\u00eda en el Teatro Villa de Mairena en el mismo mes de diciembre<\/strong><\/p>\n<p>9 de diciembre \u2022 Hora 21:00<\/p>\n<p>Teatro Villa de Mairena \u00b7 Mairena del Aljarafe<br \/>\n&nbsp;<br \/>\n<strong>-Programa-<\/strong><\/p>\n<p><strong>Anton Bruckner\u00a0<\/strong>(1824-1896)<br \/>\n<em>Sinfon\u00eda n\u00ba 2 en do menor <\/em>(2\u00aa versi\u00f3n 1877, Nowak)<\/p>\n<p><strong>Villancicos navide\u00f1os<\/strong><\/p>\n<p><span style=\"color: #0066cc;\"><a title=\"PLANTILLA T5 #1\" href=\"http:\/\/institucional.us.es\/orquesta\/704\/\"><span style=\"color: #ff6600;\">ENSAYOS Y PLANTILLA<\/span><\/a><\/span><\/p>\n<p>&nbsp;<\/p>\n<h2><strong><a href=\"http:\/\/cicus.us.es\/evento\/concierto-osc-2-orquesta-sinf-conjunta-us-csm\/\" target=\"_blank\" rel=\"noopener\"><span style=\"color: #ff6600;\">CONCIERTO #2<\/span><\/a><\/strong><\/h2>\n<p>Mi\u00e9rcoles 16 marzo 2016 \u00b7 20 h \u00b7 Auditorio ETS Ingenier\u00eda<\/p>\n<p>ORQUESTA SINF\u00d3NICA CONJUNTA DE LA US-CSMS<\/p>\n<p>M\u00aa Jos\u00e9 Meniz \u00b7 oboe<br \/>\nJuan Garc\u00eda Rodr\u00edguez \u00b7 director<br \/>\n&nbsp;<br \/>\n<strong>&#8211; PROGRAMA &#8211;<\/strong><\/p>\n<p><strong>Arthur Honegger\u00a0<\/strong>(1892-1955)<br \/>\n<em>Pacific 231<\/em><\/p>\n<p><strong>W.A. Mozart<\/strong>(1756-1791)<br \/>\n<em>Concierto para oboe y orquesta en do mayor KV 314 (285d)<\/em><\/p>\n<p><strong>Robert Schumann<strong> (1810-1856)<br \/>\n<\/strong><\/strong><em>Sinfon\u00eda n\u00ba 1 en Si bemol mayor Op. 38 \u201cPrimavera\u201d<\/em><\/p>\n<p><span style=\"color: #0066cc;\"><a title=\"PLANTILLA T5 #2\" href=\"http:\/\/institucional.us.es\/orquesta\/756-2\/\"><span style=\"color: #ff6600;\">ENSAYOS Y PLANTILLA<\/span><\/a><\/span><\/p>\n<p>&nbsp;<\/p>\n<h2><strong><a href=\"https:\/\/cicus.us.es\/6abr-%c2%b7-concierto-3-osc\/\" target=\"_blank\" rel=\"noopener\"><span style=\"color: #ff6600;\">CONCIERTO #3<\/span><\/a><\/strong><\/h2>\n<p>Mi\u00e9rcoles 06 abril 2016 \u00b7 20 h \u00b7 Auditorio ETS Ingenier\u00eda<\/p>\n<p>ORQUESTA SINF\u00d3NICA CONJUNTA DE LA US-CSMS<\/p>\n<p><a href=\"http:\/\/institucional.us.es\/orquesta\/wp-content\/uploads\/2019\/09\/TEMPORADA-V-Orquesta-Sinf\u00f3nica-Conjunta-tercer-concierto-de-la-V-Temporada.jpg\"><img decoding=\"async\" class=\"alignleft wp-image-1672 size-medium\" src=\"http:\/\/institucional.us.es\/orquesta\/wp-content\/uploads\/2019\/09\/TEMPORADA-V-Orquesta-Sinf\u00f3nica-Conjunta-tercer-concierto-de-la-V-Temporada-213x300.jpg\" alt=\"TEMPORADA V Orquesta-Sinf\u00f3nica-Conjunta-tercer-concierto-de-la-V-Temporada\" width=\"213\" height=\"300\" srcset=\"https:\/\/institucional.us.es\/orquesta\/wp-content\/uploads\/2019\/09\/TEMPORADA-V-Orquesta-Sinf\u00f3nica-Conjunta-tercer-concierto-de-la-V-Temporada-213x300.jpg 213w, https:\/\/institucional.us.es\/orquesta\/wp-content\/uploads\/2019\/09\/TEMPORADA-V-Orquesta-Sinf\u00f3nica-Conjunta-tercer-concierto-de-la-V-Temporada.jpg 728w\" sizes=\"(max-width: 213px) 100vw, 213px\" \/><\/a>Julio Moguer \u00b7 piano<br \/>\nJuan Garc\u00eda Rodr\u00edguez \u00b7 director<br \/>\n&nbsp;<br \/>\n<strong>&#8211; PROGRAMA &#8211;<\/strong><\/p>\n<p><strong>Arvo P\u00e4rt<\/strong> (n. 1935)<strong><br \/>\n<\/strong><em>Fratres<\/em><\/p>\n<p><strong>Paul Hindemith<\/strong> (1895-1963)<strong><br \/>\n<\/strong><em>Kammermusik n\u00ba 2 Op. 36 n\u00ba 1<\/em>, para piano y orquesta de c\u00e1mara<\/p>\n<p><strong>Darius Milhaud<\/strong> (1892-1974)<br \/>\n<em>Sinfon\u00eda de c\u00e1mara n\u00ba 3 \u201cSerenade\u201d Op. 71<\/em><\/p>\n<p><strong>Aaron Copland<\/strong> (1900-1990)<br \/>\n<em>Appalachian Spring (Suite)<\/em><\/p>\n<p><span style=\"color: #0066cc;\"><a title=\"PLANTILLA T5 #3\" href=\"http:\/\/institucional.us.es\/orquesta\/plantilla-t5-3\/\"><span style=\"color: #ff6600;\">PLANTILLA<\/span><\/a><\/span><\/p>\n<p>&nbsp;<\/p>\n<h2><strong><a href=\"https:\/\/consev.es\/nuevo-espectaculo-de-musica-y-danza-de-la-osc\/\" target=\"_blank\" rel=\"noopener\"><span style=\"color: #ff6600;\">CONCIERTO #4<\/span><\/a><\/strong><\/h2>\n<p><a href=\"http:\/\/institucional.us.es\/orquesta\/wp-content\/uploads\/2019\/09\/No-deja-de-ser-extrana-esta-imagen-de-nuestra-proximidad.jpg\"><img decoding=\"async\" class=\"alignleft wp-image-1669 size-medium\" src=\"http:\/\/institucional.us.es\/orquesta\/wp-content\/uploads\/2019\/09\/No-deja-de-ser-extrana-esta-imagen-de-nuestra-proximidad-212x300.jpg\" alt=\"No-deja-de-ser-extrana-esta-imagen-de-nuestra-proximidad\" width=\"212\" height=\"300\" srcset=\"https:\/\/institucional.us.es\/orquesta\/wp-content\/uploads\/2019\/09\/No-deja-de-ser-extrana-esta-imagen-de-nuestra-proximidad-212x300.jpg 212w, https:\/\/institucional.us.es\/orquesta\/wp-content\/uploads\/2019\/09\/No-deja-de-ser-extrana-esta-imagen-de-nuestra-proximidad-724x1024.jpg 724w, https:\/\/institucional.us.es\/orquesta\/wp-content\/uploads\/2019\/09\/No-deja-de-ser-extrana-esta-imagen-de-nuestra-proximidad.jpg 1200w\" sizes=\"(max-width: 212px) 100vw, 212px\" \/><\/a>Jueves 12 mayo 2016 \u00b7 20 h \u00b7 San Jos\u00e9 de La Rinconada. Centro Cultural de la Villa<\/p>\n<p>OSC y Alumnos de danza del CPD Antonio Ruiz Soler<\/p>\n<p>Teresa Navarrete \u00b7 coreograf\u00eda<br \/>\nJuan Garc\u00eda Rodr\u00edguez \u00b7 director<\/p>\n<p><strong>Espect\u00e1culo de m\u00fasica y danza \u201cNo deja de ser extra\u00f1a esta imagen de nuestra proximidad\u201d<\/strong><\/p>\n<p>En colaboraci\u00f3n con el Conservatorio Profesional de Danza \u201cAntonio Ruiz Soler\u201d.<\/p>\n<p>Entrada por invitaci\u00f3n a recoger en el CCV<\/p>\n<p><span style=\"color: #0066cc;\"><a title=\"PLANTILLA T5 #3\" href=\"http:\/\/institucional.us.es\/orquesta\/ensayos-y-plantillas\/\"><span style=\"color: #ff6600;\">PLANTILLA<\/span><\/a><\/span><\/p>\n<p><a href=\"https:\/\/consev.es\/wp-content\/uploads\/2016\/05\/Programa-Danza-OSC.pdf\"><span style=\"color: #ff6600;\">PROGRAMA DE MANO<\/span><\/a><\/p>\n<h2><strong><a href=\"https:\/\/cicus.us.es\/25may-%C2%B7-concierto-v-osc-%C2%B7-concierto-extraordinario-real-alcazar\/\" target=\"_blank\" rel=\"noopener\"><span style=\"color: #ff6600;\">CONCIERTO #5<\/span><\/a><\/strong><\/h2>\n<p>Mi\u00e9rcoles 25 mayo 2016 \u00b7 21:30 h \u00b7 REAL ALC\u00c1ZAR (Patio de la Monter\u00eda)<\/p>\n<p>ORQUESTA SINF\u00d3NICA CONJUNTA DE LA US-CSMS<\/p>\n<p>John Axelrod \u00b7 director<\/p>\n<p>Concierto extraordinario desarrollado de forma conjunta con el alumnado del V M\u00e1ster en interpretaci\u00f3n orquestal de la Fundaci\u00f3n Barenboim-Said y UNIA (Universidad Internacional de Andaluc\u00eda). <span style=\"color: #808080;\">De este concierto ha dicho el propio director: \u00ab<a class=\"urlLink heading\" href=\"https:\/\/www.facebook.com\/johnaxelrodmusician\/photos\/a.448528355220562.97691.448342901905774\/1069078723165519\/?type=3\" target=\"_blank\" rel=\"noopener\"><span style=\"color: #808080;\">I am most honored and encouraged to conduct the combined forces of the young musicians of the Barenboim-Said Foundation and the OSC in a Ballet Russes program at the famous UNESCO Real Alcazar in Sevilla&#8230;\u00bb<\/span><\/a><\/span><\/p>\n<p><strong><a href=\"http:\/\/institucional.us.es\/orquesta\/wp-content\/uploads\/2019\/09\/OSC-Axelrod.png\"><img loading=\"lazy\" decoding=\"async\" class=\"alignleft wp-image-1670 size-medium\" src=\"http:\/\/institucional.us.es\/orquesta\/wp-content\/uploads\/2019\/09\/OSC-Axelrod-211x300.png\" alt=\"OSC-Axelrod\" width=\"211\" height=\"300\" srcset=\"https:\/\/institucional.us.es\/orquesta\/wp-content\/uploads\/2019\/09\/OSC-Axelrod-211x300.png 211w, https:\/\/institucional.us.es\/orquesta\/wp-content\/uploads\/2019\/09\/OSC-Axelrod.png 596w\" sizes=\"(max-width: 211px) 100vw, 211px\" \/><\/a><\/strong><br \/>\n&nbsp;<br \/>\n<strong>&#8211; PROGRAMA &#8211;<\/strong><\/p>\n<p><strong>Claude Debussy<\/strong><br \/>\n<em>Pr\u00e9lude \u00e0 l\u2019apr\u00e8s-midi d\u2019un faune<\/em><\/p>\n<p><strong>Maurice Ravel<\/strong><br \/>\n<em>Ma M\u00e8re l\u00b4Oye<\/em><\/p>\n<p><strong>Manuel de Falla<\/strong><br \/>\n<em>El Sombrero de Tres Picos \u2013 Suite n\u00ba 1<\/em><\/p>\n<p><strong>Igor Stravinsky<\/strong><br \/>\nSuite del ballet <em>El P\u00e1jaro de Fuego<\/em><\/p>\n<p><span style=\"color: #0066cc;\"><a title=\"PLANTILLA T5 #3\" href=\"https:\/\/cicus.us.es\/plantilla-concierto-extraordinario-real-alcazar\/\"><span style=\"color: #ff6600;\">ENSAYOS Y PLANTILLA<\/span><\/a><\/span><\/p>\n<p>&nbsp;<\/p>\n","protected":false},"excerpt":{"rendered":"<p>OSC. V Temporada 2015-2016 Entre las novedades que presenta la OSC en su quinta temporada de conciertos cabe destacar la extensi\u00f3n de las alianzas con otras instituciones, tales como la ESAD (Escuela Superior de Arte Dram\u00e1tico), Conservatorio Profesional de Danza de Sevilla \u201cAntonio Ruiz Soler\u201d o la UNIA (Universidad Internacional de Andaluc\u00eda) y la Fundaci\u00f3n [&hellip;]<\/p>\n","protected":false},"author":3,"featured_media":0,"parent":43,"menu_order":0,"comment_status":"closed","ping_status":"closed","template":"","meta":{"site-sidebar-layout":"default","site-content-layout":"","ast-site-content-layout":"default","site-content-style":"default","site-sidebar-style":"default","ast-global-header-display":"","ast-banner-title-visibility":"","ast-main-header-display":"","ast-hfb-above-header-display":"","ast-hfb-below-header-display":"","ast-hfb-mobile-header-display":"","site-post-title":"","ast-breadcrumbs-content":"","ast-featured-img":"","footer-sml-layout":"","ast-disable-related-posts":"","theme-transparent-header-meta":"","adv-header-id-meta":"","stick-header-meta":"","header-above-stick-meta":"","header-main-stick-meta":"","header-below-stick-meta":"","astra-migrate-meta-layouts":"default","ast-page-background-enabled":"default","ast-page-background-meta":{"desktop":{"background-color":"","background-image":"","background-repeat":"repeat","background-position":"center center","background-size":"auto","background-attachment":"scroll","background-type":"","background-media":"","overlay-type":"","overlay-color":"","overlay-opacity":"","overlay-gradient":""},"tablet":{"background-color":"","background-image":"","background-repeat":"repeat","background-position":"center center","background-size":"auto","background-attachment":"scroll","background-type":"","background-media":"","overlay-type":"","overlay-color":"","overlay-opacity":"","overlay-gradient":""},"mobile":{"background-color":"","background-image":"","background-repeat":"repeat","background-position":"center center","background-size":"auto","background-attachment":"scroll","background-type":"","background-media":"","overlay-type":"","overlay-color":"","overlay-opacity":"","overlay-gradient":""}},"ast-content-background-meta":{"desktop":{"background-color":"var(--ast-global-color-5)","background-image":"","background-repeat":"repeat","background-position":"center center","background-size":"auto","background-attachment":"scroll","background-type":"","background-media":"","overlay-type":"","overlay-color":"","overlay-opacity":"","overlay-gradient":""},"tablet":{"background-color":"var(--ast-global-color-5)","background-image":"","background-repeat":"repeat","background-position":"center center","background-size":"auto","background-attachment":"scroll","background-type":"","background-media":"","overlay-type":"","overlay-color":"","overlay-opacity":"","overlay-gradient":""},"mobile":{"background-color":"var(--ast-global-color-5)","background-image":"","background-repeat":"repeat","background-position":"center center","background-size":"auto","background-attachment":"scroll","background-type":"","background-media":"","overlay-type":"","overlay-color":"","overlay-opacity":"","overlay-gradient":""}},"footnotes":""},"class_list":["post-662","page","type-page","status-publish","hentry"],"_links":{"self":[{"href":"https:\/\/institucional.us.es\/orquesta\/wp-json\/wp\/v2\/pages\/662","targetHints":{"allow":["GET"]}}],"collection":[{"href":"https:\/\/institucional.us.es\/orquesta\/wp-json\/wp\/v2\/pages"}],"about":[{"href":"https:\/\/institucional.us.es\/orquesta\/wp-json\/wp\/v2\/types\/page"}],"author":[{"embeddable":true,"href":"https:\/\/institucional.us.es\/orquesta\/wp-json\/wp\/v2\/users\/3"}],"replies":[{"embeddable":true,"href":"https:\/\/institucional.us.es\/orquesta\/wp-json\/wp\/v2\/comments?post=662"}],"version-history":[{"count":61,"href":"https:\/\/institucional.us.es\/orquesta\/wp-json\/wp\/v2\/pages\/662\/revisions"}],"predecessor-version":[{"id":3346,"href":"https:\/\/institucional.us.es\/orquesta\/wp-json\/wp\/v2\/pages\/662\/revisions\/3346"}],"up":[{"embeddable":true,"href":"https:\/\/institucional.us.es\/orquesta\/wp-json\/wp\/v2\/pages\/43"}],"wp:attachment":[{"href":"https:\/\/institucional.us.es\/orquesta\/wp-json\/wp\/v2\/media?parent=662"}],"curies":[{"name":"wp","href":"https:\/\/api.w.org\/{rel}","templated":true}]}}