{"id":955,"date":"2018-01-30T12:52:58","date_gmt":"2018-01-30T12:52:58","guid":{"rendered":"http:\/\/institucional.us.es\/orquesta\/?page_id=955"},"modified":"2024-07-01T11:15:48","modified_gmt":"2024-07-01T11:15:48","slug":"temporada-20172018","status":"publish","type":"page","link":"https:\/\/institucional.us.es\/orquesta\/programa-de-conciertos\/temporada-20172018\/","title":{"rendered":"Temporada 2017\/2018"},"content":{"rendered":"<h2 style=\"text-align: left;\"><span style=\"color: #ff6600;\"><strong><strong>OSC<\/strong><\/strong>. VII Temporada 2017-2018<\/span><\/h2>\n<p style=\"text-align: center;\"><img fetchpriority=\"high\" decoding=\"async\" class=\" wp-image-433 alignleft\" src=\"http:\/\/institucional.us.es\/orquesta\/wp-content\/uploads\/2014\/05\/131204_OSC_05_A-300x200.jpg\" alt=\"Auditorio ETS Ingenier\u00eda \u00b7 04 de diciembre de 2013 \u00b7 Foto: Marta Morera\/CICUS\" width=\"364\" height=\"229\" \/><\/p>\n<p style=\"text-align: justify;\">El 1 de diciembre de 2017 comienza la VII Temporada de conciertos de la OSC, con actuaciones previstas en diferentes escenarios de la capital. As\u00ed, los dos primeros conciertos tendr\u00e1n lugar en el espacio habitual de conciertos de la ETS de Ingenier\u00eda los d\u00edas 1 de diciembre y 9 de marzo; el 28 de abril la orquesta actuar\u00e1 en el Teatro de la Maestranza, en un concierto que se desarrollar\u00e1 en colaboraci\u00f3n con el alumnado del m\u00e1ster de la Fundaci\u00f3n Barenboim \u2013 Sa\u00efd, y que ser\u00e1 dirigido por J. Axelrod, director titular de la ROSS; en fomato camer\u00edstico la orquesta actuar\u00e1 en la Iglesia de la Anunciaci\u00f3n de la Universidad de Sevilla el 15 de mayo, en un concierto que se inscribir\u00eda en el marco de los actos que tienen lugar en conmemoraci\u00f3n del A\u00f1o Murillo; ya por \u00faltimo, y como resultante de la colaboraci\u00f3n entre el Instituto Polaco de Cultura de Madrid, CICUS, CSM Manuel Castillo e ICAS, del 8 al 10 de junio, se llevar\u00e1 a escena en el Teatro Lope de Vega el proyecto de \u00f3pera \u201cLa voz de los Excluidos\u201d, con m\u00fasica de G. Verdi y texto de \u201cEl rey Lear\u201d de Shakespeare, siendo el director musical nuevamente Juan Garc\u00eda Rodr\u00edguez y el director de escena el director polaco Micha\u0142 Znaniecki. Los conciertos de la orquesta ser\u00e1n de car\u00e1cter gratuito mediante invitaci\u00f3n, salvo los que tendr\u00e1n lugar en el Teatro de la Maestranza y Teatro Lope de Vega.<\/p>\n<p><strong>\u00a0<\/strong><\/p>\n<p><span style=\"color: #ff9900;\"><strong>TEMPORADA VII. OSC. <\/strong><strong>CURSO 2017-2018<\/strong><\/span><br \/>\nORQUESTA SINF\u00d3NICA CONJUNTA US-CSMS<\/p>\n<p>&nbsp;<\/p>\n<p>&nbsp;<\/p>\n<h2><strong><a href=\"http:\/\/cicus.us.es\/evento\/osc-%c2%b7-concierto1-%c2%b7-vii-temporada\/\" target=\"_blank\" rel=\"noopener\"><span style=\"color: #ff6600;\">CONCIERTO #1<\/span><\/a><\/strong><\/h2>\n<p>Viernes 01 diciembre 2017 \u00b7 20 h \u00b7 Auditorio ETS Ingenier\u00eda<\/p>\n<p>ORQUESTA SINF\u00d3NICA CONJUNTA<\/p>\n<p>Manuel Emilio Mar\u00ed\u00a0\u00b7 clarinete<br \/>\nJuan Garc\u00eda Rodr\u00edguez \u00b7 director<\/p>\n<p>&nbsp;<\/p>\n<p><strong>&#8211; PROGRAMA &#8211;<\/strong><\/p>\n<p><strong>Antonio J. Flores<\/strong><br \/>\n<em>Sinfon\u00eda de c\u00e1mara\u00a0<\/em><\/p>\n<p><strong>Carl Maria von Weber<\/strong><br \/>\n<em>Concierto para clarinete n\u00ba 1 en Fa menor, op. 73<\/em><\/p>\n<p><strong>Jean Sibelius<\/strong><br \/>\n<em>Sinfon\u00eda n\u00ba 3 en Do mayor, op. 52<\/em><\/p>\n<p><span style=\"color: #0066cc;\"><a title=\"PLANTILLA T8 #4\" href=\"http:\/\/institucional.us.es\/orquesta\/plantilla-t7-1\/\"><span style=\"color: #ff6600;\">PLANTILLA<\/span><\/a><\/span><\/p>\n<p>&nbsp;<\/p>\n<h2><strong><a href=\"http:\/\/cicus.us.es\/evento\/osc-%c2%b7-concierto2-%c2%b7-vii-temporada\/\" target=\"_blank\" rel=\"noopener\"><span style=\"color: #ff6600;\">CONCIERTO#2<\/span><\/a><\/strong><\/h2>\n<p><a href=\"http:\/\/institucional.us.es\/orquesta\/wp-content\/uploads\/2019\/09\/TEMPORADA-VIISegundo-concierto-temporada-2017-2018-Orquesta-Sinfonica-Conjunta-OSC.jpg\"><img decoding=\"async\" class=\"alignleft wp-image-1673 \" src=\"http:\/\/institucional.us.es\/orquesta\/wp-content\/uploads\/2019\/09\/TEMPORADA-VIISegundo-concierto-temporada-2017-2018-Orquesta-Sinfonica-Conjunta-OSC-213x300.jpg\" alt=\"TEMPORADA VIISegundo-concierto-temporada-2017-2018-Orquesta-Sinfonica-Conjunta-OSC\" width=\"249\" height=\"351\" srcset=\"https:\/\/institucional.us.es\/orquesta\/wp-content\/uploads\/2019\/09\/TEMPORADA-VIISegundo-concierto-temporada-2017-2018-Orquesta-Sinfonica-Conjunta-OSC-213x300.jpg 213w, https:\/\/institucional.us.es\/orquesta\/wp-content\/uploads\/2019\/09\/TEMPORADA-VIISegundo-concierto-temporada-2017-2018-Orquesta-Sinfonica-Conjunta-OSC-728x1024.jpg 728w, https:\/\/institucional.us.es\/orquesta\/wp-content\/uploads\/2019\/09\/TEMPORADA-VIISegundo-concierto-temporada-2017-2018-Orquesta-Sinfonica-Conjunta-OSC.jpg 1200w\" sizes=\"(max-width: 249px) 100vw, 249px\" \/><\/a>Viernes 09 de marzo 2018 \u00b7 20h \u00b7 Auditorio E.T.S. de Ingenier\u00eda<\/p>\n<p>ORQUESTA SINF\u00d3NICA CONJUNTA<\/p>\n<p>Juan Garc\u00eda Rodr\u00edguez \u00b7 direcci\u00f3n<\/p>\n<p>&nbsp;<\/p>\n<p><strong>&#8211; PROGRAMA &#8211;<\/strong><\/p>\n<p><strong>Kurt Weill<\/strong><br \/>\n<em>Concierto para viol\u00edn y orquesta<\/em><\/p>\n<p><em>Kleine Dreigroschenmusik [Peque\u00f1a M\u00fasica de Tres Peniques]<\/em><\/p>\n<p><strong>Paul Hindemith<\/strong><br \/>\n<em>Konzertmusik Op. 41<\/em><\/p>\n<p><a title=\"PLANTILLA T7 #2\" href=\"http:\/\/institucional.us.es\/orquesta\/plantilla-t7-2\/\"><span style=\"color: #ff6600;\">PLANTILLA<\/span><\/a><\/p>\n<p>&nbsp;<\/p>\n<h2><a href=\"http:\/\/cicus.us.es\/evento\/osc-%c2%b7-concierto2-%c2%b7-vii-temporada-2\/\" target=\"_blank\" rel=\"noopener\"><strong><span style=\"color: #ff6600;\">CONCIERTO ATALAYA GRANADA<\/span><\/strong><\/a><\/h2>\n<p>Mi\u00e9rcoles 14 marzo 2018 \u00b7 20h<\/p>\n<p>Paraninfo de la Universidad de Granada<\/p>\n<p>Programa y Plantilla (ver m\u00e1s arriba, concierto del 01.12.17)<\/p>\n<p>&nbsp;<\/p>\n<p>&nbsp;<\/p>\n<h2><strong><a href=\"http:\/\/cicus.us.es\/evento\/osc-%C2%B7-concierto-extraordinario-%C2%B7-the-bernstein-beat\/\" target=\"_blank\" rel=\"noopener\"><span style=\"color: #ff6600;\">CONCIERTO #3<\/span><\/a><\/strong><\/h2>\n<p><a href=\"http:\/\/institucional.us.es\/orquesta\/wp-content\/uploads\/2019\/09\/bernstein.jpg\"><img decoding=\"async\" class=\"alignleft wp-image-1671 \" src=\"http:\/\/institucional.us.es\/orquesta\/wp-content\/uploads\/2019\/09\/bernstein-212x300.jpg\" alt=\"bernstein\" width=\"251\" height=\"355\" srcset=\"https:\/\/institucional.us.es\/orquesta\/wp-content\/uploads\/2019\/09\/bernstein-212x300.jpg 212w, https:\/\/institucional.us.es\/orquesta\/wp-content\/uploads\/2019\/09\/bernstein-724x1024.jpg 724w, https:\/\/institucional.us.es\/orquesta\/wp-content\/uploads\/2019\/09\/bernstein.jpg 1200w\" sizes=\"(max-width: 251px) 100vw, 251px\" \/><\/a>S\u00e1bado 28 abril 2018 \u00b7 20:30h \u00b7 Teatro de la Maestranza<\/p>\n<p>&nbsp;<\/p>\n<p>CONCIERTO EDUCATIVO EXTRAORDINARIO. Concierto Educativo para todos los P\u00fablicos<\/p>\n<p>OSC y Alumnado del M\u00e1ster en Interpretaci\u00f3n Musical de la Fundaci\u00f3n Barenboim-Said<\/p>\n<p>Jamie Bernstein \u00b7 narradora<br \/>\nJohn Axelrod \u00b7 direcci\u00f3n<\/p>\n<p>&nbsp;<\/p>\n<p><strong>&#8211; PROGRAMA &#8211;<\/strong><\/p>\n<p><strong>Leonard Bernstein<\/strong><br \/>\n<em>The Bernstein Beat \/ El Ritmo de Bernstein: Lo que hace bailar a la m\u00fasica<\/em><\/p>\n<p><strong>Joaqu\u00edn Turina<\/strong><br \/>\n<em>Danzas Fant\u00e1sticas<\/em><br \/>\n<a title=\"PLANTILLA T7 #3\" href=\"http:\/\/institucional.us.es\/orquesta\/plantilla-t7-3\/\"><span style=\"color: #ff6600;\">PLANTILLA<\/span><\/a><\/p>\n<p>&nbsp;<\/p>\n<p>Un Proyecto de la Orquesta Sinf\u00f3nica Conjunta, Fundaci\u00f3n Barenboim \u2013 Sa\u00efd, UNIA, ROSS<br \/>\nEntradas: 5\u20ac-10\u20ac en Taquillas del Teatro de la Maestranza y en generaltickets.com<\/p>\n<p>&nbsp;<\/p>\n<h2><strong><a href=\"https:\/\/cicus.us.es\/anunciacion-%c2%b7-concierto4-%c2%b7-osc\/\" target=\"_blank\" rel=\"noopener\"><span style=\"color: #ff6600;\">CONCIERTO #4<\/span><\/a><\/strong><\/h2>\n<p>Martes 15 mayo \u00b7 20:30h \u00b7 Iglesia de la Anunciaci\u00f3n.<\/p>\n<p>ORQUESTA DE C\u00c1MARA DE LA OSC<\/p>\n<p>Masataka Suganuma \u00b7 guitarra<br \/>\nWolfgang Kurz\u00a0\u00b7 direcci\u00f3n<\/p>\n<p>&nbsp;<\/p>\n<p><strong>&#8211; PROGRAMA &#8211;<\/strong><\/p>\n<p><strong>A. Honegger<\/strong><br \/>\n<em>Pastoral d&#8217;\u00e9t\u00e9 <\/em><\/p>\n<p><strong>M. Castelnuovo<\/strong><br \/>\n<em>Concierto de Guitarra<\/em><\/p>\n<p><strong>M. Castillo<\/strong><br \/>\n<em>Cuadros de Murillo<\/em><\/p>\n<p><strong>B. Bartok<\/strong><br \/>\n<em>Seis Danzas Folkl\u00f3ricas Rumanas<\/em><\/p>\n<p><strong>W. Kurz<\/strong><br \/>\n<em>Let\u00b4s Tan-go<\/em><\/p>\n<p><a title=\"PLANTILLA T7 #4\" href=\"http:\/\/institucional.us.es\/orquesta\/plantilla-t7-4\/\"><span style=\"color: #ff6600;\">PLANTILLA<\/span><\/a><\/p>\n<p>&nbsp;<\/p>\n<h2><strong><a href=\"https:\/\/cicus.us.es\/opera-%c2%b7-buscando-al-rey-%c2%b7-la-voz-de-los-excluidos-2-3\/\" target=\"_blank\" rel=\"noopener\"><span style=\"color: #ff6600;\">CONCIERTO EXTRAORDINARIO<\/span><\/a><\/strong><\/h2>\n<figure id=\"attachment_1264\" aria-describedby=\"caption-attachment-1264\" style=\"width: 413px\" class=\"wp-caption alignleft\"><a href=\"http:\/\/institucional.us.es\/orquesta\/wp-content\/uploads\/2014\/05\/IMG_20180605_1836231.jpg\"><img loading=\"lazy\" decoding=\"async\" class=\" wp-image-1264\" src=\"http:\/\/institucional.us.es\/orquesta\/wp-content\/uploads\/2014\/05\/IMG_20180605_1836231-1024x575.jpg\" alt=\"Buscando al Rey. La Voz de los Excluidos\" width=\"413\" height=\"260\" \/><\/a><figcaption id=\"caption-attachment-1264\" class=\"wp-caption-text\">Buscando al Rey. La Voz de los Excluidos<\/figcaption><\/figure>\n<p>Viernes 8 al domingo 10 junio \u00b7 20:30h \u00b7 Teatro Lope de Vega<\/p>\n<p>ORQUESTA SINF\u00d3NICA CONJUNTA<\/p>\n<p>Juan Garc\u00eda Rodr\u00edguez \u00b7 direcci\u00f3n musical<br \/>\nMichal Znaniecki \u00b7 direcci\u00f3n de escena<\/p>\n<p>&nbsp;<\/p>\n<p><strong>&#8211; PROGRAMA-<\/strong><\/p>\n<p>\u00d3pera.<strong> \u00abBuscando Al Rey\u00bb-La Voz de los Excluidos<\/strong><\/p>\n<p>M\u00fasica: Giuseppe Verdi<br \/>\nTexto: \u201cEl rey Lear\u201d de W. Shakespeare<\/p>\n<p><a title=\"PLANTILLA T7 \u00d3PERA\" href=\"http:\/\/institucional.us.es\/orquesta\/plantilla-t7-opera\/\"><span style=\"color: #ff6600;\">PLANTILLA<\/span><\/a><\/p>\n<p>&nbsp;<\/p>\n<p>Una colaboraci\u00f3n del Ayuntamiento de Sevilla, Instituto Polaco de Cultura de Madrid, CICUS, CSM Manuel Castillo e ICAS <span style=\"color: #ff6600;\"><a title=\"+info\" href=\"http:\/\/teatrolopedevega.org\/opera-la-voz-de-los-excluidos-del-instituto-polaco-de-madrid-y-cicus\/\" target=\"_blank\" rel=\"noopener\"><span style=\"color: #ff6600;\">+info<\/span><\/a><\/span><\/p>\n<p>&nbsp;<\/p>\n<p>&nbsp;<\/p>\n<p>&nbsp;<\/p>\n<p>&nbsp;<\/p>\n<p>&nbsp;<\/p>\n<p>&nbsp;<\/p>\n<p>&nbsp;<\/p>\n","protected":false},"excerpt":{"rendered":"<p>OSC. VII Temporada 2017-2018 El 1 de diciembre de 2017 comienza la VII Temporada de conciertos de la OSC, con actuaciones previstas en diferentes escenarios de la capital. As\u00ed, los dos primeros conciertos tendr\u00e1n lugar en el espacio habitual de conciertos de la ETS de Ingenier\u00eda los d\u00edas 1 de diciembre y 9 de marzo; [&hellip;]<\/p>\n","protected":false},"author":3,"featured_media":0,"parent":43,"menu_order":0,"comment_status":"closed","ping_status":"closed","template":"","meta":{"site-sidebar-layout":"default","site-content-layout":"","ast-site-content-layout":"default","site-content-style":"default","site-sidebar-style":"default","ast-global-header-display":"","ast-banner-title-visibility":"","ast-main-header-display":"","ast-hfb-above-header-display":"","ast-hfb-below-header-display":"","ast-hfb-mobile-header-display":"","site-post-title":"","ast-breadcrumbs-content":"","ast-featured-img":"","footer-sml-layout":"","ast-disable-related-posts":"","theme-transparent-header-meta":"default","adv-header-id-meta":"","stick-header-meta":"","header-above-stick-meta":"","header-main-stick-meta":"","header-below-stick-meta":"","astra-migrate-meta-layouts":"set","ast-page-background-enabled":"default","ast-page-background-meta":{"desktop":{"background-color":"","background-image":"","background-repeat":"repeat","background-position":"center center","background-size":"auto","background-attachment":"scroll","background-type":"","background-media":"","overlay-type":"","overlay-color":"","overlay-opacity":"","overlay-gradient":""},"tablet":{"background-color":"","background-image":"","background-repeat":"repeat","background-position":"center center","background-size":"auto","background-attachment":"scroll","background-type":"","background-media":"","overlay-type":"","overlay-color":"","overlay-opacity":"","overlay-gradient":""},"mobile":{"background-color":"","background-image":"","background-repeat":"repeat","background-position":"center center","background-size":"auto","background-attachment":"scroll","background-type":"","background-media":"","overlay-type":"","overlay-color":"","overlay-opacity":"","overlay-gradient":""}},"ast-content-background-meta":{"desktop":{"background-color":"var(--ast-global-color-5)","background-image":"","background-repeat":"repeat","background-position":"center center","background-size":"auto","background-attachment":"scroll","background-type":"","background-media":"","overlay-type":"","overlay-color":"","overlay-opacity":"","overlay-gradient":""},"tablet":{"background-color":"var(--ast-global-color-5)","background-image":"","background-repeat":"repeat","background-position":"center center","background-size":"auto","background-attachment":"scroll","background-type":"","background-media":"","overlay-type":"","overlay-color":"","overlay-opacity":"","overlay-gradient":""},"mobile":{"background-color":"var(--ast-global-color-5)","background-image":"","background-repeat":"repeat","background-position":"center center","background-size":"auto","background-attachment":"scroll","background-type":"","background-media":"","overlay-type":"","overlay-color":"","overlay-opacity":"","overlay-gradient":""}},"footnotes":""},"class_list":["post-955","page","type-page","status-publish","hentry"],"_links":{"self":[{"href":"https:\/\/institucional.us.es\/orquesta\/wp-json\/wp\/v2\/pages\/955","targetHints":{"allow":["GET"]}}],"collection":[{"href":"https:\/\/institucional.us.es\/orquesta\/wp-json\/wp\/v2\/pages"}],"about":[{"href":"https:\/\/institucional.us.es\/orquesta\/wp-json\/wp\/v2\/types\/page"}],"author":[{"embeddable":true,"href":"https:\/\/institucional.us.es\/orquesta\/wp-json\/wp\/v2\/users\/3"}],"replies":[{"embeddable":true,"href":"https:\/\/institucional.us.es\/orquesta\/wp-json\/wp\/v2\/comments?post=955"}],"version-history":[{"count":62,"href":"https:\/\/institucional.us.es\/orquesta\/wp-json\/wp\/v2\/pages\/955\/revisions"}],"predecessor-version":[{"id":5161,"href":"https:\/\/institucional.us.es\/orquesta\/wp-json\/wp\/v2\/pages\/955\/revisions\/5161"}],"up":[{"embeddable":true,"href":"https:\/\/institucional.us.es\/orquesta\/wp-json\/wp\/v2\/pages\/43"}],"wp:attachment":[{"href":"https:\/\/institucional.us.es\/orquesta\/wp-json\/wp\/v2\/media?parent=955"}],"curies":[{"name":"wp","href":"https:\/\/api.w.org\/{rel}","templated":true}]}}