{"id":12129,"date":"2020-07-12T09:25:20","date_gmt":"2020-07-12T09:25:20","guid":{"rendered":"http:\/\/institucional.us.es\/quadraginta\/search-videos\/"},"modified":"2022-11-14T16:53:19","modified_gmt":"2022-11-14T16:53:19","slug":"search-videos","status":"publish","type":"page","link":"https:\/\/institucional.us.es\/quadraginta\/search-videos\/","title":{"rendered":"Pel\u00edculas"},"content":{"rendered":"\r\n<div id=\"aiovg-69e744927f0f31\" class=\"aiovg aiovg-videos aiovg-videos-template-classic\">\r\n        \r\n    <!-- Videos -->\r\n    <div class=\"aiovg-section-videos aiovg-grid aiovg-row\">   \r\n                    \r\n            <div class=\"aiovg-item-video aiovg-item-video-12138 aiovg-col aiovg-col-4 aiovg-col-sm-3 aiovg-col-xs-2\" data-id=\"12138\">\r\n                \n<div class=\"aiovg-thumbnail aiovg-thumbnail-style-image-top\">\n    <a href=\"https:\/\/institucional.us.es\/quadraginta\/aiovg_videos\/el_contexto_el_texto\/\" class=\"aiovg-responsive-container\" style=\"padding-bottom: 56.25%;\"><img decoding=\"async\" src=\"https:\/\/institucional.us.es\/quadraginta\/wp-content\/uploads\/2021\/11\/Q01-300x169.jpg\" alt=\"El contexto, el texto (Espa\u00f1a)\" class=\"aiovg-responsive-element\"\/><svg xmlns=\"http:\/\/www.w3.org\/2000\/svg\" fill=\"white\" width=\"40\" height=\"40\" viewBox=\"0 0 24 24\" class=\"aiovg-svg-icon-play aiovg-flex-shrink-0\">\n            <path fill-rule=\"evenodd\" d=\"M2.25 12c0-5.385 4.365-9.75 9.75-9.75s9.75 4.365 9.75 9.75-4.365 9.75-9.75 9.75S2.25 17.385 2.25 12Zm14.024-.983a1.125 1.125 0 0 1 0 1.966l-5.603 3.113A1.125 1.125 0 0 1 9 15.113V8.887c0-.857.921-1.4 1.671-.983l5.603 3.113Z\" clip-rule=\"evenodd\" \/>\n        <\/svg><\/a> \n    <div class=\"aiovg-caption\">\n                    <div class=\"aiovg-title\">\n                <a href=\"https:\/\/institucional.us.es\/quadraginta\/aiovg_videos\/el_contexto_el_texto\/\" class=\"aiovg-link-title\">El contexto, el texto (Espa\u00f1a)<\/a>            <\/div>\n        \n        \n               \n        \n        \n               \n\n         \n        \n            <\/div>    \n<\/div>            \r\n            <\/div>                \r\n                        \r\n            <div class=\"aiovg-item-video aiovg-item-video-12312 aiovg-col aiovg-col-4 aiovg-col-sm-3 aiovg-col-xs-2\" data-id=\"12312\">\r\n                \n<div class=\"aiovg-thumbnail aiovg-thumbnail-style-image-top\">\n    <a href=\"https:\/\/institucional.us.es\/quadraginta\/aiovg_videos\/tiempo-de-covid\/\" class=\"aiovg-responsive-container\" style=\"padding-bottom: 56.25%;\"><img decoding=\"async\" src=\"https:\/\/institucional.us.es\/quadraginta\/wp-content\/uploads\/2021\/11\/Q02-300x169.jpg\" alt=\"Tiempo de Covid (Alemania)\" class=\"aiovg-responsive-element\"\/><svg xmlns=\"http:\/\/www.w3.org\/2000\/svg\" fill=\"white\" width=\"40\" height=\"40\" viewBox=\"0 0 24 24\" class=\"aiovg-svg-icon-play aiovg-flex-shrink-0\">\n            <path fill-rule=\"evenodd\" d=\"M2.25 12c0-5.385 4.365-9.75 9.75-9.75s9.75 4.365 9.75 9.75-4.365 9.75-9.75 9.75S2.25 17.385 2.25 12Zm14.024-.983a1.125 1.125 0 0 1 0 1.966l-5.603 3.113A1.125 1.125 0 0 1 9 15.113V8.887c0-.857.921-1.4 1.671-.983l5.603 3.113Z\" clip-rule=\"evenodd\" \/>\n        <\/svg><\/a> \n    <div class=\"aiovg-caption\">\n                    <div class=\"aiovg-title\">\n                <a href=\"https:\/\/institucional.us.es\/quadraginta\/aiovg_videos\/tiempo-de-covid\/\" class=\"aiovg-link-title\">Tiempo de Covid (Alemania)<\/a>            <\/div>\n        \n        \n               \n        \n        \n               \n\n         \n        \n            <\/div>    \n<\/div>            \r\n            <\/div>                \r\n                        \r\n            <div class=\"aiovg-item-video aiovg-item-video-12350 aiovg-col aiovg-col-4 aiovg-col-sm-3 aiovg-col-xs-2\" data-id=\"12350\">\r\n                \n<div class=\"aiovg-thumbnail aiovg-thumbnail-style-image-top\">\n    <a href=\"https:\/\/institucional.us.es\/quadraginta\/aiovg_videos\/sentidos-camila-murcia-gutierrez-colombia\/\" class=\"aiovg-responsive-container\" style=\"padding-bottom: 56.25%;\"><img decoding=\"async\" src=\"https:\/\/institucional.us.es\/quadraginta\/wp-content\/uploads\/2021\/11\/Q03-300x169.jpg\" alt=\"Sentidos (Colombia)\" class=\"aiovg-responsive-element\"\/><svg xmlns=\"http:\/\/www.w3.org\/2000\/svg\" fill=\"white\" width=\"40\" height=\"40\" viewBox=\"0 0 24 24\" class=\"aiovg-svg-icon-play aiovg-flex-shrink-0\">\n            <path fill-rule=\"evenodd\" d=\"M2.25 12c0-5.385 4.365-9.75 9.75-9.75s9.75 4.365 9.75 9.75-4.365 9.75-9.75 9.75S2.25 17.385 2.25 12Zm14.024-.983a1.125 1.125 0 0 1 0 1.966l-5.603 3.113A1.125 1.125 0 0 1 9 15.113V8.887c0-.857.921-1.4 1.671-.983l5.603 3.113Z\" clip-rule=\"evenodd\" \/>\n        <\/svg><\/a> \n    <div class=\"aiovg-caption\">\n                    <div class=\"aiovg-title\">\n                <a href=\"https:\/\/institucional.us.es\/quadraginta\/aiovg_videos\/sentidos-camila-murcia-gutierrez-colombia\/\" class=\"aiovg-link-title\">Sentidos (Colombia)<\/a>            <\/div>\n        \n        \n               \n        \n        \n               \n\n         \n        \n            <\/div>    \n<\/div>            \r\n            <\/div>                \r\n                        \r\n            <div class=\"aiovg-item-video aiovg-item-video-12139 aiovg-col aiovg-col-4 aiovg-col-sm-3 aiovg-col-xs-2\" data-id=\"12139\">\r\n                \n<div class=\"aiovg-thumbnail aiovg-thumbnail-style-image-top\">\n    <a href=\"https:\/\/institucional.us.es\/quadraginta\/aiovg_videos\/l_appel_du_vide\/\" class=\"aiovg-responsive-container\" style=\"padding-bottom: 56.25%;\"><img decoding=\"async\" src=\"https:\/\/institucional.us.es\/quadraginta\/wp-content\/uploads\/2021\/11\/Q04-300x169.jpg\" alt=\"L&#039;Appel du Vide (Espa\u00f1a)\" class=\"aiovg-responsive-element\"\/><svg xmlns=\"http:\/\/www.w3.org\/2000\/svg\" fill=\"white\" width=\"40\" height=\"40\" viewBox=\"0 0 24 24\" class=\"aiovg-svg-icon-play aiovg-flex-shrink-0\">\n            <path fill-rule=\"evenodd\" d=\"M2.25 12c0-5.385 4.365-9.75 9.75-9.75s9.75 4.365 9.75 9.75-4.365 9.75-9.75 9.75S2.25 17.385 2.25 12Zm14.024-.983a1.125 1.125 0 0 1 0 1.966l-5.603 3.113A1.125 1.125 0 0 1 9 15.113V8.887c0-.857.921-1.4 1.671-.983l5.603 3.113Z\" clip-rule=\"evenodd\" \/>\n        <\/svg><\/a> \n    <div class=\"aiovg-caption\">\n                    <div class=\"aiovg-title\">\n                <a href=\"https:\/\/institucional.us.es\/quadraginta\/aiovg_videos\/l_appel_du_vide\/\" class=\"aiovg-link-title\">L&#8217;Appel du Vide (Espa\u00f1a)<\/a>            <\/div>\n        \n        \n               \n        \n        \n               \n\n         \n        \n            <\/div>    \n<\/div>            \r\n            <\/div>                \r\n                        \r\n            <div class=\"aiovg-item-video aiovg-item-video-12132 aiovg-col aiovg-col-4 aiovg-col-sm-3 aiovg-col-xs-2\" data-id=\"12132\">\r\n                \n<div class=\"aiovg-thumbnail aiovg-thumbnail-style-image-top\">\n    <a href=\"https:\/\/institucional.us.es\/quadraginta\/aiovg_videos\/des-cotidiano\/\" class=\"aiovg-responsive-container\" style=\"padding-bottom: 56.25%;\"><img decoding=\"async\" src=\"https:\/\/institucional.us.es\/quadraginta\/wp-content\/uploads\/2021\/11\/Q05-300x169.jpg\" alt=\"Des-cotidiano (M\u00e9xico)\" class=\"aiovg-responsive-element\"\/><svg xmlns=\"http:\/\/www.w3.org\/2000\/svg\" fill=\"white\" width=\"40\" height=\"40\" viewBox=\"0 0 24 24\" class=\"aiovg-svg-icon-play aiovg-flex-shrink-0\">\n            <path fill-rule=\"evenodd\" d=\"M2.25 12c0-5.385 4.365-9.75 9.75-9.75s9.75 4.365 9.75 9.75-4.365 9.75-9.75 9.75S2.25 17.385 2.25 12Zm14.024-.983a1.125 1.125 0 0 1 0 1.966l-5.603 3.113A1.125 1.125 0 0 1 9 15.113V8.887c0-.857.921-1.4 1.671-.983l5.603 3.113Z\" clip-rule=\"evenodd\" \/>\n        <\/svg><\/a> \n    <div class=\"aiovg-caption\">\n                    <div class=\"aiovg-title\">\n                <a href=\"https:\/\/institucional.us.es\/quadraginta\/aiovg_videos\/des-cotidiano\/\" class=\"aiovg-link-title\">Des-cotidiano (M\u00e9xico)<\/a>            <\/div>\n        \n        \n               \n        \n        \n               \n\n         \n        \n            <\/div>    \n<\/div>            \r\n            <\/div>                \r\n                        \r\n            <div class=\"aiovg-item-video aiovg-item-video-12351 aiovg-col aiovg-col-4 aiovg-col-sm-3 aiovg-col-xs-2\" data-id=\"12351\">\r\n                \n<div class=\"aiovg-thumbnail aiovg-thumbnail-style-image-top\">\n    <a href=\"https:\/\/institucional.us.es\/quadraginta\/aiovg_videos\/quilombo-leopoldo-muschitiello-paises-bajos\/\" class=\"aiovg-responsive-container\" style=\"padding-bottom: 56.25%;\"><img decoding=\"async\" src=\"https:\/\/institucional.us.es\/quadraginta\/wp-content\/uploads\/2021\/11\/Q06-300x169.jpg\" alt=\"Quilombo (Pa\u00edses Bajos)\" class=\"aiovg-responsive-element\"\/><svg xmlns=\"http:\/\/www.w3.org\/2000\/svg\" fill=\"white\" width=\"40\" height=\"40\" viewBox=\"0 0 24 24\" class=\"aiovg-svg-icon-play aiovg-flex-shrink-0\">\n            <path fill-rule=\"evenodd\" d=\"M2.25 12c0-5.385 4.365-9.75 9.75-9.75s9.75 4.365 9.75 9.75-4.365 9.75-9.75 9.75S2.25 17.385 2.25 12Zm14.024-.983a1.125 1.125 0 0 1 0 1.966l-5.603 3.113A1.125 1.125 0 0 1 9 15.113V8.887c0-.857.921-1.4 1.671-.983l5.603 3.113Z\" clip-rule=\"evenodd\" \/>\n        <\/svg><\/a> \n    <div class=\"aiovg-caption\">\n                    <div class=\"aiovg-title\">\n                <a href=\"https:\/\/institucional.us.es\/quadraginta\/aiovg_videos\/quilombo-leopoldo-muschitiello-paises-bajos\/\" class=\"aiovg-link-title\">Quilombo (Pa\u00edses Bajos)<\/a>            <\/div>\n        \n        \n               \n        \n        \n               \n\n         \n        \n            <\/div>    \n<\/div>            \r\n            <\/div>                \r\n                        \r\n            <div class=\"aiovg-item-video aiovg-item-video-12137 aiovg-col aiovg-col-4 aiovg-col-sm-3 aiovg-col-xs-2\" data-id=\"12137\">\r\n                \n<div class=\"aiovg-thumbnail aiovg-thumbnail-style-image-top\">\n    <a href=\"https:\/\/institucional.us.es\/quadraginta\/aiovg_videos\/time\/\" class=\"aiovg-responsive-container\" style=\"padding-bottom: 56.25%;\"><img decoding=\"async\" src=\"https:\/\/institucional.us.es\/quadraginta\/wp-content\/uploads\/2021\/11\/Q07-300x169.jpg\" alt=\"Time (India)\" class=\"aiovg-responsive-element\"\/><svg xmlns=\"http:\/\/www.w3.org\/2000\/svg\" fill=\"white\" width=\"40\" height=\"40\" viewBox=\"0 0 24 24\" class=\"aiovg-svg-icon-play aiovg-flex-shrink-0\">\n            <path fill-rule=\"evenodd\" d=\"M2.25 12c0-5.385 4.365-9.75 9.75-9.75s9.75 4.365 9.75 9.75-4.365 9.75-9.75 9.75S2.25 17.385 2.25 12Zm14.024-.983a1.125 1.125 0 0 1 0 1.966l-5.603 3.113A1.125 1.125 0 0 1 9 15.113V8.887c0-.857.921-1.4 1.671-.983l5.603 3.113Z\" clip-rule=\"evenodd\" \/>\n        <\/svg><\/a> \n    <div class=\"aiovg-caption\">\n                    <div class=\"aiovg-title\">\n                <a href=\"https:\/\/institucional.us.es\/quadraginta\/aiovg_videos\/time\/\" class=\"aiovg-link-title\">Time (India)<\/a>            <\/div>\n        \n        \n               \n        \n        \n               \n\n         \n        \n            <\/div>    \n<\/div>            \r\n            <\/div>                \r\n                        \r\n            <div class=\"aiovg-item-video aiovg-item-video-12368 aiovg-col aiovg-col-4 aiovg-col-sm-3 aiovg-col-xs-2\" data-id=\"12368\">\r\n                \n<div class=\"aiovg-thumbnail aiovg-thumbnail-style-image-top\">\n    <a href=\"https:\/\/institucional.us.es\/quadraginta\/aiovg_videos\/fruto-da-modernidade\/\" class=\"aiovg-responsive-container\" style=\"padding-bottom: 56.25%;\"><img decoding=\"async\" src=\"https:\/\/institucional.us.es\/quadraginta\/wp-content\/uploads\/2021\/11\/Q08-300x169.jpg\" alt=\"Fruto da Modernidade (Brasil)\" class=\"aiovg-responsive-element\"\/><svg xmlns=\"http:\/\/www.w3.org\/2000\/svg\" fill=\"white\" width=\"40\" height=\"40\" viewBox=\"0 0 24 24\" class=\"aiovg-svg-icon-play aiovg-flex-shrink-0\">\n            <path fill-rule=\"evenodd\" d=\"M2.25 12c0-5.385 4.365-9.75 9.75-9.75s9.75 4.365 9.75 9.75-4.365 9.75-9.75 9.75S2.25 17.385 2.25 12Zm14.024-.983a1.125 1.125 0 0 1 0 1.966l-5.603 3.113A1.125 1.125 0 0 1 9 15.113V8.887c0-.857.921-1.4 1.671-.983l5.603 3.113Z\" clip-rule=\"evenodd\" \/>\n        <\/svg><\/a> \n    <div class=\"aiovg-caption\">\n                    <div class=\"aiovg-title\">\n                <a href=\"https:\/\/institucional.us.es\/quadraginta\/aiovg_videos\/fruto-da-modernidade\/\" class=\"aiovg-link-title\">Fruto da Modernidade (Brasil)<\/a>            <\/div>\n        \n        \n               \n        \n        \n               \n\n         \n        \n            <\/div>    \n<\/div>            \r\n            <\/div>                \r\n                        \r\n            <div class=\"aiovg-item-video aiovg-item-video-12381 aiovg-col aiovg-col-4 aiovg-col-sm-3 aiovg-col-xs-2\" data-id=\"12381\">\r\n                \n<div class=\"aiovg-thumbnail aiovg-thumbnail-style-image-top\">\n    <a href=\"https:\/\/institucional.us.es\/quadraginta\/aiovg_videos\/hacemos-lo-que-podemos-chile\/\" class=\"aiovg-responsive-container\" style=\"padding-bottom: 56.25%;\"><img decoding=\"async\" src=\"https:\/\/institucional.us.es\/quadraginta\/wp-content\/uploads\/2021\/11\/Q09-300x169.jpg\" alt=\"Hacemos lo que podemos (Chile)\" class=\"aiovg-responsive-element\"\/><svg xmlns=\"http:\/\/www.w3.org\/2000\/svg\" fill=\"white\" width=\"40\" height=\"40\" viewBox=\"0 0 24 24\" class=\"aiovg-svg-icon-play aiovg-flex-shrink-0\">\n            <path fill-rule=\"evenodd\" d=\"M2.25 12c0-5.385 4.365-9.75 9.75-9.75s9.75 4.365 9.75 9.75-4.365 9.75-9.75 9.75S2.25 17.385 2.25 12Zm14.024-.983a1.125 1.125 0 0 1 0 1.966l-5.603 3.113A1.125 1.125 0 0 1 9 15.113V8.887c0-.857.921-1.4 1.671-.983l5.603 3.113Z\" clip-rule=\"evenodd\" \/>\n        <\/svg><\/a> \n    <div class=\"aiovg-caption\">\n                    <div class=\"aiovg-title\">\n                <a href=\"https:\/\/institucional.us.es\/quadraginta\/aiovg_videos\/hacemos-lo-que-podemos-chile\/\" class=\"aiovg-link-title\">Hacemos lo que podemos (Chile)<\/a>            <\/div>\n        \n        \n               \n        \n        \n               \n\n         \n        \n            <\/div>    \n<\/div>            \r\n            <\/div>                \r\n                        \r\n            <div class=\"aiovg-item-video aiovg-item-video-12385 aiovg-col aiovg-col-4 aiovg-col-sm-3 aiovg-col-xs-2\" data-id=\"12385\">\r\n                \n<div class=\"aiovg-thumbnail aiovg-thumbnail-style-image-top\">\n    <a href=\"https:\/\/institucional.us.es\/quadraginta\/aiovg_videos\/refelxion-de-cuarentena-republica-dominicana\/\" class=\"aiovg-responsive-container\" style=\"padding-bottom: 56.25%;\"><img decoding=\"async\" src=\"https:\/\/institucional.us.es\/quadraginta\/wp-content\/uploads\/2021\/11\/Q10-300x169.jpg\" alt=\"Reflexi\u00f3n de Cuarentena (Rep\u00fablica Dominicana)\" class=\"aiovg-responsive-element\"\/><svg xmlns=\"http:\/\/www.w3.org\/2000\/svg\" fill=\"white\" width=\"40\" height=\"40\" viewBox=\"0 0 24 24\" class=\"aiovg-svg-icon-play aiovg-flex-shrink-0\">\n            <path fill-rule=\"evenodd\" d=\"M2.25 12c0-5.385 4.365-9.75 9.75-9.75s9.75 4.365 9.75 9.75-4.365 9.75-9.75 9.75S2.25 17.385 2.25 12Zm14.024-.983a1.125 1.125 0 0 1 0 1.966l-5.603 3.113A1.125 1.125 0 0 1 9 15.113V8.887c0-.857.921-1.4 1.671-.983l5.603 3.113Z\" clip-rule=\"evenodd\" \/>\n        <\/svg><\/a> \n    <div class=\"aiovg-caption\">\n                    <div class=\"aiovg-title\">\n                <a href=\"https:\/\/institucional.us.es\/quadraginta\/aiovg_videos\/refelxion-de-cuarentena-republica-dominicana\/\" class=\"aiovg-link-title\">Reflexi\u00f3n de Cuarentena (Rep\u00fablica Dominicana)<\/a>            <\/div>\n        \n        \n               \n        \n        \n               \n\n         \n        \n            <\/div>    \n<\/div>            \r\n            <\/div>                \r\n                <\/div>\r\n    \r\n    <\/div>\r\n<p>&nbsp;<\/p>\r\n\r\n<p style=\"text-align: center;\">Proyecto Quadraginta.\u00a0 Reflexi\u00f3n colectiva en la era COVID-19. <a href=\"http:\/\/institucional.us.es\/quadraginta\/\">http:\/\/institucional.us.es\/quadraginta\/<\/a><\/p>\r\n","protected":false},"excerpt":{"rendered":"<p>&nbsp; Proyecto Quadraginta.\u00a0 Reflexi\u00f3n colectiva en la era COVID-19. http:\/\/institucional.us.es\/quadraginta\/<\/p>\n","protected":false},"author":1,"featured_media":12192,"parent":0,"menu_order":0,"comment_status":"closed","ping_status":"closed","template":"page-templates\/homepage.php","meta":{"footnotes":""},"class_list":["post-12129","page","type-page","status-publish","has-post-thumbnail","hentry"],"yoast_head":"<!-- This site is optimized with the Yoast SEO plugin v27.0 - https:\/\/yoast.com\/product\/yoast-seo-wordpress\/ -->\n<title>Pel\u00edculas -<\/title>\n<meta name=\"description\" content=\"Pel\u00edculas de Quadraginta. Proyecto audiovisual implementado en 2020 y que procura una reflexi\u00f3n colectiva en la era COVID-19.\" \/>\n<meta name=\"robots\" content=\"index, follow, max-snippet:-1, max-image-preview:large, max-video-preview:-1\" \/>\n<link rel=\"canonical\" href=\"https:\/\/institucional.us.es\/quadraginta\/search-videos\/\" \/>\n<meta property=\"og:locale\" content=\"es_ES\" \/>\n<meta property=\"og:type\" content=\"article\" \/>\n<meta property=\"og:title\" content=\"Pel\u00edculas -\" \/>\n<meta property=\"og:description\" content=\"Pel\u00edculas de Quadraginta. Proyecto audiovisual implementado en 2020 y que procura una reflexi\u00f3n colectiva en la era COVID-19.\" \/>\n<meta property=\"og:url\" content=\"https:\/\/institucional.us.es\/quadraginta\/search-videos\/\" \/>\n<meta property=\"article:modified_time\" content=\"2022-11-14T16:53:19+00:00\" \/>\n<meta property=\"og:image\" content=\"https:\/\/institucional.us.es\/quadraginta\/wp-content\/uploads\/2020\/07\/cielo.jpg\" \/>\n\t<meta property=\"og:image:width\" content=\"1914\" \/>\n\t<meta property=\"og:image:height\" content=\"1080\" \/>\n\t<meta property=\"og:image:type\" content=\"image\/jpeg\" \/>\n<meta name=\"twitter:card\" content=\"summary_large_image\" \/>\n<meta name=\"twitter:label1\" content=\"Tiempo de lectura\" \/>\n\t<meta name=\"twitter:data1\" content=\"1 minuto\" \/>\n<script type=\"application\/ld+json\" class=\"yoast-schema-graph\">{\"@context\":\"https:\/\/schema.org\",\"@graph\":[{\"@type\":\"WebPage\",\"@id\":\"https:\/\/institucional.us.es\/quadraginta\/search-videos\/\",\"url\":\"https:\/\/institucional.us.es\/quadraginta\/search-videos\/\",\"name\":\"Pel\u00edculas -\",\"isPartOf\":{\"@id\":\"https:\/\/institucional.us.es\/quadraginta\/#website\"},\"primaryImageOfPage\":{\"@id\":\"https:\/\/institucional.us.es\/quadraginta\/search-videos\/#primaryimage\"},\"image\":{\"@id\":\"https:\/\/institucional.us.es\/quadraginta\/search-videos\/#primaryimage\"},\"thumbnailUrl\":\"https:\/\/institucional.us.es\/quadraginta\/wp-content\/uploads\/2020\/07\/cielo.jpg\",\"datePublished\":\"2020-07-12T09:25:20+00:00\",\"dateModified\":\"2022-11-14T16:53:19+00:00\",\"description\":\"Pel\u00edculas de Quadraginta. Proyecto audiovisual implementado en 2020 y que procura una reflexi\u00f3n colectiva en la era COVID-19.\",\"breadcrumb\":{\"@id\":\"https:\/\/institucional.us.es\/quadraginta\/search-videos\/#breadcrumb\"},\"inLanguage\":\"es\",\"potentialAction\":[{\"@type\":\"ReadAction\",\"target\":[\"https:\/\/institucional.us.es\/quadraginta\/search-videos\/\"]}]},{\"@type\":\"ImageObject\",\"inLanguage\":\"es\",\"@id\":\"https:\/\/institucional.us.es\/quadraginta\/search-videos\/#primaryimage\",\"url\":\"https:\/\/institucional.us.es\/quadraginta\/wp-content\/uploads\/2020\/07\/cielo.jpg\",\"contentUrl\":\"https:\/\/institucional.us.es\/quadraginta\/wp-content\/uploads\/2020\/07\/cielo.jpg\",\"width\":1914,\"height\":1080},{\"@type\":\"BreadcrumbList\",\"@id\":\"https:\/\/institucional.us.es\/quadraginta\/search-videos\/#breadcrumb\",\"itemListElement\":[{\"@type\":\"ListItem\",\"position\":1,\"name\":\"Portada\",\"item\":\"https:\/\/institucional.us.es\/quadraginta\/\"},{\"@type\":\"ListItem\",\"position\":2,\"name\":\"Pel\u00edculas\"}]},{\"@type\":\"WebSite\",\"@id\":\"https:\/\/institucional.us.es\/quadraginta\/#website\",\"url\":\"https:\/\/institucional.us.es\/quadraginta\/\",\"name\":\"\",\"description\":\"\",\"potentialAction\":[{\"@type\":\"SearchAction\",\"target\":{\"@type\":\"EntryPoint\",\"urlTemplate\":\"https:\/\/institucional.us.es\/quadraginta\/?s={search_term_string}\"},\"query-input\":{\"@type\":\"PropertyValueSpecification\",\"valueRequired\":true,\"valueName\":\"search_term_string\"}}],\"inLanguage\":\"es\"}]}<\/script>\n<!-- \/ Yoast SEO plugin. -->","yoast_head_json":{"title":"Pel\u00edculas -","description":"Pel\u00edculas de Quadraginta. Proyecto audiovisual implementado en 2020 y que procura una reflexi\u00f3n colectiva en la era COVID-19.","robots":{"index":"index","follow":"follow","max-snippet":"max-snippet:-1","max-image-preview":"max-image-preview:large","max-video-preview":"max-video-preview:-1"},"canonical":"https:\/\/institucional.us.es\/quadraginta\/search-videos\/","og_locale":"es_ES","og_type":"article","og_title":"Pel\u00edculas -","og_description":"Pel\u00edculas de Quadraginta. Proyecto audiovisual implementado en 2020 y que procura una reflexi\u00f3n colectiva en la era COVID-19.","og_url":"https:\/\/institucional.us.es\/quadraginta\/search-videos\/","article_modified_time":"2022-11-14T16:53:19+00:00","og_image":[{"width":1914,"height":1080,"url":"https:\/\/institucional.us.es\/quadraginta\/wp-content\/uploads\/2020\/07\/cielo.jpg","type":"image\/jpeg"}],"twitter_card":"summary_large_image","twitter_misc":{"Tiempo de lectura":"1 minuto"},"schema":{"@context":"https:\/\/schema.org","@graph":[{"@type":"WebPage","@id":"https:\/\/institucional.us.es\/quadraginta\/search-videos\/","url":"https:\/\/institucional.us.es\/quadraginta\/search-videos\/","name":"Pel\u00edculas -","isPartOf":{"@id":"https:\/\/institucional.us.es\/quadraginta\/#website"},"primaryImageOfPage":{"@id":"https:\/\/institucional.us.es\/quadraginta\/search-videos\/#primaryimage"},"image":{"@id":"https:\/\/institucional.us.es\/quadraginta\/search-videos\/#primaryimage"},"thumbnailUrl":"https:\/\/institucional.us.es\/quadraginta\/wp-content\/uploads\/2020\/07\/cielo.jpg","datePublished":"2020-07-12T09:25:20+00:00","dateModified":"2022-11-14T16:53:19+00:00","description":"Pel\u00edculas de Quadraginta. Proyecto audiovisual implementado en 2020 y que procura una reflexi\u00f3n colectiva en la era COVID-19.","breadcrumb":{"@id":"https:\/\/institucional.us.es\/quadraginta\/search-videos\/#breadcrumb"},"inLanguage":"es","potentialAction":[{"@type":"ReadAction","target":["https:\/\/institucional.us.es\/quadraginta\/search-videos\/"]}]},{"@type":"ImageObject","inLanguage":"es","@id":"https:\/\/institucional.us.es\/quadraginta\/search-videos\/#primaryimage","url":"https:\/\/institucional.us.es\/quadraginta\/wp-content\/uploads\/2020\/07\/cielo.jpg","contentUrl":"https:\/\/institucional.us.es\/quadraginta\/wp-content\/uploads\/2020\/07\/cielo.jpg","width":1914,"height":1080},{"@type":"BreadcrumbList","@id":"https:\/\/institucional.us.es\/quadraginta\/search-videos\/#breadcrumb","itemListElement":[{"@type":"ListItem","position":1,"name":"Portada","item":"https:\/\/institucional.us.es\/quadraginta\/"},{"@type":"ListItem","position":2,"name":"Pel\u00edculas"}]},{"@type":"WebSite","@id":"https:\/\/institucional.us.es\/quadraginta\/#website","url":"https:\/\/institucional.us.es\/quadraginta\/","name":"","description":"","potentialAction":[{"@type":"SearchAction","target":{"@type":"EntryPoint","urlTemplate":"https:\/\/institucional.us.es\/quadraginta\/?s={search_term_string}"},"query-input":{"@type":"PropertyValueSpecification","valueRequired":true,"valueName":"search_term_string"}}],"inLanguage":"es"}]}},"_links":{"self":[{"href":"https:\/\/institucional.us.es\/quadraginta\/wp-json\/wp\/v2\/pages\/12129","targetHints":{"allow":["GET"]}}],"collection":[{"href":"https:\/\/institucional.us.es\/quadraginta\/wp-json\/wp\/v2\/pages"}],"about":[{"href":"https:\/\/institucional.us.es\/quadraginta\/wp-json\/wp\/v2\/types\/page"}],"author":[{"embeddable":true,"href":"https:\/\/institucional.us.es\/quadraginta\/wp-json\/wp\/v2\/users\/1"}],"replies":[{"embeddable":true,"href":"https:\/\/institucional.us.es\/quadraginta\/wp-json\/wp\/v2\/comments?post=12129"}],"version-history":[{"count":4,"href":"https:\/\/institucional.us.es\/quadraginta\/wp-json\/wp\/v2\/pages\/12129\/revisions"}],"predecessor-version":[{"id":12487,"href":"https:\/\/institucional.us.es\/quadraginta\/wp-json\/wp\/v2\/pages\/12129\/revisions\/12487"}],"wp:featuredmedia":[{"embeddable":true,"href":"https:\/\/institucional.us.es\/quadraginta\/wp-json\/wp\/v2\/media\/12192"}],"wp:attachment":[{"href":"https:\/\/institucional.us.es\/quadraginta\/wp-json\/wp\/v2\/media?parent=12129"}],"curies":[{"name":"wp","href":"https:\/\/api.w.org\/{rel}","templated":true}]}}