{"id":2873,"date":"2025-04-15T06:39:23","date_gmt":"2025-04-15T06:39:23","guid":{"rendered":"https:\/\/institucional.us.es\/redgotico\/?page_id=2873"},"modified":"2025-10-01T08:25:24","modified_gmt":"2025-10-01T08:25:24","slug":"mapas","status":"publish","type":"page","link":"https:\/\/institucional.us.es\/redgotico\/mapas\/","title":{"rendered":"Mapas"},"content":{"rendered":"\t\t<div data-elementor-type=\"wp-page\" data-elementor-id=\"2873\" class=\"elementor elementor-2873\" data-elementor-post-type=\"page\">\n\t\t\t\t<div class=\"elementor-element elementor-element-d81b319 e-flex e-con-boxed e-con e-parent\" data-id=\"d81b319\" data-element_type=\"container\" data-e-type=\"container\">\n\t\t\t\t\t<div class=\"e-con-inner\">\n\t\t\t\t<div class=\"elementor-element elementor-element-f727dc3 elementor-grid-1 elementor-grid-tablet-2 elementor-grid-mobile-1 elementor-widget elementor-widget-loop-grid\" data-id=\"f727dc3\" data-element_type=\"widget\" data-e-type=\"widget\" data-settings=\"{&quot;template_id&quot;:3233,&quot;columns&quot;:1,&quot;pagination_type&quot;:&quot;numbers_and_prev_next&quot;,&quot;row_gap&quot;:{&quot;unit&quot;:&quot;px&quot;,&quot;size&quot;:40,&quot;sizes&quot;:[]},&quot;_skin&quot;:&quot;post&quot;,&quot;columns_tablet&quot;:&quot;2&quot;,&quot;columns_mobile&quot;:&quot;1&quot;,&quot;edit_handle_selector&quot;:&quot;[data-elementor-type=\\&quot;loop-item\\&quot;]&quot;,&quot;pagination_load_type&quot;:&quot;page_reload&quot;,&quot;row_gap_tablet&quot;:{&quot;unit&quot;:&quot;px&quot;,&quot;size&quot;:&quot;&quot;,&quot;sizes&quot;:[]},&quot;row_gap_mobile&quot;:{&quot;unit&quot;:&quot;px&quot;,&quot;size&quot;:&quot;&quot;,&quot;sizes&quot;:[]}}\" data-widget_type=\"loop-grid.post\">\n\t\t\t\t<div class=\"elementor-widget-container\">\n\t\t\t\t\t\t\t<div class=\"elementor-loop-container elementor-grid\" role=\"list\">\n\t\t<style id=\"loop-3233\">.elementor-3233 .elementor-element.elementor-element-aa5c578{--display:flex;--flex-direction:column;--container-widget-width:100%;--container-widget-height:initial;--container-widget-flex-grow:0;--container-widget-align-self:initial;--flex-wrap-mobile:wrap;--gap:20px 20px;--row-gap:20px;--column-gap:20px;--border-radius:20px 20px 20px 20px;box-shadow:0px 0px 10px 0px rgba(0,0,0,0.5);--padding-top:30px;--padding-bottom:30px;--padding-left:30px;--padding-right:30px;}.elementor-widget-heading .elementor-heading-title{font-family:var( --e-global-typography-primary-font-family ), Sans-serif;font-weight:var( --e-global-typography-primary-font-weight );color:var( --e-global-color-primary );}.elementor-3233 .elementor-element.elementor-element-8c9593b{text-align:justify;}.elementor-3233 .elementor-element.elementor-element-8c9593b .elementor-heading-title{color:var( --e-global-color-text );}.elementor-widget-image .widget-image-caption{color:var( --e-global-color-text );font-family:var( --e-global-typography-text-font-family ), Sans-serif;font-weight:var( --e-global-typography-text-font-weight );}.elementor-3233 .elementor-element.elementor-element-cc2e5fd img{width:100%;}.elementor-widget-button .elementor-button{font-family:var( --e-global-typography-accent-font-family ), Sans-serif;font-weight:var( --e-global-typography-accent-font-weight );background-color:var( --e-global-color-accent );}.elementor-3233 .elementor-element.elementor-element-a3d1d7c .elementor-button-content-wrapper{flex-direction:row-reverse;}.elementor-3233 .elementor-element.elementor-element-a3d1d7c .elementor-button{fill:var( --e-global-color-9e20f91 );color:var( --e-global-color-9e20f91 );background-color:var( --e-global-color-secondary );border-style:solid;border-width:2px 2px 2px 2px;border-color:var( --e-global-color-82207b0 );border-radius:5px 5px 5px 5px;}.elementor-3233 .elementor-element.elementor-element-a3d1d7c .elementor-button:hover, .elementor-3233 .elementor-element.elementor-element-a3d1d7c .elementor-button:focus{color:var( --e-global-color-secondary );background-color:var( --e-global-color-9e20f91 );border-color:var( --e-global-color-secondary );}.elementor-3233 .elementor-element.elementor-element-a3d1d7c .elementor-button:hover svg, .elementor-3233 .elementor-element.elementor-element-a3d1d7c .elementor-button:focus svg{fill:var( --e-global-color-secondary );}.elementor-3233 .elementor-element.elementor-element-a3d1d7c > .elementor-widget-container{margin:0px 0px 0px 0px;}<\/style>\t\t<div data-elementor-type=\"loop-item\" data-elementor-id=\"3233\" class=\"elementor elementor-3233 e-loop-item e-loop-item-3309 post-3309 post type-post status-publish format-standard has-post-thumbnail hentry category-mapas\" data-elementor-post-type=\"elementor_library\" data-custom-edit-handle=\"1\">\n\t\t\t<div class=\"elementor-element elementor-element-aa5c578 e-con-full e-flex e-con e-child\" data-id=\"aa5c578\" data-element_type=\"container\" data-e-type=\"container\">\n\t\t\t\t<div class=\"elementor-element elementor-element-8c9593b elementor-widget elementor-widget-heading\" data-id=\"8c9593b\" data-element_type=\"widget\" data-e-type=\"widget\" data-widget_type=\"heading.default\">\n\t\t\t\t<div class=\"elementor-widget-container\">\n\t\t\t\t\t<h3 class=\"elementor-heading-title elementor-size-default\">Proyectos de Patricia Ferreira Lopes<\/h3>\t\t\t\t<\/div>\n\t\t\t\t<\/div>\n\t\t\t\t<div class=\"elementor-element elementor-element-cc2e5fd elementor-widget elementor-widget-image\" data-id=\"cc2e5fd\" data-element_type=\"widget\" data-e-type=\"widget\" data-widget_type=\"image.default\">\n\t\t\t\t<div class=\"elementor-widget-container\">\n\t\t\t\t\t\t\t\t\t\t\t\t\t\t\t<img fetchpriority=\"high\" decoding=\"async\" width=\"1073\" height=\"796\" src=\"https:\/\/institucional.us.es\/redgotico\/wp-content\/uploads\/2025\/10\/Imagen3_actividades-por-maestro.jpg\" class=\"attachment-large size-large wp-image-3312\" alt=\"\" srcset=\"https:\/\/institucional.us.es\/redgotico\/wp-content\/uploads\/2025\/10\/Imagen3_actividades-por-maestro.jpg 1073w, https:\/\/institucional.us.es\/redgotico\/wp-content\/uploads\/2025\/10\/Imagen3_actividades-por-maestro-768x570.jpg 768w\" sizes=\"(max-width: 1073px) 100vw, 1073px\" \/>\t\t\t\t\t\t\t\t\t\t\t\t\t\t\t<\/div>\n\t\t\t\t<\/div>\n\t\t\t\t<div class=\"elementor-element elementor-element-a3d1d7c elementor-align-right elementor-widget elementor-widget-button\" data-id=\"a3d1d7c\" data-element_type=\"widget\" data-e-type=\"widget\" data-widget_type=\"button.default\">\n\t\t\t\t<div class=\"elementor-widget-container\">\n\t\t\t\t\t\t\t\t\t<div class=\"elementor-button-wrapper\">\n\t\t\t\t\t<a class=\"elementor-button elementor-button-link elementor-size-sm\" href=\"https:\/\/institucional.us.es\/redgotico\/proyecto-de-patricia-ferreira-lopes\/\" target=\"_blank\" rel=\"nofollow\">\n\t\t\t\t\t\t<span class=\"elementor-button-content-wrapper\">\n\t\t\t\t\t\t<span class=\"elementor-button-icon\">\n\t\t\t\t<i aria-hidden=\"true\" class=\"fas fa-arrow-right\"><\/i>\t\t\t<\/span>\n\t\t\t\t\t\t\t\t\t<span class=\"elementor-button-text\">Ver m\u00e1s<\/span>\n\t\t\t\t\t<\/span>\n\t\t\t\t\t<\/a>\n\t\t\t\t<\/div>\n\t\t\t\t\t\t\t\t<\/div>\n\t\t\t\t<\/div>\n\t\t\t\t<\/div>\n\t\t\t\t<\/div>\n\t\t\t\t<div data-elementor-type=\"loop-item\" data-elementor-id=\"3233\" class=\"elementor elementor-3233 e-loop-item e-loop-item-3232 post-3232 post type-post status-publish format-standard has-post-thumbnail hentry category-mapas\" data-elementor-post-type=\"elementor_library\" data-custom-edit-handle=\"1\">\n\t\t\t<div class=\"elementor-element elementor-element-aa5c578 e-con-full e-flex e-con e-child\" data-id=\"aa5c578\" data-element_type=\"container\" data-e-type=\"container\">\n\t\t\t\t<div class=\"elementor-element elementor-element-8c9593b elementor-widget elementor-widget-heading\" data-id=\"8c9593b\" data-element_type=\"widget\" data-e-type=\"widget\" data-widget_type=\"heading.default\">\n\t\t\t\t<div class=\"elementor-widget-container\">\n\t\t\t\t\t<h3 class=\"elementor-heading-title elementor-size-default\">DOCOGOTHIC. Red para la documentaci\u00f3n de la construcci\u00f3n tardog\u00f3tica hisp\u00e1nica<\/h3>\t\t\t\t<\/div>\n\t\t\t\t<\/div>\n\t\t\t\t<div class=\"elementor-element elementor-element-cc2e5fd elementor-widget elementor-widget-image\" data-id=\"cc2e5fd\" data-element_type=\"widget\" data-e-type=\"widget\" data-widget_type=\"image.default\">\n\t\t\t\t<div class=\"elementor-widget-container\">\n\t\t\t\t\t\t\t\t\t\t\t\t\t\t\t<img decoding=\"async\" width=\"1900\" height=\"919\" src=\"https:\/\/institucional.us.es\/redgotico\/wp-content\/uploads\/2025\/07\/DOCOGOTHIC.jpg\" class=\"attachment-large size-large wp-image-3201\" alt=\"\" srcset=\"https:\/\/institucional.us.es\/redgotico\/wp-content\/uploads\/2025\/07\/DOCOGOTHIC.jpg 1900w, https:\/\/institucional.us.es\/redgotico\/wp-content\/uploads\/2025\/07\/DOCOGOTHIC-768x371.jpg 768w, https:\/\/institucional.us.es\/redgotico\/wp-content\/uploads\/2025\/07\/DOCOGOTHIC-1536x743.jpg 1536w\" sizes=\"(max-width: 1900px) 100vw, 1900px\" \/>\t\t\t\t\t\t\t\t\t\t\t\t\t\t\t<\/div>\n\t\t\t\t<\/div>\n\t\t\t\t<div class=\"elementor-element elementor-element-a3d1d7c elementor-align-right elementor-widget elementor-widget-button\" data-id=\"a3d1d7c\" data-element_type=\"widget\" data-e-type=\"widget\" data-widget_type=\"button.default\">\n\t\t\t\t<div class=\"elementor-widget-container\">\n\t\t\t\t\t\t\t\t\t<div class=\"elementor-button-wrapper\">\n\t\t\t\t\t<a class=\"elementor-button elementor-button-link elementor-size-sm\" href=\"https:\/\/vaults.aq.upm.es\/DOCOGOTHIC\/data-base\/\" target=\"_blank\" rel=\"nofollow\">\n\t\t\t\t\t\t<span class=\"elementor-button-content-wrapper\">\n\t\t\t\t\t\t<span class=\"elementor-button-icon\">\n\t\t\t\t<i aria-hidden=\"true\" class=\"fas fa-arrow-right\"><\/i>\t\t\t<\/span>\n\t\t\t\t\t\t\t\t\t<span class=\"elementor-button-text\">Ver m\u00e1s<\/span>\n\t\t\t\t\t<\/span>\n\t\t\t\t\t<\/a>\n\t\t\t\t<\/div>\n\t\t\t\t\t\t\t\t<\/div>\n\t\t\t\t<\/div>\n\t\t\t\t<\/div>\n\t\t\t\t<\/div>\n\t\t\t\t<div data-elementor-type=\"loop-item\" data-elementor-id=\"3233\" class=\"elementor elementor-3233 e-loop-item e-loop-item-3231 post-3231 post type-post status-publish format-standard has-post-thumbnail hentry category-mapas\" data-elementor-post-type=\"elementor_library\" data-custom-edit-handle=\"1\">\n\t\t\t<div class=\"elementor-element elementor-element-aa5c578 e-con-full e-flex e-con e-child\" data-id=\"aa5c578\" data-element_type=\"container\" data-e-type=\"container\">\n\t\t\t\t<div class=\"elementor-element elementor-element-8c9593b elementor-widget elementor-widget-heading\" data-id=\"8c9593b\" data-element_type=\"widget\" data-e-type=\"widget\" data-widget_type=\"heading.default\">\n\t\t\t\t<div class=\"elementor-widget-container\">\n\t\t\t\t\t<h3 class=\"elementor-heading-title elementor-size-default\">TRANS_GOT. La construcci\u00f3n de b\u00f3vedas tardog\u00f3ticas espa\u00f1olas en el contexto europeo. Innovaci\u00f3n y transferencia de conocimiento<\/h3>\t\t\t\t<\/div>\n\t\t\t\t<\/div>\n\t\t\t\t<div class=\"elementor-element elementor-element-cc2e5fd elementor-widget elementor-widget-image\" data-id=\"cc2e5fd\" data-element_type=\"widget\" data-e-type=\"widget\" data-widget_type=\"image.default\">\n\t\t\t\t<div class=\"elementor-widget-container\">\n\t\t\t\t\t\t\t\t\t\t\t\t\t\t\t<img decoding=\"async\" width=\"1894\" height=\"910\" src=\"https:\/\/institucional.us.es\/redgotico\/wp-content\/uploads\/2025\/07\/TRANS_GOT.jpg\" class=\"attachment-large size-large wp-image-3203\" alt=\"\" srcset=\"https:\/\/institucional.us.es\/redgotico\/wp-content\/uploads\/2025\/07\/TRANS_GOT.jpg 1894w, https:\/\/institucional.us.es\/redgotico\/wp-content\/uploads\/2025\/07\/TRANS_GOT-768x369.jpg 768w, https:\/\/institucional.us.es\/redgotico\/wp-content\/uploads\/2025\/07\/TRANS_GOT-1536x738.jpg 1536w\" sizes=\"(max-width: 1894px) 100vw, 1894px\" \/>\t\t\t\t\t\t\t\t\t\t\t\t\t\t\t<\/div>\n\t\t\t\t<\/div>\n\t\t\t\t<div class=\"elementor-element elementor-element-a3d1d7c elementor-align-right elementor-widget elementor-widget-button\" data-id=\"a3d1d7c\" data-element_type=\"widget\" data-e-type=\"widget\" data-widget_type=\"button.default\">\n\t\t\t\t<div class=\"elementor-widget-container\">\n\t\t\t\t\t\t\t\t\t<div class=\"elementor-button-wrapper\">\n\t\t\t\t\t<a class=\"elementor-button elementor-button-link elementor-size-sm\" href=\"https:\/\/vaults.aq.upm.es\/TRANSGOT\/base-de-datos\/\" target=\"_blank\" rel=\"nofollow\">\n\t\t\t\t\t\t<span class=\"elementor-button-content-wrapper\">\n\t\t\t\t\t\t<span class=\"elementor-button-icon\">\n\t\t\t\t<i aria-hidden=\"true\" class=\"fas fa-arrow-right\"><\/i>\t\t\t<\/span>\n\t\t\t\t\t\t\t\t\t<span class=\"elementor-button-text\">Ver m\u00e1s<\/span>\n\t\t\t\t\t<\/span>\n\t\t\t\t\t<\/a>\n\t\t\t\t<\/div>\n\t\t\t\t\t\t\t\t<\/div>\n\t\t\t\t<\/div>\n\t\t\t\t<\/div>\n\t\t\t\t<\/div>\n\t\t\t\t<div data-elementor-type=\"loop-item\" data-elementor-id=\"3233\" class=\"elementor elementor-3233 e-loop-item e-loop-item-3230 post-3230 post type-post status-publish format-standard has-post-thumbnail hentry category-mapas\" data-elementor-post-type=\"elementor_library\" data-custom-edit-handle=\"1\">\n\t\t\t<div class=\"elementor-element elementor-element-aa5c578 e-con-full e-flex e-con e-child\" data-id=\"aa5c578\" data-element_type=\"container\" data-e-type=\"container\">\n\t\t\t\t<div class=\"elementor-element elementor-element-8c9593b elementor-widget elementor-widget-heading\" data-id=\"8c9593b\" data-element_type=\"widget\" data-e-type=\"widget\" data-widget_type=\"heading.default\">\n\t\t\t\t<div class=\"elementor-widget-container\">\n\t\t\t\t\t<h3 class=\"elementor-heading-title elementor-size-default\">LAD_HOJAS. La construcci\u00f3n de b\u00f3vedas de ladrillo por hojas. Usos hist\u00f3ricos y posibilidades actuales<\/h3>\t\t\t\t<\/div>\n\t\t\t\t<\/div>\n\t\t\t\t<div class=\"elementor-element elementor-element-cc2e5fd elementor-widget elementor-widget-image\" data-id=\"cc2e5fd\" data-element_type=\"widget\" data-e-type=\"widget\" data-widget_type=\"image.default\">\n\t\t\t\t<div class=\"elementor-widget-container\">\n\t\t\t\t\t\t\t\t\t\t\t\t\t\t\t<img loading=\"lazy\" decoding=\"async\" width=\"1903\" height=\"901\" src=\"https:\/\/institucional.us.es\/redgotico\/wp-content\/uploads\/2025\/07\/LAD_HOJAS.jpg\" class=\"attachment-large size-large wp-image-3204\" alt=\"\" srcset=\"https:\/\/institucional.us.es\/redgotico\/wp-content\/uploads\/2025\/07\/LAD_HOJAS.jpg 1903w, https:\/\/institucional.us.es\/redgotico\/wp-content\/uploads\/2025\/07\/LAD_HOJAS-768x364.jpg 768w, https:\/\/institucional.us.es\/redgotico\/wp-content\/uploads\/2025\/07\/LAD_HOJAS-1536x727.jpg 1536w\" sizes=\"(max-width: 1903px) 100vw, 1903px\" \/>\t\t\t\t\t\t\t\t\t\t\t\t\t\t\t<\/div>\n\t\t\t\t<\/div>\n\t\t\t\t<div class=\"elementor-element elementor-element-a3d1d7c elementor-align-right elementor-widget elementor-widget-button\" data-id=\"a3d1d7c\" data-element_type=\"widget\" data-e-type=\"widget\" data-widget_type=\"button.default\">\n\t\t\t\t<div class=\"elementor-widget-container\">\n\t\t\t\t\t\t\t\t\t<div class=\"elementor-button-wrapper\">\n\t\t\t\t\t<a class=\"elementor-button elementor-button-link elementor-size-sm\" href=\"https:\/\/vaults.aq.upm.es\/base-de-datos\/\" target=\"_blank\" rel=\"nofollow\">\n\t\t\t\t\t\t<span class=\"elementor-button-content-wrapper\">\n\t\t\t\t\t\t<span class=\"elementor-button-icon\">\n\t\t\t\t<i aria-hidden=\"true\" class=\"fas fa-arrow-right\"><\/i>\t\t\t<\/span>\n\t\t\t\t\t\t\t\t\t<span class=\"elementor-button-text\">Ver m\u00e1s<\/span>\n\t\t\t\t\t<\/span>\n\t\t\t\t\t<\/a>\n\t\t\t\t<\/div>\n\t\t\t\t\t\t\t\t<\/div>\n\t\t\t\t<\/div>\n\t\t\t\t<\/div>\n\t\t\t\t<\/div>\n\t\t\t\t<\/div>\n\t\t\n\t\t\t\t\t\t<\/div>\n\t\t\t\t<\/div>\n\t\t\t\t\t<\/div>\n\t\t\t\t<\/div>\n\t\t\t\t<\/div>\n\t\t","protected":false},"excerpt":{"rendered":"","protected":false},"author":1,"featured_media":0,"parent":0,"menu_order":0,"comment_status":"closed","ping_status":"closed","template":"","meta":{"_acf_changed":false,"footnotes":""},"class_list":["post-2873","page","type-page","status-publish","hentry"],"acf":[],"yoast_head":"<!-- This site is optimized with the Yoast SEO plugin v27.3 - https:\/\/yoast.com\/product\/yoast-seo-wordpress\/ -->\n<title>Mapas - Tardog\u00f3tico<\/title>\n<meta name=\"robots\" content=\"index, follow, max-snippet:-1, max-image-preview:large, max-video-preview:-1\" \/>\n<link rel=\"canonical\" href=\"https:\/\/institucional.us.es\/redgotico\/mapas\/\" \/>\n<meta property=\"og:locale\" content=\"es_ES\" \/>\n<meta property=\"og:type\" content=\"article\" \/>\n<meta property=\"og:title\" content=\"Mapas - Tardog\u00f3tico\" \/>\n<meta property=\"og:url\" content=\"https:\/\/institucional.us.es\/redgotico\/mapas\/\" \/>\n<meta property=\"og:site_name\" content=\"Tardog\u00f3tico\" \/>\n<meta property=\"article:modified_time\" content=\"2025-10-01T08:25:24+00:00\" \/>\n<meta name=\"twitter:card\" content=\"summary_large_image\" \/>\n<script type=\"application\/ld+json\" class=\"yoast-schema-graph\">{\"@context\":\"https:\\\/\\\/schema.org\",\"@graph\":[{\"@type\":\"WebPage\",\"@id\":\"https:\\\/\\\/institucional.us.es\\\/redgotico\\\/mapas\\\/\",\"url\":\"https:\\\/\\\/institucional.us.es\\\/redgotico\\\/mapas\\\/\",\"name\":\"Mapas - Tardog\u00f3tico\",\"isPartOf\":{\"@id\":\"https:\\\/\\\/institucional.us.es\\\/redgotico\\\/#website\"},\"datePublished\":\"2025-04-15T06:39:23+00:00\",\"dateModified\":\"2025-10-01T08:25:24+00:00\",\"inLanguage\":\"es\",\"potentialAction\":[{\"@type\":\"ReadAction\",\"target\":[\"https:\\\/\\\/institucional.us.es\\\/redgotico\\\/mapas\\\/\"]}]},{\"@type\":\"WebSite\",\"@id\":\"https:\\\/\\\/institucional.us.es\\\/redgotico\\\/#website\",\"url\":\"https:\\\/\\\/institucional.us.es\\\/redgotico\\\/\",\"name\":\"Tardog\u00f3tico\",\"description\":\"Red de Investigaci\u00f3n\",\"publisher\":{\"@id\":\"https:\\\/\\\/institucional.us.es\\\/redgotico\\\/#organization\"},\"potentialAction\":[{\"@type\":\"SearchAction\",\"target\":{\"@type\":\"EntryPoint\",\"urlTemplate\":\"https:\\\/\\\/institucional.us.es\\\/redgotico\\\/?s={search_term_string}\"},\"query-input\":{\"@type\":\"PropertyValueSpecification\",\"valueRequired\":true,\"valueName\":\"search_term_string\"}}],\"inLanguage\":\"es\"},{\"@type\":\"Organization\",\"@id\":\"https:\\\/\\\/institucional.us.es\\\/redgotico\\\/#organization\",\"name\":\"Tardog\u00f3tico\",\"url\":\"https:\\\/\\\/institucional.us.es\\\/redgotico\\\/\",\"logo\":{\"@type\":\"ImageObject\",\"inLanguage\":\"es\",\"@id\":\"https:\\\/\\\/institucional.us.es\\\/redgotico\\\/#\\\/schema\\\/logo\\\/image\\\/\",\"url\":\"https:\\\/\\\/institucional.us.es\\\/redgotico\\\/wp-content\\\/uploads\\\/2022\\\/02\\\/logo_final.png\",\"contentUrl\":\"https:\\\/\\\/institucional.us.es\\\/redgotico\\\/wp-content\\\/uploads\\\/2022\\\/02\\\/logo_final.png\",\"width\":563,\"height\":163,\"caption\":\"Tardog\u00f3tico\"},\"image\":{\"@id\":\"https:\\\/\\\/institucional.us.es\\\/redgotico\\\/#\\\/schema\\\/logo\\\/image\\\/\"}}]}<\/script>\n<!-- \/ Yoast SEO plugin. -->","yoast_head_json":{"title":"Mapas - Tardog\u00f3tico","robots":{"index":"index","follow":"follow","max-snippet":"max-snippet:-1","max-image-preview":"max-image-preview:large","max-video-preview":"max-video-preview:-1"},"canonical":"https:\/\/institucional.us.es\/redgotico\/mapas\/","og_locale":"es_ES","og_type":"article","og_title":"Mapas - Tardog\u00f3tico","og_url":"https:\/\/institucional.us.es\/redgotico\/mapas\/","og_site_name":"Tardog\u00f3tico","article_modified_time":"2025-10-01T08:25:24+00:00","twitter_card":"summary_large_image","schema":{"@context":"https:\/\/schema.org","@graph":[{"@type":"WebPage","@id":"https:\/\/institucional.us.es\/redgotico\/mapas\/","url":"https:\/\/institucional.us.es\/redgotico\/mapas\/","name":"Mapas - Tardog\u00f3tico","isPartOf":{"@id":"https:\/\/institucional.us.es\/redgotico\/#website"},"datePublished":"2025-04-15T06:39:23+00:00","dateModified":"2025-10-01T08:25:24+00:00","inLanguage":"es","potentialAction":[{"@type":"ReadAction","target":["https:\/\/institucional.us.es\/redgotico\/mapas\/"]}]},{"@type":"WebSite","@id":"https:\/\/institucional.us.es\/redgotico\/#website","url":"https:\/\/institucional.us.es\/redgotico\/","name":"Tardog\u00f3tico","description":"Red de Investigaci\u00f3n","publisher":{"@id":"https:\/\/institucional.us.es\/redgotico\/#organization"},"potentialAction":[{"@type":"SearchAction","target":{"@type":"EntryPoint","urlTemplate":"https:\/\/institucional.us.es\/redgotico\/?s={search_term_string}"},"query-input":{"@type":"PropertyValueSpecification","valueRequired":true,"valueName":"search_term_string"}}],"inLanguage":"es"},{"@type":"Organization","@id":"https:\/\/institucional.us.es\/redgotico\/#organization","name":"Tardog\u00f3tico","url":"https:\/\/institucional.us.es\/redgotico\/","logo":{"@type":"ImageObject","inLanguage":"es","@id":"https:\/\/institucional.us.es\/redgotico\/#\/schema\/logo\/image\/","url":"https:\/\/institucional.us.es\/redgotico\/wp-content\/uploads\/2022\/02\/logo_final.png","contentUrl":"https:\/\/institucional.us.es\/redgotico\/wp-content\/uploads\/2022\/02\/logo_final.png","width":563,"height":163,"caption":"Tardog\u00f3tico"},"image":{"@id":"https:\/\/institucional.us.es\/redgotico\/#\/schema\/logo\/image\/"}}]}},"_links":{"self":[{"href":"https:\/\/institucional.us.es\/redgotico\/wp-json\/wp\/v2\/pages\/2873","targetHints":{"allow":["GET"]}}],"collection":[{"href":"https:\/\/institucional.us.es\/redgotico\/wp-json\/wp\/v2\/pages"}],"about":[{"href":"https:\/\/institucional.us.es\/redgotico\/wp-json\/wp\/v2\/types\/page"}],"author":[{"embeddable":true,"href":"https:\/\/institucional.us.es\/redgotico\/wp-json\/wp\/v2\/users\/1"}],"replies":[{"embeddable":true,"href":"https:\/\/institucional.us.es\/redgotico\/wp-json\/wp\/v2\/comments?post=2873"}],"version-history":[{"count":0,"href":"https:\/\/institucional.us.es\/redgotico\/wp-json\/wp\/v2\/pages\/2873\/revisions"}],"wp:attachment":[{"href":"https:\/\/institucional.us.es\/redgotico\/wp-json\/wp\/v2\/media?parent=2873"}],"curies":[{"name":"wp","href":"https:\/\/api.w.org\/{rel}","templated":true}]}}