{"id":12,"date":"2025-02-27T00:39:05","date_gmt":"2025-02-26T23:39:05","guid":{"rendered":"http:\/\/institucional.us.es\/textosdoctorado\/?page_id=12"},"modified":"2025-02-28T18:32:28","modified_gmt":"2025-02-28T17:32:28","slug":"contacto","status":"publish","type":"page","link":"http:\/\/institucional.us.es\/textosdoctorado\/?page_id=12","title":{"rendered":"Contacto"},"content":{"rendered":"\n<figure class=\"wp-block-image alignfull size-large\"><img fetchpriority=\"high\" decoding=\"async\" width=\"1024\" height=\"341\" src=\"http:\/\/institucional.us.es\/textosdoctorado\/wp-content\/uploads\/2025\/02\/banner-contacto_1500x500-1024x341.jpg\" alt=\"\" class=\"wp-image-171\" srcset=\"http:\/\/institucional.us.es\/textosdoctorado\/wp-content\/uploads\/2025\/02\/banner-contacto_1500x500-1024x341.jpg 1024w, http:\/\/institucional.us.es\/textosdoctorado\/wp-content\/uploads\/2025\/02\/banner-contacto_1500x500-300x100.jpg 300w, http:\/\/institucional.us.es\/textosdoctorado\/wp-content\/uploads\/2025\/02\/banner-contacto_1500x500-768x256.jpg 768w, http:\/\/institucional.us.es\/textosdoctorado\/wp-content\/uploads\/2025\/02\/banner-contacto_1500x500.jpg 1500w\" sizes=\"(max-width: 1024px) 100vw, 1024px\" \/><\/figure>\n\n\n\n<p class=\"has-medium-font-size\"><br><strong>Ubicaci\u00f3n<\/strong><\/p>\n\n\n\n<figure class=\"wp-block-image alignleft is-resized\"><img decoding=\"async\" width=\"1024\" height=\"922\" src=\"http:\/\/institucional.us.es\/textosdoctorado\/wp-content\/uploads\/2025\/02\/LOGOS_VECTORIAL-IUACC-US-EIDUS-DOCTORADO-ETC_Mesa_de_trabajo_5_Mesa_de_trabajo_4-1024x922.png\" alt=\"\" class=\"wp-image-144\" style=\"width:142px;height:auto\" srcset=\"http:\/\/institucional.us.es\/textosdoctorado\/wp-content\/uploads\/2025\/02\/LOGOS_VECTORIAL-IUACC-US-EIDUS-DOCTORADO-ETC_Mesa_de_trabajo_5_Mesa_de_trabajo_4-1024x922.png 1024w, http:\/\/institucional.us.es\/textosdoctorado\/wp-content\/uploads\/2025\/02\/LOGOS_VECTORIAL-IUACC-US-EIDUS-DOCTORADO-ETC_Mesa_de_trabajo_5_Mesa_de_trabajo_4-300x270.png 300w, http:\/\/institucional.us.es\/textosdoctorado\/wp-content\/uploads\/2025\/02\/LOGOS_VECTORIAL-IUACC-US-EIDUS-DOCTORADO-ETC_Mesa_de_trabajo_5_Mesa_de_trabajo_4-768x691.png 768w, http:\/\/institucional.us.es\/textosdoctorado\/wp-content\/uploads\/2025\/02\/LOGOS_VECTORIAL-IUACC-US-EIDUS-DOCTORADO-ETC_Mesa_de_trabajo_5_Mesa_de_trabajo_4.png 1181w\" sizes=\"(max-width: 1024px) 100vw, 1024px\" \/><\/figure>\n\n\n\n<p>Instituto Universitario de Arquitectura y Ciencias de la Construcci\u00f3n<\/p>\n\n\n\n<p>Escuela T\u00e9cnica Superior de Arquitectura &#8211; Universidad de Sevilla<br><a href=\"https:\/\/www.google.es\/maps\/place\/Instituto+Universitario+de+Arquitectura+y+Ciencias+de+la+Construcci%C3%B3n+[IUACC]\/@37.362274,-5.9866797,15z\/data=!4m5!3m4!1s0x0:0xd6ae96e3ed3a2e14!8m2!3d37.362274!4d-5.9866797\">Avda. de Reina Mercedes, N\u00ba2. Sevilla 41012<\/a><br>Planta Baja. Pasillo de Direcci\u00f3n.<\/p>\n\n\n\n<p>Correo electr\u00f3nico: <a href=\"mailto:textosdedoctorado@us.es\">textosdedoctorado@us.es<\/a><br><br><\/p>\n\n\n\n<p><\/p>\n\n\n\n<div class=\"wp-block-columns alignfull is-layout-flex wp-container-core-columns-is-layout-28f84493 wp-block-columns-is-layout-flex\">\n<div class=\"wp-block-column is-layout-flow wp-block-column-is-layout-flow\" style=\"flex-basis:100%\">\n<div><iframe src=\"https:\/\/www.google.com\/maps\/embed?pb=!1m18!1m12!1m3!1d3530.3815896780334!2d-5.986333800000001!3d37.3626305!2m3!1f0!2f0!3f0!3m2!1i1024!2i768!4f13.1!3m3!1m2!1s0xd126c2ba9ac22a5%3A0x87c4bbb322596692!2sEscuela%20T%C3%A9cnica%20Superior%20de%20Arquitectura%20(ETSA)!5e1!3m2!1ses!2ses!4v1740622155062!5m2!1ses!2ses\" width=\"1200\" height=\"400\" style=\"border:0;\" allowfullscreen=\"\" loading=\"lazy\" referrerpolicy=\"no-referrer-when-downgrade\"><\/iframe><\/iframe><\/div>\n<\/div>\n<\/div>\n\n\n\n<p><\/p>\n","protected":false},"excerpt":{"rendered":"<p>Ubicaci\u00f3n Instituto Universitario de Arquitectura y Ciencias de la Construcci\u00f3n Escuela T\u00e9cnica Superior de Arquitectura &#8211; Universidad de SevillaAvda. de Reina Mercedes, N\u00ba2. Sevilla 41012Planta Baja. Pasillo de Direcci\u00f3n. Correo electr\u00f3nico: textosdedoctorado@us.es<\/p>\n","protected":false},"author":1,"featured_media":0,"parent":0,"menu_order":0,"comment_status":"closed","ping_status":"closed","template":"page-templates\/contact.php","meta":{"footnotes":""},"class_list":["post-12","page","type-page","status-publish","hentry"],"_links":{"self":[{"href":"http:\/\/institucional.us.es\/textosdoctorado\/index.php?rest_route=\/wp\/v2\/pages\/12","targetHints":{"allow":["GET"]}}],"collection":[{"href":"http:\/\/institucional.us.es\/textosdoctorado\/index.php?rest_route=\/wp\/v2\/pages"}],"about":[{"href":"http:\/\/institucional.us.es\/textosdoctorado\/index.php?rest_route=\/wp\/v2\/types\/page"}],"author":[{"embeddable":true,"href":"http:\/\/institucional.us.es\/textosdoctorado\/index.php?rest_route=\/wp\/v2\/users\/1"}],"replies":[{"embeddable":true,"href":"http:\/\/institucional.us.es\/textosdoctorado\/index.php?rest_route=%2Fwp%2Fv2%2Fcomments&post=12"}],"version-history":[{"count":33,"href":"http:\/\/institucional.us.es\/textosdoctorado\/index.php?rest_route=\/wp\/v2\/pages\/12\/revisions"}],"predecessor-version":[{"id":233,"href":"http:\/\/institucional.us.es\/textosdoctorado\/index.php?rest_route=\/wp\/v2\/pages\/12\/revisions\/233"}],"wp:attachment":[{"href":"http:\/\/institucional.us.es\/textosdoctorado\/index.php?rest_route=%2Fwp%2Fv2%2Fmedia&parent=12"}],"curies":[{"name":"wp","href":"https:\/\/api.w.org\/{rel}","templated":true}]}}