{"id":197,"date":"2025-02-27T04:12:55","date_gmt":"2025-02-27T03:12:55","guid":{"rendered":"http:\/\/institucional.us.es\/textosdoctorado\/?page_id=197"},"modified":"2025-02-27T04:15:18","modified_gmt":"2025-02-27T03:15:18","slug":"politica-de-cookies","status":"publish","type":"page","link":"http:\/\/institucional.us.es\/textosdoctorado\/?page_id=197","title":{"rendered":"Pol\u00edtica de Cookies"},"content":{"rendered":"\n<p>Esta Pol\u00edtica de Gesti\u00f3n de cookies explica c\u00f3mo se usan las cookies en\u00a0<a href=\"https:\/\/institucional.us.es\/textosdoctorado\/\">https:\/\/institucional.us.es\/textosdoctorado\/<\/a>\u00a0 y c\u00f3mo se pueden habilitar y deshabilitar.<\/p>\n\n\n\n<p><strong>No recopilaremos informaci\u00f3n personal sobre usted sin su consentimiento.<\/strong><\/p>\n\n\n\n<p class=\"has-medium-font-size\"><strong>\u00bfQu\u00e9 es una cookie?<\/strong><\/p>\n\n\n\n<p>Una cookie es informaci\u00f3n&nbsp;<strong>an\u00f3nima&nbsp;<\/strong>que<strong>&nbsp;<\/strong>se almacena en un ordenador, tablet o m\u00f3vil cuando navegas por internet permitiendo reconocer el equipo que est\u00e1s utilizando.<\/p>\n\n\n\n<p>Cuando navega por\u00a0<a href=\"https:\/\/institucional.us.es\/textosdoctorado\/\">https:\/\/institucional.us.es\/textosdoctorado\/<\/a>, el sitio puede tener \u00abcookies\u00bb.<\/p>\n\n\n\n<p>Las cookies graban informaci\u00f3n de forma an\u00f3nima y\u00a0<strong>no da\u00f1an su equipo.<\/strong><\/p>\n\n\n\n<p class=\"has-medium-font-size\"><strong>\u00bfQu\u00e9 son las cookies que utiliza\u00a0<\/strong><a href=\"https:\/\/institucional.us.es\/textosdoctorado\/\"><strong>https:\/\/institucional.us.es\/textosdoctorado\/<\/strong><\/a>?<\/p>\n\n\n\n<figure class=\"wp-block-table\"><table class=\"has-fixed-layout\"><tbody><tr><td><strong>Tipo de cookies<\/strong><\/td><td><strong>Finalidad de la cookie<\/strong><\/td><td><strong>Consecuencia de deshabilitar la cookie<\/strong><\/td><\/tr><tr><td><strong>Fundamental<\/strong><\/td><td>Estas cookies b\u00e1sicas son imprescindibles para garantizar que tenga una visita sin incidencias: permiten que la p\u00e1gina web le reconozca y deje su sesi\u00f3n abierta. Adem\u00e1s, facilitan que use otras herramientas b\u00e1sicas.<\/td><td>La p\u00e1gina web no funciona correctamente sin estas cookies, por lo que deben estar siempre activas. De lo contrario, puede que algunos accesos queden bloqueados.<\/td><\/tr><tr><td><strong>Funcional<\/strong><\/td><td>Estas cookies ayudan a mejorar su experiencia y te permiten usar el contenido comparti\u00e9ndolo en twitter, facebook, instagram\u2026<\/td><td>Sin estas cookies, puede que tenga acceso restringido a algunos contenidos y herramientas.<\/td><\/tr><tr><td><strong>An\u00e1lisis<\/strong><\/td><td>Estas cookies de an\u00e1lisis recopilan informaci\u00f3n en relaci\u00f3n con el uso de nuestra web que nos permite elaborar estad\u00edsticas de nuestras visitas a la web y as\u00ed realizar los cambios pertinentes para mejorar la experiencia online.<\/td><td>Sin esta informaci\u00f3n, no podremos mejorar nuestra web en base a su experiencia online, conocer las estad\u00edsticas globales y an\u00f3nimas del tr\u00e1fico web, etc. .<\/td><\/tr><\/tbody><\/table><\/figure>\n\n\n\n<p>En su primera visita a nuestra web aparecer\u00e1 un banner informativo en el que podr\u00e1 dar su consentimiento para el uso de cookies con fines publicitarios.<\/p>\n\n\n\n<p>Al pinchar aqu\u00ed podr\u00e1 controlar el registro de cookies y personalizar los ajustes.<\/p>\n\n\n\n<p class=\"has-medium-font-size\"><strong>\u00bfQui\u00e9n tiene acceso a sus cookies?<\/strong><\/p>\n\n\n\n<p>Las p\u00e1ginas de internet solo pueden acceder a las cookies que han almacenado en su equipo. Por ejemplo, si la empresa X guarda una cookie en su navegador, X podr\u00e1 acceder a su propia cookie pero no a aquellas de otra empresa.<\/p>\n","protected":false},"excerpt":{"rendered":"<p>Esta Pol\u00edtica de Gesti\u00f3n de cookies explica c\u00f3mo se usan las cookies en\u00a0https:\/\/institucional.us.es\/textosdoctorado\/\u00a0 y c\u00f3mo se pueden habilitar y deshabilitar. No recopilaremos informaci\u00f3n personal sobre usted sin su consentimiento. \u00bfQu\u00e9 es una cookie? Una cookie es informaci\u00f3n&nbsp;an\u00f3nima&nbsp;que&nbsp;se almacena en un<\/p>\n","protected":false},"author":1,"featured_media":0,"parent":0,"menu_order":0,"comment_status":"closed","ping_status":"closed","template":"","meta":{"footnotes":""},"class_list":["post-197","page","type-page","status-publish","hentry"],"_links":{"self":[{"href":"http:\/\/institucional.us.es\/textosdoctorado\/index.php?rest_route=\/wp\/v2\/pages\/197","targetHints":{"allow":["GET"]}}],"collection":[{"href":"http:\/\/institucional.us.es\/textosdoctorado\/index.php?rest_route=\/wp\/v2\/pages"}],"about":[{"href":"http:\/\/institucional.us.es\/textosdoctorado\/index.php?rest_route=\/wp\/v2\/types\/page"}],"author":[{"embeddable":true,"href":"http:\/\/institucional.us.es\/textosdoctorado\/index.php?rest_route=\/wp\/v2\/users\/1"}],"replies":[{"embeddable":true,"href":"http:\/\/institucional.us.es\/textosdoctorado\/index.php?rest_route=%2Fwp%2Fv2%2Fcomments&post=197"}],"version-history":[{"count":3,"href":"http:\/\/institucional.us.es\/textosdoctorado\/index.php?rest_route=\/wp\/v2\/pages\/197\/revisions"}],"predecessor-version":[{"id":202,"href":"http:\/\/institucional.us.es\/textosdoctorado\/index.php?rest_route=\/wp\/v2\/pages\/197\/revisions\/202"}],"wp:attachment":[{"href":"http:\/\/institucional.us.es\/textosdoctorado\/index.php?rest_route=%2Fwp%2Fv2%2Fmedia&parent=197"}],"curies":[{"name":"wp","href":"https:\/\/api.w.org\/{rel}","templated":true}]}}