{"id":260,"date":"2025-11-10T23:11:04","date_gmt":"2025-11-10T22:11:04","guid":{"rendered":"http:\/\/institucional.us.es\/textosdoctorado\/?page_id=260"},"modified":"2025-11-12T15:16:32","modified_gmt":"2025-11-12T14:16:32","slug":"convocatoria-2025-resolucion-de-la-convocatoria","status":"publish","type":"page","link":"http:\/\/institucional.us.es\/textosdoctorado\/?page_id=260","title":{"rendered":"Convocatoria 2025 &#8211; Resoluci\u00f3n de la Convocatoria"},"content":{"rendered":"\n<p><strong>CONVOCATORIA PARA EL IX PREMIO IUACC A LA MEJOR TESIS DOCTORAL EN ARQUITECTURA Y CIENCIAS DE LA CONSTRUCCI\u00d3N LE\u00cdDA EN UNIVERSIDADES ESPA\u00d1OLAS<\/strong><\/p>\n\n\n\n<figure class=\"wp-block-image alignfull\"><img decoding=\"async\" src=\"http:\/\/institucional.us.es\/textosdoctorado\/wp-content\/uploads\/2025\/02\/Premios-iuacc_baner-1024x341.jpg\" alt=\"\"\/><\/figure>\n\n\n\n<p>En reuni\u00f3n virtual celebrada el lunes 10 de noviembre de 2025,&nbsp;a trav\u00e9s de la plataforma <em>Teams <\/em>de la Universidad de Sevilla, se re\u00fane el jurado&nbsp;del IX Premio IUACC a la Mejor Tesis Doctoral en Arquitectura y Ciencias de la Construcci\u00f3n \u2013 Convocatoria 2025, formado por las siguientes personas expertas:<\/p>\n\n\n\n<p>Dr. D. Esteban Fern\u00e1ndez Cobi\u00e1n, Profesor Titular del Departamento de Construcciones y Estructuras Arquitect\u00f3nicas, Civiles y Aeron\u00e1uticas de la Universidade da Coru\u00f1a; Dra. D\u00aa. Belinda L\u00f3pez Mesa, Catedr\u00e1tica del Departamento de Arquitectura de la Universidad de Zaragoza; Dra. D\u00aa. Carmen Mar\u00eda Moreno \u00c1lvarez, Profesora Titular del Departamento de Expresi\u00f3n Gr\u00e1fica Arquitect\u00f3nica y en la Ingenier\u00eda de la Universidad de Granada; y Dr. D. Daniel Navas Carrillo, Profesor Titular del Departamento de Arte y Arquitectura de la Universidad de M\u00e1laga. Asisten, sin voz ni voto, los directores de la colecci\u00f3n&nbsp;<em>Arquitectura_Textos de Doctorado,&nbsp;<\/em>la Dra. D\u00aa. Pilar Mercader Moyano -Directora del Instituto Universitario de Arquitectura y Ciencias de la Construcci\u00f3n de la Universidad de Sevilla-, el Dr. D. Pablo Manuel Mill\u00e1n Mill\u00e1n y la Dra. D\u00aa. Blanca del Espino Hidalgo, as\u00ed como el Dr. D. Juan Jos\u00e9 Moyano Campos -Subdirector del Instituto Universitario de Arquitectura y Ciencias de la Construcci\u00f3n de la Universidad de Sevilla-.&nbsp;&nbsp;<\/p>\n\n\n\n<p>El jurado&nbsp;valora, de nuevo, muy positivamente la extraordinaria calidad de las tesis doctorales finalistas, por lo que felicita a todas las personas candidatas, a sus directores de tesis, as\u00ed como al Instituto Universitario de Arquitectura y Ciencias de la Construcci\u00f3n por la iniciativa.&nbsp;&nbsp;<\/p>\n\n\n\n<p>Tras las propuestas realizadas por cada uno de los miembros y el debate posterior, el Jurado del IX Premio IUACC a la Mejor Tesis Doctoral en Arquitectura y Ciencias de la Construcci\u00f3n le\u00edda en universidades espa\u00f1olas ha fallado los siguientes reconocimientos:<\/p>\n\n\n\n<p><\/p>\n\n\n\n<p><strong>IX Premio IUACC a la Mejor Tesis Doctoral en Arquitectura y Ciencias de la Construcci\u00f3n a la tesis doctoral titulada \u201cParadigmas del vac\u00edo ocupado: Sevilla y el rito. Un relato cartogr\u00e1fico de la ciudad ef\u00edmera\u201d. Autor: Dr. D. Francisco Javier Navarro de Pablos.<\/strong><strong><\/strong><\/p>\n\n\n\n<p>Resumen:<\/p>\n\n\n\n<p><em>Esta investigaci\u00f3n profundiza en la ocupaci\u00f3n del espacio p\u00fablico de Sevilla mediante los ritos, fiestas y acontecimientos extraordinarios sucedidos desde el siglo XIII, abarcando ocho siglos de historia urbana. El despliegue esc\u00e9nico de estos eventos se materializa en procesiones, motines, altares ef\u00edmeros, recibimientos reales, autos de fe o ferias que dependen formal y funcionalmente de la envolvente en la que se desarrollan. Entendidos como proyectos de arquitectura y urbanismo, la superposici\u00f3n del vac\u00edo que ocupan desvela un espacio p\u00fablico in\u00e9dito en el \u00e1mbito mediterr\u00e1neo regido por el \u00abtiempo extraordinario\u00bb y un intenso valor de pertenencia. Este acercamiento gr\u00e1fico a los eventos populares y oficiales permite entender la evoluci\u00f3n social de Sevilla, desde las l\u00f3gicas religiosas de la Edad Media hasta la apertura democr\u00e1tica del siglo XXI, demostrando la vigencia y resistencia del espacio f\u00edsico frente al creciente espacio virtual.<\/em><\/p>\n\n\n\n<p><em>A pesar de su origen mayoritariamente tradicional, los ritos y fiestas cartografiadas inspiran a figuras fundamentales de la cultura del siglo XX como John Cage, Aldo Rossi o Constant Nieuwenhuys. La atemporalidad y universalidad de las celebraciones define una suerte de \u00abparadigma del vac\u00edo ocupado\u00bb en el que el espacio p\u00fablico se transforma siguiendo unas estrategias arquitect\u00f3nicas, corporales y sociales invariables que unen, en un proyecto abierto y vivo, los ritos populares con las vanguardias contempor\u00e1neas. La profusi\u00f3n de estudios en torno al escenario barroco hispalense y sus tradiciones contrasta con un vac\u00edo en el abordaje de la relaci\u00f3n indisociable entre forma urbana y din\u00e1micas sociales. Mediante la traducci\u00f3n cartogr\u00e1fica de las cr\u00f3nicas hist\u00f3ricas, esta tesis complementa la literatura existente dibujando cada procesi\u00f3n, ocupaci\u00f3n o transici\u00f3n como parte de un continuum, recogiendo 490 planimetr\u00edas in\u00e9ditas en la primera colecci\u00f3n integral del espacio p\u00fablico sevillano.<\/em><\/p>\n\n\n\n<figure class=\"wp-block-image aligncenter size-full is-resized\"><img fetchpriority=\"high\" decoding=\"async\" width=\"567\" height=\"747\" src=\"http:\/\/institucional.us.es\/textosdoctorado\/wp-content\/uploads\/2025\/11\/Navarro-de-Pablos_Tesis-Doctoral.png\" alt=\"\" class=\"wp-image-262\" style=\"width:566px;height:auto\" srcset=\"http:\/\/institucional.us.es\/textosdoctorado\/wp-content\/uploads\/2025\/11\/Navarro-de-Pablos_Tesis-Doctoral.png 567w, http:\/\/institucional.us.es\/textosdoctorado\/wp-content\/uploads\/2025\/11\/Navarro-de-Pablos_Tesis-Doctoral-228x300.png 228w\" sizes=\"(max-width: 567px) 100vw, 567px\" \/><\/figure>\n\n\n\n<p><\/p>\n\n\n\n<p><strong>Acc\u00e9sit a la tesis doctoral titulada \u201cEl agua trazada. Las infraestructuras hidr\u00e1ulicas en la construcci\u00f3n hist\u00f3rica del paisaje metropolitano. Estudio metodol\u00f3gico para su caracterizaci\u00f3n patrimonial\u201d. Autora: Dra. D\u00f1a. Celia L\u00f3pez Bravo.<\/strong><strong><\/strong><\/p>\n\n\n\n<p>Resumen<\/p>\n\n\n\n<p><em>Esta tesis doctoral responde a la necesidad de actualizar las metodolog\u00edas de estudio del patrimonio urbano, dado que la escala y el reconocimiento del paisaje en los \u00faltimos veinte a\u00f1os han trascendido la designaci\u00f3n de determinados conjuntos hist\u00f3ricos. Su objetivo principal es idear una metodolog\u00eda para la caracterizaci\u00f3n integral de bienes complejos con valores ambientales y culturales, situados en contextos metropolitanos.<\/em><\/p>\n\n\n\n<p><em>Para alcanzar este objetivo, se emplean como caso de estudio las infraestructuras hidr\u00e1ulicas hist\u00f3ricas. Estos bienes suelen considerarse monumentos y valorarse \u00fanicamente por sus caracter\u00edsticas materiales. En consecuencia, a menudo se obvian sus implicaciones territoriales a escala metropolitana.<\/em><\/p>\n\n\n\n<p><em>La investigaci\u00f3n consta de dos grandes bloques con distintos enfoques metodol\u00f3gicos.<\/em><\/p>\n\n\n\n<p><em>El primero, titulado \u00abTiempo\u00bb, establece un marco te\u00f3rico relativo a la historia, la valoraci\u00f3n y la protecci\u00f3n patrimonial de las infraestructuras de abastecimiento de agua en entornos urbanos. Para ello se examinan multitud de estudios de caso situados en ciudades espa\u00f1olas, portuguesas e italianas. El texto gu\u00eda al lector por un recorrido cronol\u00f3gico e inductivo a trav\u00e9s de los cap\u00edtulos \u00abPasado\u00bb, \u00abPresente\u00bb y \u00abFuturo\u00bb. Comienza reconociendo la importancia de los sistemas hist\u00f3ricos, antes de examinar las implicaciones urbanas de los sistemas actuales y, por \u00faltimo, proponer una visi\u00f3n para su futuro desarrollo territorial. El bloque concluye con cinco ideas clave. Estas argumentan para estos patrimonios una evoluci\u00f3n hist\u00f3rica discontinua, una implicaci\u00f3n determinante en la forma urbana y el ecosistema, un proceso progresivo de valoraci\u00f3n y la necesidad de ser protegidos y gestionados desde una perspectiva macro-territorial.<\/em><\/p>\n\n\n\n<p><em>El segundo, llamado \u00abM\u00e9todo\u00bb, aborda el dise\u00f1o de una gu\u00eda para el reconocimiento y caracterizaci\u00f3n de este tipo de bienes. Partiendo de las ideas clave mencionadas y combin\u00e1ndolas con los principales protocolos existentes para la caracterizaci\u00f3n de paisajes, se genera una nueva aproximaci\u00f3n h\u00edbrida e inter-escalar. A continuaci\u00f3n, este procedimiento se ensaya en la caracterizaci\u00f3n de un caso de estudio concreto: los paisajes del abastecimiento hist\u00f3rico del Territorio Metropolitano de M\u00e1laga. El territorio de M\u00e1laga se caracteriza por un considerable grado de riqueza arquitect\u00f3nica, infraestructural y ambiental. Sin embargo, los paisajes de la regi\u00f3n han sufrido importantes modificaciones, dando lugar a algunos de los visual y paisaj\u00edsticamente alterados de Andaluc\u00eda. Se ha perdido gran parte de su arquitectura vern\u00e1cula y se han ignorado y olvidado paisajes fundamentales para su sostenibilidad ambiental. Por estas razones, ha sido seleccionado como caso de estudio principal a efectos de este ensayo metodol\u00f3gico. En este ejercicio de investigaci\u00f3n se plantea la gesti\u00f3n transdisciplinar de un patrimonio olvidado m\u00e1s all\u00e1 del mundo rural, con especial atenci\u00f3n a la interconectividad de sus componentes ambientales, urbanos y culturales. Este enfoque aboga por una nueva forma de caracterizar este patrimonio en el contexto de entornos urbanos complejos.<\/em><\/p>\n\n\n\n<p><em>Como conclusi\u00f3n del estudio, se eval\u00faa la consecuci\u00f3n de los objetivos, se extraen las aportaciones relativas a la bibliograf\u00eda, la metodolog\u00eda y la cartograf\u00eda, y se formulan seis argumentos finales sobre los m\u00e9todos de conocimiento, protecci\u00f3n, recuperaci\u00f3n y gesti\u00f3n futura de este patrimonio territorial.<\/em><\/p>\n\n\n\n<figure class=\"wp-block-image size-full\"><img decoding=\"async\" width=\"567\" height=\"804\" src=\"http:\/\/institucional.us.es\/textosdoctorado\/wp-content\/uploads\/2025\/11\/Lopez-Bravo_Tesis-Doctoral.png\" alt=\"\" class=\"wp-image-263\" srcset=\"http:\/\/institucional.us.es\/textosdoctorado\/wp-content\/uploads\/2025\/11\/Lopez-Bravo_Tesis-Doctoral.png 567w, http:\/\/institucional.us.es\/textosdoctorado\/wp-content\/uploads\/2025\/11\/Lopez-Bravo_Tesis-Doctoral-212x300.png 212w\" sizes=\"(max-width: 567px) 100vw, 567px\" \/><\/figure>\n\n\n\n<p><\/p>\n\n\n\n<p>Enlace al <a href=\"https:\/\/hdvirtual.us.es\/discovirt\/index.php\/s\/rTf3CEynezToPGb\">acta<\/a><\/p>\n\n\n\n<p>Sevilla, 10 de noviembre de 2025<\/p>\n\n\n\n<p><\/p>\n","protected":false},"excerpt":{"rendered":"<p>CONVOCATORIA PARA EL IX PREMIO IUACC A LA MEJOR TESIS DOCTORAL EN ARQUITECTURA Y CIENCIAS DE LA CONSTRUCCI\u00d3N LE\u00cdDA EN UNIVERSIDADES ESPA\u00d1OLAS En reuni\u00f3n virtual celebrada el lunes 10 de noviembre de 2025,&nbsp;a trav\u00e9s de la plataforma Teams de la<\/p>\n","protected":false},"author":1,"featured_media":0,"parent":105,"menu_order":96,"comment_status":"closed","ping_status":"closed","template":"","meta":{"footnotes":""},"class_list":["post-260","page","type-page","status-publish","hentry"],"_links":{"self":[{"href":"http:\/\/institucional.us.es\/textosdoctorado\/index.php?rest_route=\/wp\/v2\/pages\/260","targetHints":{"allow":["GET"]}}],"collection":[{"href":"http:\/\/institucional.us.es\/textosdoctorado\/index.php?rest_route=\/wp\/v2\/pages"}],"about":[{"href":"http:\/\/institucional.us.es\/textosdoctorado\/index.php?rest_route=\/wp\/v2\/types\/page"}],"author":[{"embeddable":true,"href":"http:\/\/institucional.us.es\/textosdoctorado\/index.php?rest_route=\/wp\/v2\/users\/1"}],"replies":[{"embeddable":true,"href":"http:\/\/institucional.us.es\/textosdoctorado\/index.php?rest_route=%2Fwp%2Fv2%2Fcomments&post=260"}],"version-history":[{"count":2,"href":"http:\/\/institucional.us.es\/textosdoctorado\/index.php?rest_route=\/wp\/v2\/pages\/260\/revisions"}],"predecessor-version":[{"id":266,"href":"http:\/\/institucional.us.es\/textosdoctorado\/index.php?rest_route=\/wp\/v2\/pages\/260\/revisions\/266"}],"up":[{"embeddable":true,"href":"http:\/\/institucional.us.es\/textosdoctorado\/index.php?rest_route=\/wp\/v2\/pages\/105"}],"wp:attachment":[{"href":"http:\/\/institucional.us.es\/textosdoctorado\/index.php?rest_route=%2Fwp%2Fv2%2Fmedia&parent=260"}],"curies":[{"name":"wp","href":"https:\/\/api.w.org\/{rel}","templated":true}]}}

Convocatoria 2025 &#8211; Resolución de la Convocatoria

<p><strong>CONVOCATORIA PARA EL IX PREMIO IUACC A LA MEJOR TESIS DOCTORAL EN ARQUITECTURA Y CIENCIAS DE LA CONSTRUCCIÓN LEÍDA EN UNIVERSIDADES ESPAÑOLAS</strong></p>



<figure class="wp-block-image alignfull"><img decoding="async" src="http://institucional.us.es/textosdoctorado/wp-content/uploads/2025/02/Premios-iuacc_baner-1024x341.jpg" alt=""/></figure>



<p>En reunión virtual celebrada el lunes 10 de noviembre de 2025,&nbsp;a través de la plataforma <em>Teams </em>de la Universidad de Sevilla, se reúne el jurado&nbsp;del IX Premio IUACC a la Mejor Tesis Doctoral en Arquitectura y Ciencias de la Construcción – Convocatoria 2025, formado por las siguientes personas expertas:</p>



<p>Dr. D. Esteban Fernández Cobián, Profesor Titular del Departamento de Construcciones y Estructuras Arquitectónicas, Civiles y Aeronáuticas de la Universidade da Coruña; Dra. Dª. Belinda López Mesa, Catedrática del Departamento de Arquitectura de la Universidad de Zaragoza; Dra. Dª. Carmen María Moreno Álvarez, Profesora Titular del Departamento de Expresión Gráfica Arquitectónica y en la Ingeniería de la Universidad de Granada; y Dr. D. Daniel Navas Carrillo, Profesor Titular del Departamento de Arte y Arquitectura de la Universidad de Málaga. Asisten, sin voz ni voto, los directores de la colección&nbsp;<em>Arquitectura_Textos de Doctorado,&nbsp;</em>la Dra. Dª. Pilar Mercader Moyano -Directora del Instituto Universitario de Arquitectura y Ciencias de la Construcción de la Universidad de Sevilla-, el Dr. D. Pablo Manuel Millán Millán y la Dra. Dª. Blanca del Espino Hidalgo, así como el Dr. D. Juan José Moyano Campos -Subdirector del Instituto Universitario de Arquitectura y Ciencias de la Construcción de la Universidad de Sevilla-.&nbsp;&nbsp;</p>



<p>El jurado&nbsp;valora, de nuevo, muy positivamente la extraordinaria calidad de las tesis doctorales finalistas, por lo que felicita a todas las personas candidatas, a sus directores de tesis, así como al Instituto Universitario de Arquitectura y Ciencias de la Construcción por la iniciativa.&nbsp;&nbsp;</p>



<p>Tras las propuestas realizadas por cada uno de los miembros y el debate posterior, el Jurado del IX Premio IUACC a la Mejor Tesis Doctoral en Arquitectura y Ciencias de la Construcción leída en universidades españolas ha fallado los siguientes reconocimientos:</p>



<p></p>



<p><strong>IX Premio IUACC a la Mejor Tesis Doctoral en Arquitectura y Ciencias de la Construcción a la tesis doctoral titulada “Paradigmas del vacío ocupado: Sevilla y el rito. Un relato cartográfico de la ciudad efímera”. Autor: Dr. D. Francisco Javier Navarro de Pablos.</strong><strong></strong></p>



<p>Resumen:</p>



<p><em>Esta investigación profundiza en la ocupación del espacio público de Sevilla mediante los ritos, fiestas y acontecimientos extraordinarios sucedidos desde el siglo XIII, abarcando ocho siglos de historia urbana. El despliegue escénico de estos eventos se materializa en procesiones, motines, altares efímeros, recibimientos reales, autos de fe o ferias que dependen formal y funcionalmente de la envolvente en la que se desarrollan. Entendidos como proyectos de arquitectura y urbanismo, la superposición del vacío que ocupan desvela un espacio público inédito en el ámbito mediterráneo regido por el «tiempo extraordinario» y un intenso valor de pertenencia. Este acercamiento gráfico a los eventos populares y oficiales permite entender la evolución social de Sevilla, desde las lógicas religiosas de la Edad Media hasta la apertura democrática del siglo XXI, demostrando la vigencia y resistencia del espacio físico frente al creciente espacio virtual.</em></p>



<p><em>A pesar de su origen mayoritariamente tradicional, los ritos y fiestas cartografiadas inspiran a figuras fundamentales de la cultura del siglo XX como John Cage, Aldo Rossi o Constant Nieuwenhuys. La atemporalidad y universalidad de las celebraciones define una suerte de «paradigma del vacío ocupado» en el que el espacio público se transforma siguiendo unas estrategias arquitectónicas, corporales y sociales invariables que unen, en un proyecto abierto y vivo, los ritos populares con las vanguardias contemporáneas. La profusión de estudios en torno al escenario barroco hispalense y sus tradiciones contrasta con un vacío en el abordaje de la relación indisociable entre forma urbana y dinámicas sociales. Mediante la traducción cartográfica de las crónicas históricas, esta tesis complementa la literatura existente dibujando cada procesión, ocupación o transición como parte de un continuum, recogiendo 490 planimetrías inéditas en la primera colección integral del espacio público sevillano.</em></p>



<figure class="wp-block-image aligncenter size-full is-resized"><img fetchpriority="high" decoding="async" width="567" height="747" src="http://institucional.us.es/textosdoctorado/wp-content/uploads/2025/11/Navarro-de-Pablos_Tesis-Doctoral.png" alt="" class="wp-image-262" style="width:566px;height:auto" srcset="http://institucional.us.es/textosdoctorado/wp-content/uploads/2025/11/Navarro-de-Pablos_Tesis-Doctoral.png 567w, http://institucional.us.es/textosdoctorado/wp-content/uploads/2025/11/Navarro-de-Pablos_Tesis-Doctoral-228x300.png 228w" sizes="(max-width: 567px) 100vw, 567px" /></figure>



<p></p>



<p><strong>Accésit a la tesis doctoral titulada “El agua trazada. Las infraestructuras hidráulicas en la construcción histórica del paisaje metropolitano. Estudio metodológico para su caracterización patrimonial”. Autora: Dra. Dña. Celia López Bravo.</strong><strong></strong></p>



<p>Resumen</p>



<p><em>Esta tesis doctoral responde a la necesidad de actualizar las metodologías de estudio del patrimonio urbano, dado que la escala y el reconocimiento del paisaje en los últimos veinte años han trascendido la designación de determinados conjuntos históricos. Su objetivo principal es idear una metodología para la caracterización integral de bienes complejos con valores ambientales y culturales, situados en contextos metropolitanos.</em></p>



<p><em>Para alcanzar este objetivo, se emplean como caso de estudio las infraestructuras hidráulicas históricas. Estos bienes suelen considerarse monumentos y valorarse únicamente por sus características materiales. En consecuencia, a menudo se obvian sus implicaciones territoriales a escala metropolitana.</em></p>



<p><em>La investigación consta de dos grandes bloques con distintos enfoques metodológicos.</em></p>



<p><em>El primero, titulado «Tiempo», establece un marco teórico relativo a la historia, la valoración y la protección patrimonial de las infraestructuras de abastecimiento de agua en entornos urbanos. Para ello se examinan multitud de estudios de caso situados en ciudades españolas, portuguesas e italianas. El texto guía al lector por un recorrido cronológico e inductivo a través de los capítulos «Pasado», «Presente» y «Futuro». Comienza reconociendo la importancia de los sistemas históricos, antes de examinar las implicaciones urbanas de los sistemas actuales y, por último, proponer una visión para su futuro desarrollo territorial. El bloque concluye con cinco ideas clave. Estas argumentan para estos patrimonios una evolución histórica discontinua, una implicación determinante en la forma urbana y el ecosistema, un proceso progresivo de valoración y la necesidad de ser protegidos y gestionados desde una perspectiva macro-territorial.</em></p>



<p><em>El segundo, llamado «Método», aborda el diseño de una guía para el reconocimiento y caracterización de este tipo de bienes. Partiendo de las ideas clave mencionadas y combinándolas con los principales protocolos existentes para la caracterización de paisajes, se genera una nueva aproximación híbrida e inter-escalar. A continuación, este procedimiento se ensaya en la caracterización de un caso de estudio concreto: los paisajes del abastecimiento histórico del Territorio Metropolitano de Málaga. El territorio de Málaga se caracteriza por un considerable grado de riqueza arquitectónica, infraestructural y ambiental. Sin embargo, los paisajes de la región han sufrido importantes modificaciones, dando lugar a algunos de los visual y paisajísticamente alterados de Andalucía. Se ha perdido gran parte de su arquitectura vernácula y se han ignorado y olvidado paisajes fundamentales para su sostenibilidad ambiental. Por estas razones, ha sido seleccionado como caso de estudio principal a efectos de este ensayo metodológico. En este ejercicio de investigación se plantea la gestión transdisciplinar de un patrimonio olvidado más allá del mundo rural, con especial atención a la interconectividad de sus componentes ambientales, urbanos y culturales. Este enfoque aboga por una nueva forma de caracterizar este patrimonio en el contexto de entornos urbanos complejos.</em></p>



<p><em>Como conclusión del estudio, se evalúa la consecución de los objetivos, se extraen las aportaciones relativas a la bibliografía, la metodología y la cartografía, y se formulan seis argumentos finales sobre los métodos de conocimiento, protección, recuperación y gestión futura de este patrimonio territorial.</em></p>



<figure class="wp-block-image size-full"><img decoding="async" width="567" height="804" src="http://institucional.us.es/textosdoctorado/wp-content/uploads/2025/11/Lopez-Bravo_Tesis-Doctoral.png" alt="" class="wp-image-263" srcset="http://institucional.us.es/textosdoctorado/wp-content/uploads/2025/11/Lopez-Bravo_Tesis-Doctoral.png 567w, http://institucional.us.es/textosdoctorado/wp-content/uploads/2025/11/Lopez-Bravo_Tesis-Doctoral-212x300.png 212w" sizes="(max-width: 567px) 100vw, 567px" /></figure>



<p></p>



<p>Enlace al <a href="https://hdvirtual.us.es/discovirt/index.php/s/rTf3CEynezToPGb">acta</a></p>



<p>Sevilla, 10 de noviembre de 2025</p>



<p></p>

<p>CONVOCATORIA PARA EL IX PREMIO IUACC A LA MEJOR TESIS DOCTORAL EN ARQUITECTURA Y CIENCIAS DE LA CONSTRUCCIÓN LEÍDA EN UNIVERSIDADES ESPAÑOLAS En reunión virtual celebrada el lunes 10 de noviembre de 2025,&nbsp;a través de la plataforma Teams de la</p>
